{"id":6219,"date":"2023-01-16T16:21:31","date_gmt":"2023-01-16T15:21:31","guid":{"rendered":"https:\/\/aldaia.eu\/adl-y-comercio\/listado-de-faq\/"},"modified":"2024-09-10T16:03:14","modified_gmt":"2024-09-10T14:03:14","slug":"listado-de-faq","status":"publish","type":"page","link":"https:\/\/aldaia.es\/es\/adl-y-comercio\/listado-de-faq\/","title":{"rendered":"Listado de FAQ"},"content":{"rendered":"\n<div class=\"wp-block-columns dep-adl is-layout-flex wp-container-core-columns-is-layout-9d6595d7 wp-block-columns-is-layout-flex\">\n<div class=\"wp-block-column is-layout-flow wp-block-column-is-layout-flow\">\n<h1 class=\"wp-block-heading\">ADL &#8211; Listado de FAQs<\/h1>\n\n\n\n<h3 class=\"wp-block-heading\">1 &#8211; \u00bfLa Agencia de Desarrollo Local (ADL) es de Labora?<\/h3>\n\n\n\n<p>No, la Agencia de Desarrollo Local es un departamento del Ayuntamiento de Aldaia con cometidos en materia de Formaci\u00f3n y Empleo.<\/p>\n\n\n\n<h3 class=\"wp-block-heading\">2 &#8211; \u00bfD\u00f3nde est\u00e1 la agencia de desarrollo local (ADL)?<\/h3>\n\n\n\n<p>La Agencia de Desarrollo Local est\u00e1 en la calle Ricardo Fuster i Fuster, s\/n. 46960 Aldaia (dentro del Labora-Formaci\u00f3n de Aldaia. Frente a la Piscina Cubierta). 96 198 88 15 \/ adl@aldaia-ajuntament.es<\/p>\n\n\n\n<h3 class=\"wp-block-heading\">3 &#8211; Estoy desempleado\/ay desorientado\/a, he dejado curr\u00edculums y no me llaman, \u00bfpueden orientarme desde el ADL?<\/h3>\n\n\n\n<p>S\u00ed, desde el Servicio de Orientaci\u00f3n Laboral del ADL se le atender\u00e1 y asesorar\u00e1 en materia de inserci\u00f3n laboral.<\/p>\n\n\n\n<h3 class=\"wp-block-heading\">4 &#8211; \u00bfPuedo realizar el tr\u00e1mite de darme de alta en el Registro de Actividades Comerciales (RAC) necesario para la apertura de un establecimiento comercial en el ADL?<\/h3>\n\n\n\n<p>S\u00ed, desde el ADL se realiza este tr\u00e1mite con cita previa.<\/p>\n\n\n\n<h3 class=\"wp-block-heading\">5 &#8211; \u00bfSi me quedo desempleado\/a puedo inscribirme en Labora a trav\u00e9s del ADL?<\/h3>\n\n\n\n<p>No, las inscripciones deben hacerse siempre en la Oficina de Empleo (Labora-Empleo de Alaqu\u00e0s, plaza Constituci\u00f3, n\u00fam. 3 (junto al Castillo de Alaqu\u00e0s).<\/p>\n\n\n\n<h3 class=\"wp-block-heading\">6 &#8211; Soy empresaria\/oy necesito cubrir un puesto de trabajo en mi empresa, \u00bfpuedo registrar una oferta en el ADL para que me env\u00eden candidatos\/as?<\/h3>\n\n\n\n<p>S\u00ed, se pueden registrar ofertas de empleo en el ADL de Aldaia para que se env\u00eden candidatos\/as a la empresa.<\/p>\n\n\n\n<h3 class=\"wp-block-heading\">7 &#8211; Tengo la idea de montar un negocio pero desconozco los tr\u00e1mites que debo realizar, \u00bfpueden asesorarme desde el ADL?<\/h3>\n\n\n\n<p>S\u00ed, desde el Servicio de Promoci\u00f3n Econ\u00f3mica del ADL se asesora en materia de creaci\u00f3n de empresas.<\/p>\n\n\n\n<h3 class=\"wp-block-heading\">8 &#8211; Quiero realizar cursos de formaci\u00f3n, desde el ADL pueden asesorarme de las especialidades que hay, donde se hacen, n\u00fam. de horas, si son pagados o no\u2026?<\/h3>\n\n\n\n<p>Si. <a href=\"https:\/\/aldaia.es\/es\/adl-y-comercio\/formacion\/\">M\u00e1s informaci\u00f3n en la p\u00e1gina de formaci\u00f3n de ADL<\/a>. <\/p>\n<\/div>\n<\/div>\n","protected":false},"excerpt":{"rendered":"<p>ADL &#8211; Listado de FAQs 1 &#8211; \u00bfLa Agencia de Desarrollo Local (ADL) es de Labora? No, la Agencia de Desarrollo Local es un departamento del Ayuntamiento de Aldaia con <a class=\"text-decoration-none text-black\" href=\"https:\/\/aldaia.es\/es\/adl-y-comercio\/listado-de-faq\/\"> &#8230; <\/a><\/p>\n","protected":false},"author":2,"featured_media":0,"parent":6207,"menu_order":0,"comment_status":"closed","ping_status":"closed","template":"basic-page-departamentos.php","meta":{"_acf_changed":false,"footnotes":""},"class_list":["post-6219","page","type-page","status-publish","hentry"],"acf":[],"yoast_head":"<!-- This site is optimized with the Yoast SEO plugin v27.0 - https:\/\/yoast.com\/product\/yoast-seo-wordpress\/ -->\n<title>Listado de FAQ - Ayuntamiento de Aldaia<\/title>\n<meta name=\"robots\" content=\"index, follow, max-snippet:-1, max-image-preview:large, max-video-preview:-1\" \/>\n<link rel=\"canonical\" href=\"https:\/\/aldaia.es\/es\/adl-y-comercio\/listado-de-faq\/\" \/>\n<meta property=\"og:locale\" content=\"es_ES\" \/>\n<meta property=\"og:type\" content=\"article\" \/>\n<meta property=\"og:title\" content=\"Listado de FAQ - Ayuntamiento de Aldaia\" \/>\n<meta property=\"og:description\" content=\"ADL &#8211; Listado de FAQs 1 &#8211; \u00bfLa Agencia de Desarrollo Local (ADL) es de Labora? No, la Agencia de Desarrollo Local es un departamento del Ayuntamiento de Aldaia con ...\" \/>\n<meta property=\"og:url\" content=\"https:\/\/aldaia.es\/es\/adl-y-comercio\/listado-de-faq\/\" \/>\n<meta property=\"og:site_name\" content=\"Ayuntamiento de Aldaia\" \/>\n<meta property=\"article:modified_time\" content=\"2024-09-10T14:03:14+00:00\" \/>\n<script type=\"application\/ld+json\" class=\"yoast-schema-graph\">{\"@context\":\"https:\/\/schema.org\",\"@graph\":[{\"@type\":\"WebPage\",\"@id\":\"https:\/\/aldaia.es\/es\/adl-y-comercio\/listado-de-faq\/\",\"url\":\"https:\/\/aldaia.es\/es\/adl-y-comercio\/listado-de-faq\/\",\"name\":\"Listado de FAQ - Ayuntamiento de Aldaia\",\"isPartOf\":{\"@id\":\"https:\/\/aldaia.es\/es\/#website\"},\"datePublished\":\"2023-01-16T15:21:31+00:00\",\"dateModified\":\"2024-09-10T14:03:14+00:00\",\"breadcrumb\":{\"@id\":\"https:\/\/aldaia.es\/es\/adl-y-comercio\/listado-de-faq\/#breadcrumb\"},\"inLanguage\":\"es\",\"potentialAction\":[{\"@type\":\"ReadAction\",\"target\":[\"https:\/\/aldaia.es\/es\/adl-y-comercio\/listado-de-faq\/\"]}]},{\"@type\":\"BreadcrumbList\",\"@id\":\"https:\/\/aldaia.es\/es\/adl-y-comercio\/listado-de-faq\/#breadcrumb\",\"itemListElement\":[{\"@type\":\"ListItem\",\"position\":1,\"name\":\"Portada\",\"item\":\"https:\/\/aldaia.es\/es\/\"},{\"@type\":\"ListItem\",\"position\":2,\"name\":\"ADL y Comercio\",\"item\":\"https:\/\/aldaia.es\/es\/adl-y-comercio\/\"},{\"@type\":\"ListItem\",\"position\":3,\"name\":\"Listado de FAQ\"}]},{\"@type\":\"WebSite\",\"@id\":\"https:\/\/aldaia.es\/es\/#website\",\"url\":\"https:\/\/aldaia.es\/es\/\",\"name\":\"Ajuntament D'Aldaia\",\"description\":\"\",\"publisher\":{\"@id\":\"https:\/\/aldaia.es\/es\/#organization\"},\"alternateName\":\"Ajuntament D'Aldaia\",\"potentialAction\":[{\"@type\":\"SearchAction\",\"target\":{\"@type\":\"EntryPoint\",\"urlTemplate\":\"https:\/\/aldaia.es\/es\/?s={search_term_string}\"},\"query-input\":{\"@type\":\"PropertyValueSpecification\",\"valueRequired\":true,\"valueName\":\"search_term_string\"}}],\"inLanguage\":\"es\"},{\"@type\":\"Organization\",\"@id\":\"https:\/\/aldaia.es\/es\/#organization\",\"name\":\"Ajuntament D'Aldaia\",\"url\":\"https:\/\/aldaia.es\/es\/\",\"logo\":{\"@type\":\"ImageObject\",\"inLanguage\":\"es\",\"@id\":\"https:\/\/aldaia.es\/es\/#\/schema\/logo\/image\/\",\"url\":\"https:\/\/aldaia.es\/wp-content\/uploads\/2022\/06\/aldaia-negro-1.png\",\"contentUrl\":\"https:\/\/aldaia.es\/wp-content\/uploads\/2022\/06\/aldaia-negro-1.png\",\"width\":152,\"height\":70,\"caption\":\"Ajuntament D'Aldaia\"},\"image\":{\"@id\":\"https:\/\/aldaia.es\/es\/#\/schema\/logo\/image\/\"}}]}<\/script>\n<!-- \/ Yoast SEO plugin. -->","yoast_head_json":{"title":"Listado de FAQ - Ayuntamiento de Aldaia","robots":{"index":"index","follow":"follow","max-snippet":"max-snippet:-1","max-image-preview":"max-image-preview:large","max-video-preview":"max-video-preview:-1"},"canonical":"https:\/\/aldaia.es\/es\/adl-y-comercio\/listado-de-faq\/","og_locale":"es_ES","og_type":"article","og_title":"Listado de FAQ - Ayuntamiento de Aldaia","og_description":"ADL &#8211; Listado de FAQs 1 &#8211; \u00bfLa Agencia de Desarrollo Local (ADL) es de Labora? No, la Agencia de Desarrollo Local es un departamento del Ayuntamiento de Aldaia con ...","og_url":"https:\/\/aldaia.es\/es\/adl-y-comercio\/listado-de-faq\/","og_site_name":"Ayuntamiento de Aldaia","article_modified_time":"2024-09-10T14:03:14+00:00","schema":{"@context":"https:\/\/schema.org","@graph":[{"@type":"WebPage","@id":"https:\/\/aldaia.es\/es\/adl-y-comercio\/listado-de-faq\/","url":"https:\/\/aldaia.es\/es\/adl-y-comercio\/listado-de-faq\/","name":"Listado de FAQ - Ayuntamiento de Aldaia","isPartOf":{"@id":"https:\/\/aldaia.es\/es\/#website"},"datePublished":"2023-01-16T15:21:31+00:00","dateModified":"2024-09-10T14:03:14+00:00","breadcrumb":{"@id":"https:\/\/aldaia.es\/es\/adl-y-comercio\/listado-de-faq\/#breadcrumb"},"inLanguage":"es","potentialAction":[{"@type":"ReadAction","target":["https:\/\/aldaia.es\/es\/adl-y-comercio\/listado-de-faq\/"]}]},{"@type":"BreadcrumbList","@id":"https:\/\/aldaia.es\/es\/adl-y-comercio\/listado-de-faq\/#breadcrumb","itemListElement":[{"@type":"ListItem","position":1,"name":"Portada","item":"https:\/\/aldaia.es\/es\/"},{"@type":"ListItem","position":2,"name":"ADL y Comercio","item":"https:\/\/aldaia.es\/es\/adl-y-comercio\/"},{"@type":"ListItem","position":3,"name":"Listado de FAQ"}]},{"@type":"WebSite","@id":"https:\/\/aldaia.es\/es\/#website","url":"https:\/\/aldaia.es\/es\/","name":"Ajuntament D'Aldaia","description":"","publisher":{"@id":"https:\/\/aldaia.es\/es\/#organization"},"alternateName":"Ajuntament D'Aldaia","potentialAction":[{"@type":"SearchAction","target":{"@type":"EntryPoint","urlTemplate":"https:\/\/aldaia.es\/es\/?s={search_term_string}"},"query-input":{"@type":"PropertyValueSpecification","valueRequired":true,"valueName":"search_term_string"}}],"inLanguage":"es"},{"@type":"Organization","@id":"https:\/\/aldaia.es\/es\/#organization","name":"Ajuntament D'Aldaia","url":"https:\/\/aldaia.es\/es\/","logo":{"@type":"ImageObject","inLanguage":"es","@id":"https:\/\/aldaia.es\/es\/#\/schema\/logo\/image\/","url":"https:\/\/aldaia.es\/wp-content\/uploads\/2022\/06\/aldaia-negro-1.png","contentUrl":"https:\/\/aldaia.es\/wp-content\/uploads\/2022\/06\/aldaia-negro-1.png","width":152,"height":70,"caption":"Ajuntament D'Aldaia"},"image":{"@id":"https:\/\/aldaia.es\/es\/#\/schema\/logo\/image\/"}}]}},"_links":{"self":[{"href":"https:\/\/aldaia.es\/es\/wp-json\/wp\/v2\/pages\/6219","targetHints":{"allow":["GET"]}}],"collection":[{"href":"https:\/\/aldaia.es\/es\/wp-json\/wp\/v2\/pages"}],"about":[{"href":"https:\/\/aldaia.es\/es\/wp-json\/wp\/v2\/types\/page"}],"author":[{"embeddable":true,"href":"https:\/\/aldaia.es\/es\/wp-json\/wp\/v2\/users\/2"}],"replies":[{"embeddable":true,"href":"https:\/\/aldaia.es\/es\/wp-json\/wp\/v2\/comments?post=6219"}],"version-history":[{"count":5,"href":"https:\/\/aldaia.es\/es\/wp-json\/wp\/v2\/pages\/6219\/revisions"}],"predecessor-version":[{"id":31206,"href":"https:\/\/aldaia.es\/es\/wp-json\/wp\/v2\/pages\/6219\/revisions\/31206"}],"up":[{"embeddable":true,"href":"https:\/\/aldaia.es\/es\/wp-json\/wp\/v2\/pages\/6207"}],"wp:attachment":[{"href":"https:\/\/aldaia.es\/es\/wp-json\/wp\/v2\/media?parent=6219"}],"curies":[{"name":"wp","href":"https:\/\/api.w.org\/{rel}","templated":true}]}}

<div class="wp-block-columns dep-adl is-layout-flex wp-container-core-columns-is-layout-9d6595d7 wp-block-columns-is-layout-flex">
<div class="wp-block-column is-layout-flow wp-block-column-is-layout-flow">
<h1 class="wp-block-heading">ADL &#8211; Listado de FAQs</h1>



<h3 class="wp-block-heading">1 &#8211; ¿La Agencia de Desarrollo Local (ADL) es de Labora?</h3>



<p>No, la Agencia de Desarrollo Local es un departamento del Ayuntamiento de Aldaia con cometidos en materia de Formación y Empleo.</p>



<h3 class="wp-block-heading">2 &#8211; ¿Dónde está la agencia de desarrollo local (ADL)?</h3>



<p>La Agencia de Desarrollo Local está en la calle Ricardo Fuster i Fuster, s/n. 46960 Aldaia (dentro del Labora-Formación de Aldaia. Frente a la Piscina Cubierta). 96 198 88 15 / adl@aldaia-ajuntament.es</p>



<h3 class="wp-block-heading">3 &#8211; Estoy desempleado/ay desorientado/a, he dejado currículums y no me llaman, ¿pueden orientarme desde el ADL?</h3>



<p>Sí, desde el Servicio de Orientación Laboral del ADL se le atenderá y asesorará en materia de inserción laboral.</p>



<h3 class="wp-block-heading">4 &#8211; ¿Puedo realizar el trámite de darme de alta en el Registro de Actividades Comerciales (RAC) necesario para la apertura de un establecimiento comercial en el ADL?</h3>



<p>Sí, desde el ADL se realiza este trámite con cita previa.</p>



<h3 class="wp-block-heading">5 &#8211; ¿Si me quedo desempleado/a puedo inscribirme en Labora a través del ADL?</h3>



<p>No, las inscripciones deben hacerse siempre en la Oficina de Empleo (Labora-Empleo de Alaquàs, plaza Constitució, núm. 3 (junto al Castillo de Alaquàs).</p>



<h3 class="wp-block-heading">6 &#8211; Soy empresaria/oy necesito cubrir un puesto de trabajo en mi empresa, ¿puedo registrar una oferta en el ADL para que me envíen candidatos/as?</h3>



<p>Sí, se pueden registrar ofertas de empleo en el ADL de Aldaia para que se envíen candidatos/as a la empresa.</p>



<h3 class="wp-block-heading">7 &#8211; Tengo la idea de montar un negocio pero desconozco los trámites que debo realizar, ¿pueden asesorarme desde el ADL?</h3>



<p>Sí, desde el Servicio de Promoción Económica del ADL se asesora en materia de creación de empresas.</p>



<h3 class="wp-block-heading">8 &#8211; Quiero realizar cursos de formación, desde el ADL pueden asesorarme de las especialidades que hay, donde se hacen, núm. de horas, si son pagados o no…?</h3>



<p>Si. <a href="https://aldaia.es/es/adl-y-comercio/formacion/">Más información en la página de formación de ADL</a>. </p>
</div>
</div>
