{"id":6339,"date":"2023-01-19T11:19:17","date_gmt":"2023-01-19T10:19:17","guid":{"rendered":"https:\/\/aldaia.eu\/atencion-a-las-personas\/servicios-sociales\/atencion-social-en-contexto-comunitario\/"},"modified":"2025-04-24T14:10:37","modified_gmt":"2025-04-24T12:10:37","slug":"atencion-social-en-contexto-comunitario","status":"publish","type":"page","link":"https:\/\/aldaia.es\/es\/servicios-sociales-e-igualdad\/servicios-sociales\/atencion-social-en-contexto-comunitario\/","title":{"rendered":"Atenci\u00f3n Social en Contexto Comunitario"},"content":{"rendered":"\n<div class=\"wp-block-columns dep-servicios is-layout-flex wp-container-core-columns-is-layout-9d6595d7 wp-block-columns-is-layout-flex\">\n<div class=\"wp-block-column is-layout-flow wp-block-column-is-layout-flow\" style=\"flex-basis:30%\"><!--  Info Servicios sociales -->\n\n \n    <div class='wrapper-departamentos bloque-infos-servicios-sociales'>\n        <p class=\"tit-bloque-infos\">Centro Coladors<\/p>\n        <div class='infos-departamento'>          \n            <p>Calle Coladors, 16<br>46960 Aldaia Valencia<\/p>\n            <p><i class=\"fa fa-phone\" aria-hidden=\"true\"><\/i> 961 988 811<\/p>\n            <p><i class=\"fa fa-phone\" aria-hidden=\"true\"><\/i> <a href=\"tel:+34961988811\">+34 961 988 811<\/a><\/p>\n            <p><i class=\"fas fa-envelope\"><\/i> <a href=\"mailto:serveissocials@ajuntamentaldaia.org \">serveissocials@ajuntamentaldaia.org <\/a><\/p>    \n            <p><strong>Horario:<\/strong><\/p>\n            <p>Lunes a viernes: de 9 a 14 horas. Lujes y jueves: de 16 a 18 horas.<\/p>      \n        <\/div>\n\n        <div class='mapa-1'>\n        <iframe src='https:\/\/www.google.com\/maps\/embed?pb=!1m18!1m12!1m3!1d6160.662930491161!2d-0.46871588132768194!3d39.46183988596237!2m3!1f0!2f0!3f0!3m2!1i1024!2i768!4f13.1!3m3!1m2!1s0xd6051dedd0ce773%3A0xd627ceb0166ca3d2!2sCentre%20Serveis%20Socials%20Coladors%20Aldaia!5e0!3m2!1ses!2sus!4v1716371829108!5m2!1ses!2sus' width='100%' height='300' style='border:0;' allowfullscreen='' loading='lazy' referrerpolicy='no-referrer-when-downgrade'><\/iframe>\n        <\/div>\n\n    <\/div>\n   <!-- end bloque infos -->\n\n    \n\n\n<\/div>\n\n\n\n<div class=\"wp-block-column is-layout-flow wp-block-column-is-layout-flow\" style=\"flex-basis:70%\">\n<h1 class=\"wp-block-heading\">Atenci\u00f3n Social en Contexto Comunitario<\/h1>\n\n\n\n<p>La intervenci\u00f3n que se realiza en los centros de servicios sociales no ser\u00eda eficaz, sin un trabajo conjunto en el que todas las personas tenemos un papel imprescindible.<\/p>\n\n\n\n<p>Para ello, se realiza una labor importante, por una parte, de coordinaci\u00f3n con otras administraciones y \u00e1reas, como son educaci\u00f3n, vivienda, ocupaci\u00f3n y sanidad y, por otra parte, con las asociaciones, voluntariado y vecindario, de forma que se logra la mejora de los barrios y de las personas que viven en ellos.<\/p>\n\n\n\n<p>Cualquier persona que desee participar activamente en la mejora de su barrio o dedicarle tiempo al acompa\u00f1amiento de otras personas.<\/p>\n\n\n\n<p><strong>Hay diferentes formas de participaci\u00f3n:<\/strong><\/p>\n\n\n\n<ul class=\"wp-block-list\">\n<li>A trav\u00e9s de su Centro de Servicios Sociales Municipales.<\/li>\n\n\n\n<li>Directamente acudiendo a las distintas asociaciones del pueblo.<\/li>\n<\/ul>\n<\/div>\n<\/div>\n","protected":false},"excerpt":{"rendered":"<p>Atenci\u00f3n Social en Contexto Comunitario La intervenci\u00f3n que se realiza en los centros de servicios sociales no ser\u00eda eficaz, sin un trabajo conjunto en el que todas las personas tenemos <a class=\"text-decoration-none text-black\" href=\"https:\/\/aldaia.es\/es\/servicios-sociales-e-igualdad\/servicios-sociales\/atencion-social-en-contexto-comunitario\/\"> &#8230; <\/a><\/p>\n","protected":false},"author":42,"featured_media":0,"parent":27901,"menu_order":0,"comment_status":"closed","ping_status":"closed","template":"basic-page-departamentos.php","meta":{"_acf_changed":false,"footnotes":""},"class_list":["post-6339","page","type-page","status-publish","hentry"],"acf":[],"yoast_head":"<!-- This site is optimized with the Yoast SEO plugin v27.0 - https:\/\/yoast.com\/product\/yoast-seo-wordpress\/ -->\n<title>Atenci\u00f3n Social en Contexto Comunitario - Ayuntamiento de Aldaia<\/title>\n<meta name=\"robots\" content=\"index, follow, max-snippet:-1, max-image-preview:large, max-video-preview:-1\" \/>\n<link rel=\"canonical\" href=\"https:\/\/aldaia.es\/es\/servicios-sociales-e-igualdad\/servicios-sociales\/atencion-social-en-contexto-comunitario\/\" \/>\n<meta property=\"og:locale\" content=\"es_ES\" \/>\n<meta property=\"og:type\" content=\"article\" \/>\n<meta property=\"og:title\" content=\"Atenci\u00f3n Social en Contexto Comunitario - Ayuntamiento de Aldaia\" \/>\n<meta property=\"og:description\" content=\"Atenci\u00f3n Social en Contexto Comunitario La intervenci\u00f3n que se realiza en los centros de servicios sociales no ser\u00eda eficaz, sin un trabajo conjunto en el que todas las personas tenemos ...\" \/>\n<meta property=\"og:url\" content=\"https:\/\/aldaia.es\/es\/servicios-sociales-e-igualdad\/servicios-sociales\/atencion-social-en-contexto-comunitario\/\" \/>\n<meta property=\"og:site_name\" content=\"Ayuntamiento de Aldaia\" \/>\n<meta property=\"article:modified_time\" content=\"2025-04-24T12:10:37+00:00\" \/>\n<script type=\"application\/ld+json\" class=\"yoast-schema-graph\">{\"@context\":\"https:\/\/schema.org\",\"@graph\":[{\"@type\":\"WebPage\",\"@id\":\"https:\/\/aldaia.es\/es\/servicios-sociales-e-igualdad\/servicios-sociales\/atencion-social-en-contexto-comunitario\/\",\"url\":\"https:\/\/aldaia.es\/es\/servicios-sociales-e-igualdad\/servicios-sociales\/atencion-social-en-contexto-comunitario\/\",\"name\":\"Atenci\u00f3n Social en Contexto Comunitario - Ayuntamiento de Aldaia\",\"isPartOf\":{\"@id\":\"https:\/\/aldaia.es\/es\/#website\"},\"datePublished\":\"2023-01-19T10:19:17+00:00\",\"dateModified\":\"2025-04-24T12:10:37+00:00\",\"breadcrumb\":{\"@id\":\"https:\/\/aldaia.es\/es\/servicios-sociales-e-igualdad\/servicios-sociales\/atencion-social-en-contexto-comunitario\/#breadcrumb\"},\"inLanguage\":\"es\",\"potentialAction\":[{\"@type\":\"ReadAction\",\"target\":[\"https:\/\/aldaia.es\/es\/servicios-sociales-e-igualdad\/servicios-sociales\/atencion-social-en-contexto-comunitario\/\"]}]},{\"@type\":\"BreadcrumbList\",\"@id\":\"https:\/\/aldaia.es\/es\/servicios-sociales-e-igualdad\/servicios-sociales\/atencion-social-en-contexto-comunitario\/#breadcrumb\",\"itemListElement\":[{\"@type\":\"ListItem\",\"position\":1,\"name\":\"Portada\",\"item\":\"https:\/\/aldaia.es\/es\/\"},{\"@type\":\"ListItem\",\"position\":2,\"name\":\"Servicios Sociales e Igualdad\",\"item\":\"https:\/\/aldaia.es\/es\/servicios-sociales-e-igualdad\/\"},{\"@type\":\"ListItem\",\"position\":3,\"name\":\"Servicios sociales\",\"item\":\"https:\/\/aldaia.es\/es\/servicios-sociales-e-igualdad\/servicios-sociales\/\"},{\"@type\":\"ListItem\",\"position\":4,\"name\":\"Atenci\u00f3n Social en Contexto Comunitario\"}]},{\"@type\":\"WebSite\",\"@id\":\"https:\/\/aldaia.es\/es\/#website\",\"url\":\"https:\/\/aldaia.es\/es\/\",\"name\":\"Ajuntament D'Aldaia\",\"description\":\"\",\"publisher\":{\"@id\":\"https:\/\/aldaia.es\/es\/#organization\"},\"alternateName\":\"Ajuntament D'Aldaia\",\"potentialAction\":[{\"@type\":\"SearchAction\",\"target\":{\"@type\":\"EntryPoint\",\"urlTemplate\":\"https:\/\/aldaia.es\/es\/?s={search_term_string}\"},\"query-input\":{\"@type\":\"PropertyValueSpecification\",\"valueRequired\":true,\"valueName\":\"search_term_string\"}}],\"inLanguage\":\"es\"},{\"@type\":\"Organization\",\"@id\":\"https:\/\/aldaia.es\/es\/#organization\",\"name\":\"Ajuntament D'Aldaia\",\"url\":\"https:\/\/aldaia.es\/es\/\",\"logo\":{\"@type\":\"ImageObject\",\"inLanguage\":\"es\",\"@id\":\"https:\/\/aldaia.es\/es\/#\/schema\/logo\/image\/\",\"url\":\"https:\/\/aldaia.es\/wp-content\/uploads\/2022\/06\/aldaia-negro-1.png\",\"contentUrl\":\"https:\/\/aldaia.es\/wp-content\/uploads\/2022\/06\/aldaia-negro-1.png\",\"width\":152,\"height\":70,\"caption\":\"Ajuntament D'Aldaia\"},\"image\":{\"@id\":\"https:\/\/aldaia.es\/es\/#\/schema\/logo\/image\/\"}}]}<\/script>\n<!-- \/ Yoast SEO plugin. -->","yoast_head_json":{"title":"Atenci\u00f3n Social en Contexto Comunitario - Ayuntamiento de Aldaia","robots":{"index":"index","follow":"follow","max-snippet":"max-snippet:-1","max-image-preview":"max-image-preview:large","max-video-preview":"max-video-preview:-1"},"canonical":"https:\/\/aldaia.es\/es\/servicios-sociales-e-igualdad\/servicios-sociales\/atencion-social-en-contexto-comunitario\/","og_locale":"es_ES","og_type":"article","og_title":"Atenci\u00f3n Social en Contexto Comunitario - Ayuntamiento de Aldaia","og_description":"Atenci\u00f3n Social en Contexto Comunitario La intervenci\u00f3n que se realiza en los centros de servicios sociales no ser\u00eda eficaz, sin un trabajo conjunto en el que todas las personas tenemos ...","og_url":"https:\/\/aldaia.es\/es\/servicios-sociales-e-igualdad\/servicios-sociales\/atencion-social-en-contexto-comunitario\/","og_site_name":"Ayuntamiento de Aldaia","article_modified_time":"2025-04-24T12:10:37+00:00","schema":{"@context":"https:\/\/schema.org","@graph":[{"@type":"WebPage","@id":"https:\/\/aldaia.es\/es\/servicios-sociales-e-igualdad\/servicios-sociales\/atencion-social-en-contexto-comunitario\/","url":"https:\/\/aldaia.es\/es\/servicios-sociales-e-igualdad\/servicios-sociales\/atencion-social-en-contexto-comunitario\/","name":"Atenci\u00f3n Social en Contexto Comunitario - Ayuntamiento de Aldaia","isPartOf":{"@id":"https:\/\/aldaia.es\/es\/#website"},"datePublished":"2023-01-19T10:19:17+00:00","dateModified":"2025-04-24T12:10:37+00:00","breadcrumb":{"@id":"https:\/\/aldaia.es\/es\/servicios-sociales-e-igualdad\/servicios-sociales\/atencion-social-en-contexto-comunitario\/#breadcrumb"},"inLanguage":"es","potentialAction":[{"@type":"ReadAction","target":["https:\/\/aldaia.es\/es\/servicios-sociales-e-igualdad\/servicios-sociales\/atencion-social-en-contexto-comunitario\/"]}]},{"@type":"BreadcrumbList","@id":"https:\/\/aldaia.es\/es\/servicios-sociales-e-igualdad\/servicios-sociales\/atencion-social-en-contexto-comunitario\/#breadcrumb","itemListElement":[{"@type":"ListItem","position":1,"name":"Portada","item":"https:\/\/aldaia.es\/es\/"},{"@type":"ListItem","position":2,"name":"Servicios Sociales e Igualdad","item":"https:\/\/aldaia.es\/es\/servicios-sociales-e-igualdad\/"},{"@type":"ListItem","position":3,"name":"Servicios sociales","item":"https:\/\/aldaia.es\/es\/servicios-sociales-e-igualdad\/servicios-sociales\/"},{"@type":"ListItem","position":4,"name":"Atenci\u00f3n Social en Contexto Comunitario"}]},{"@type":"WebSite","@id":"https:\/\/aldaia.es\/es\/#website","url":"https:\/\/aldaia.es\/es\/","name":"Ajuntament D'Aldaia","description":"","publisher":{"@id":"https:\/\/aldaia.es\/es\/#organization"},"alternateName":"Ajuntament D'Aldaia","potentialAction":[{"@type":"SearchAction","target":{"@type":"EntryPoint","urlTemplate":"https:\/\/aldaia.es\/es\/?s={search_term_string}"},"query-input":{"@type":"PropertyValueSpecification","valueRequired":true,"valueName":"search_term_string"}}],"inLanguage":"es"},{"@type":"Organization","@id":"https:\/\/aldaia.es\/es\/#organization","name":"Ajuntament D'Aldaia","url":"https:\/\/aldaia.es\/es\/","logo":{"@type":"ImageObject","inLanguage":"es","@id":"https:\/\/aldaia.es\/es\/#\/schema\/logo\/image\/","url":"https:\/\/aldaia.es\/wp-content\/uploads\/2022\/06\/aldaia-negro-1.png","contentUrl":"https:\/\/aldaia.es\/wp-content\/uploads\/2022\/06\/aldaia-negro-1.png","width":152,"height":70,"caption":"Ajuntament D'Aldaia"},"image":{"@id":"https:\/\/aldaia.es\/es\/#\/schema\/logo\/image\/"}}]}},"_links":{"self":[{"href":"https:\/\/aldaia.es\/es\/wp-json\/wp\/v2\/pages\/6339","targetHints":{"allow":["GET"]}}],"collection":[{"href":"https:\/\/aldaia.es\/es\/wp-json\/wp\/v2\/pages"}],"about":[{"href":"https:\/\/aldaia.es\/es\/wp-json\/wp\/v2\/types\/page"}],"author":[{"embeddable":true,"href":"https:\/\/aldaia.es\/es\/wp-json\/wp\/v2\/users\/42"}],"replies":[{"embeddable":true,"href":"https:\/\/aldaia.es\/es\/wp-json\/wp\/v2\/comments?post=6339"}],"version-history":[{"count":2,"href":"https:\/\/aldaia.es\/es\/wp-json\/wp\/v2\/pages\/6339\/revisions"}],"predecessor-version":[{"id":37067,"href":"https:\/\/aldaia.es\/es\/wp-json\/wp\/v2\/pages\/6339\/revisions\/37067"}],"up":[{"embeddable":true,"href":"https:\/\/aldaia.es\/es\/wp-json\/wp\/v2\/pages\/27901"}],"wp:attachment":[{"href":"https:\/\/aldaia.es\/es\/wp-json\/wp\/v2\/media?parent=6339"}],"curies":[{"name":"wp","href":"https:\/\/api.w.org\/{rel}","templated":true}]}}

Atención Social en Contexto Comunitario

<div class="wp-block-columns dep-servicios is-layout-flex wp-container-core-columns-is-layout-9d6595d7 wp-block-columns-is-layout-flex">
<div class="wp-block-column is-layout-flow wp-block-column-is-layout-flow" style="flex-basis:30%"><!--  Info Servicios sociales -->

 
    <div class='wrapper-departamentos bloque-infos-servicios-sociales'>
        <p class="tit-bloque-infos">Centro Coladors</p>
        <div class='infos-departamento'>          
            <p>Calle Coladors, 16<br>46960 Aldaia Valencia</p>
            <p><i class="fa fa-phone" aria-hidden="true"></i> 961 988 811</p>
            <p><i class="fa fa-phone" aria-hidden="true"></i> <a href="tel:+34961988811">+34 961 988 811</a></p>
            <p><i class="fas fa-envelope"></i> <a href="mailto:serveissocials@ajuntamentaldaia.org ">serveissocials@ajuntamentaldaia.org </a></p>    
            <p><strong>Horario:</strong></p>
            <p>Lunes a viernes: de 9 a 14 horas. Lujes y jueves: de 16 a 18 horas.</p>      
        </div>

        <div class='mapa-1'>
        <iframe src='https://www.google.com/maps/embed?pb=!1m18!1m12!1m3!1d6160.662930491161!2d-0.46871588132768194!3d39.46183988596237!2m3!1f0!2f0!3f0!3m2!1i1024!2i768!4f13.1!3m3!1m2!1s0xd6051dedd0ce773%3A0xd627ceb0166ca3d2!2sCentre%20Serveis%20Socials%20Coladors%20Aldaia!5e0!3m2!1ses!2sus!4v1716371829108!5m2!1ses!2sus' width='100%' height='300' style='border:0;' allowfullscreen='' loading='lazy' referrerpolicy='no-referrer-when-downgrade'></iframe>
        </div>

    </div>
   <!-- end bloque infos -->

    


</div>



<div class="wp-block-column is-layout-flow wp-block-column-is-layout-flow" style="flex-basis:70%">
<h1 class="wp-block-heading">Atención Social en Contexto Comunitario</h1>



<p>La intervención que se realiza en los centros de servicios sociales no sería eficaz, sin un trabajo conjunto en el que todas las personas tenemos un papel imprescindible.</p>



<p>Para ello, se realiza una labor importante, por una parte, de coordinación con otras administraciones y áreas, como son educación, vivienda, ocupación y sanidad y, por otra parte, con las asociaciones, voluntariado y vecindario, de forma que se logra la mejora de los barrios y de las personas que viven en ellos.</p>



<p>Cualquier persona que desee participar activamente en la mejora de su barrio o dedicarle tiempo al acompañamiento de otras personas.</p>



<p><strong>Hay diferentes formas de participación:</strong></p>



<ul class="wp-block-list">
<li>A través de su Centro de Servicios Sociales Municipales.</li>



<li>Directamente acudiendo a las distintas asociaciones del pueblo.</li>
</ul>
</div>
</div>

<p>Atención Social en Contexto Comunitario La intervención que se realiza en los centros de servicios sociales no sería eficaz, sin un trabajo conjunto en el que todas las personas tenemos <a class="text-decoration-none text-black" href="https://aldaia.es/es/servicios-sociales-e-igualdad/servicios-sociales/atencion-social-en-contexto-comunitario/"> &#8230; </a></p>

<!-- This site is optimized with the Yoast SEO plugin v27.0 - https://yoast.com/product/yoast-seo-wordpress/ -->
<title>Atención Social en Contexto Comunitario - Ayuntamiento de Aldaia</title>
<meta name="robots" content="index, follow, max-snippet:-1, max-image-preview:large, max-video-preview:-1" />
<link rel="canonical" href="https://aldaia.es/es/servicios-sociales-e-igualdad/servicios-sociales/atencion-social-en-contexto-comunitario/" />
<meta property="og:locale" content="es_ES" />
<meta property="og:type" content="article" />
<meta property="og:title" content="Atención Social en Contexto Comunitario - Ayuntamiento de Aldaia" />
<meta property="og:description" content="Atención Social en Contexto Comunitario La intervención que se realiza en los centros de servicios sociales no sería eficaz, sin un trabajo conjunto en el que todas las personas tenemos ..." />
<meta property="og:url" content="https://aldaia.es/es/servicios-sociales-e-igualdad/servicios-sociales/atencion-social-en-contexto-comunitario/" />
<meta property="og:site_name" content="Ayuntamiento de Aldaia" />
<meta property="article:modified_time" content="2025-04-24T12:10:37+00:00" />
<script type="application/ld+json" class="yoast-schema-graph">{"@context":"https://schema.org","@graph":[{"@type":"WebPage","@id":"https://aldaia.es/es/servicios-sociales-e-igualdad/servicios-sociales/atencion-social-en-contexto-comunitario/","url":"https://aldaia.es/es/servicios-sociales-e-igualdad/servicios-sociales/atencion-social-en-contexto-comunitario/","name":"Atención Social en Contexto Comunitario - Ayuntamiento de Aldaia","isPartOf":{"@id":"https://aldaia.es/es/#website"},"datePublished":"2023-01-19T10:19:17+00:00","dateModified":"2025-04-24T12:10:37+00:00","breadcrumb":{"@id":"https://aldaia.es/es/servicios-sociales-e-igualdad/servicios-sociales/atencion-social-en-contexto-comunitario/#breadcrumb"},"inLanguage":"es","potentialAction":[{"@type":"ReadAction","target":["https://aldaia.es/es/servicios-sociales-e-igualdad/servicios-sociales/atencion-social-en-contexto-comunitario/"]}]},{"@type":"BreadcrumbList","@id":"https://aldaia.es/es/servicios-sociales-e-igualdad/servicios-sociales/atencion-social-en-contexto-comunitario/#breadcrumb","itemListElement":[{"@type":"ListItem","position":1,"name":"Portada","item":"https://aldaia.es/es/"},{"@type":"ListItem","position":2,"name":"Servicios Sociales e Igualdad","item":"https://aldaia.es/es/servicios-sociales-e-igualdad/"},{"@type":"ListItem","position":3,"name":"Servicios sociales","item":"https://aldaia.es/es/servicios-sociales-e-igualdad/servicios-sociales/"},{"@type":"ListItem","position":4,"name":"Atención Social en Contexto Comunitario"}]},{"@type":"WebSite","@id":"https://aldaia.es/es/#website","url":"https://aldaia.es/es/","name":"Ajuntament D'Aldaia","description":"","publisher":{"@id":"https://aldaia.es/es/#organization"},"alternateName":"Ajuntament D'Aldaia","potentialAction":[{"@type":"SearchAction","target":{"@type":"EntryPoint","urlTemplate":"https://aldaia.es/es/?s={search_term_string}"},"query-input":{"@type":"PropertyValueSpecification","valueRequired":true,"valueName":"search_term_string"}}],"inLanguage":"es"},{"@type":"Organization","@id":"https://aldaia.es/es/#organization","name":"Ajuntament D'Aldaia","url":"https://aldaia.es/es/","logo":{"@type":"ImageObject","inLanguage":"es","@id":"https://aldaia.es/es/#/schema/logo/image/","url":"https://aldaia.es/wp-content/uploads/2022/06/aldaia-negro-1.png","contentUrl":"https://aldaia.es/wp-content/uploads/2022/06/aldaia-negro-1.png","width":152,"height":70,"caption":"Ajuntament D'Aldaia"},"image":{"@id":"https://aldaia.es/es/#/schema/logo/image/"}}]}</script>
<!-- / Yoast SEO plugin. -->

Atención Social en Contexto Comunitario - Ayuntamiento de Aldaia

Atención Social en Contexto Comunitario La intervención que se realiza en los centros de servicios sociales no sería eficaz, sin un trabajo conjunto en el que todas las personas tenemos ...
