{"id":6380,"date":"2022-08-30T11:19:35","date_gmt":"2022-08-30T09:19:35","guid":{"rendered":"https:\/\/aldaia.eu\/cultura-festiva\/"},"modified":"2024-10-08T17:35:05","modified_gmt":"2024-10-08T15:35:05","slug":"cultura-festiva","status":"publish","type":"page","link":"https:\/\/aldaia.es\/es\/fiestas\/cultura-festiva\/","title":{"rendered":"Cultura festiva"},"content":{"rendered":"\n<div class=\"wp-block-columns dep-fiestas is-layout-flex wp-container-core-columns-is-layout-9d6595d7 wp-block-columns-is-layout-flex\">\n<div class=\"wp-block-column is-layout-flow wp-block-column-is-layout-flow\" style=\"flex-basis:30%\"><!--  Info fiestas -->\n\n \n\n<div class='bloque-infos-fiestas wrapper-departamentos'>\n<p class=\"tit-bloque-infos\">\u00c1rea de Fiestas <\/p>\n        <div class='infos-departamento'>\n            <p>Plaza Constituci\u00f3n, 10, 46960 Aldaia Valencia<\/p>\n            <p><i class=\"fa fa-phone\" aria-hidden=\"true\"><\/i> <a href=\"tel:+34961510693\">+34 96 151 06 93<\/a><\/p>\n            <p><i class=\"fas fa-envelope\"><\/i> <a href=\"mailto:ajuntamentaldaia@ajuntamentaldaia.org\">ajuntamentaldaia@ajuntamentaldaia.org<\/a><\/p>\n            <p><a href=\"https:\/\/www.facebook.com\/ajuntamentaldaia\" target=\"_blank\" rel=\"noreferrer noopener\"><i class=\"fab fa-facebook\"><\/i><\/a> &nbsp;&nbsp; <a href=\"https:\/\/www.instagram.com\/tamaldaia\/?hl=es\" target=\"_blank\" rel=\"noreferrer noopener\"><i class=\"fab fa-square-instagram\"><\/i><\/a>  &nbsp;&nbsp;  <a href=\"https:\/\/www.youtube.com\/@ajuntamentdaldaia8046\" target=\"_blank\" rel=\"noreferrer noopener\"><i class=\"fab fa-youtube\"><\/i><\/a> <\/p>\n        <\/div>\n\n        <div class='mapa-1'>\n        <iframe src=\"https:\/\/www.google.com\/maps\/embed?pb=!1m18!1m12!1m3!1d622.7679968418242!2d-0.4608059177881311!3d39.465164288659615!2m3!1f0!2f0!3f0!3m2!1i1024!2i768!4f13.1!3m3!1m2!1s0xd6051b0ac582aed%3A0xd3a2ed9d1d945ab0!2sAyuntamiento%20de%20Aldaya!5e0!3m2!1ses!2sus!4v1725979182758!5m2!1ses!2sus\" width=\"100%\" height=\"450\" style=\"border:0;\" allowfullscreen=\"\" loading=\"lazy\" referrerpolicy=\"no-referrer-when-downgrade\"><\/iframe>\n        <\/div>\n\n    <\/div>\n    <!-- end bloque infos -->\n   \n\n    \n\n\n<\/div>\n\n\n\n<div class=\"wp-block-column is-layout-flow wp-block-column-is-layout-flow\" style=\"flex-basis:66.66%\">\n<h1 class=\"wp-block-heading\">Cultura festiva<\/h1>\n\n\n\n<p>El asociacionismo cultural y festivo de Aldaia mueve cada d\u00eda a m\u00e1s gente, y m\u00e1s diversa. Gracias al trabajo desinteresado de miles de aldaieres y aldaiers se mantiene gran parte de nuestra cultura y construimos pueblo.<\/p>\n\n\n\n<ul class=\"wp-block-list\">\n<li>CorreTraca<\/li>\n\n\n\n<li>Portadores de Cristo<\/li>\n\n\n\n<li>Grupo de baile Ronda de Aldaia<\/li>\n\n\n\n<li>Ronda de Aldaia<\/li>\n\n\n\n<li>Dulzaineros y tamborileros<\/li>\n\n\n\n<li>Asociaci\u00f3n Cultural Andaluza<\/li>\n\n\n\n<li>Aleaci\u00f3n Briales<\/li>\n\n\n\n<li>Uni\u00f3n Musical<\/li>\n\n\n\n<li>Banda Sinf\u00f3nica<\/li>\n\n\n\n<li>Orfe\u00f3n de Aldaia<\/li>\n\n\n\n<li>Coro Gospel<\/li>\n\n\n\n<li>Juniors MD<\/li>\n<\/ul>\n<\/div>\n<\/div>\n","protected":false},"excerpt":{"rendered":"<p>Cultura festiva El asociacionismo cultural y festivo de Aldaia mueve cada d\u00eda a m\u00e1s gente, y m\u00e1s diversa. Gracias al trabajo desinteresado de miles de aldaieres y aldaiers se mantiene <a class=\"text-decoration-none text-black\" href=\"https:\/\/aldaia.es\/es\/fiestas\/cultura-festiva\/\"> &#8230; <\/a><\/p>\n","protected":false},"author":1,"featured_media":0,"parent":6231,"menu_order":0,"comment_status":"closed","ping_status":"closed","template":"basic-page-departamentos.php","meta":{"_acf_changed":false,"footnotes":""},"class_list":["post-6380","page","type-page","status-publish","hentry"],"acf":[],"yoast_head":"<!-- This site is optimized with the Yoast SEO plugin v27.0 - https:\/\/yoast.com\/product\/yoast-seo-wordpress\/ -->\n<title>Cultura festiva - Ayuntamiento de Aldaia<\/title>\n<meta name=\"description\" content=\"Informaciones sobre el asociacionismo cultural y festivo de Aldaia. Fiestas y cultura festiva en nuestra localidad.\" \/>\n<meta name=\"robots\" content=\"index, follow, max-snippet:-1, max-image-preview:large, max-video-preview:-1\" \/>\n<link rel=\"canonical\" href=\"https:\/\/aldaia.es\/es\/fiestas\/cultura-festiva\/\" \/>\n<meta property=\"og:locale\" content=\"es_ES\" \/>\n<meta property=\"og:type\" content=\"article\" \/>\n<meta property=\"og:title\" content=\"Cultura festiva - Ayuntamiento de Aldaia\" \/>\n<meta property=\"og:description\" content=\"Informaciones sobre el asociacionismo cultural y festivo de Aldaia. Fiestas y cultura festiva en nuestra localidad.\" \/>\n<meta property=\"og:url\" content=\"https:\/\/aldaia.es\/es\/fiestas\/cultura-festiva\/\" \/>\n<meta property=\"og:site_name\" content=\"Ayuntamiento de Aldaia\" \/>\n<meta property=\"article:modified_time\" content=\"2024-10-08T15:35:05+00:00\" \/>\n<script type=\"application\/ld+json\" class=\"yoast-schema-graph\">{\"@context\":\"https:\/\/schema.org\",\"@graph\":[{\"@type\":\"WebPage\",\"@id\":\"https:\/\/aldaia.es\/es\/fiestas\/cultura-festiva\/\",\"url\":\"https:\/\/aldaia.es\/es\/fiestas\/cultura-festiva\/\",\"name\":\"Cultura festiva - Ayuntamiento de Aldaia\",\"isPartOf\":{\"@id\":\"https:\/\/aldaia.es\/es\/#website\"},\"datePublished\":\"2022-08-30T09:19:35+00:00\",\"dateModified\":\"2024-10-08T15:35:05+00:00\",\"description\":\"Informaciones sobre el asociacionismo cultural y festivo de Aldaia. Fiestas y cultura festiva en nuestra localidad.\",\"breadcrumb\":{\"@id\":\"https:\/\/aldaia.es\/es\/fiestas\/cultura-festiva\/#breadcrumb\"},\"inLanguage\":\"es\",\"potentialAction\":[{\"@type\":\"ReadAction\",\"target\":[\"https:\/\/aldaia.es\/es\/fiestas\/cultura-festiva\/\"]}]},{\"@type\":\"BreadcrumbList\",\"@id\":\"https:\/\/aldaia.es\/es\/fiestas\/cultura-festiva\/#breadcrumb\",\"itemListElement\":[{\"@type\":\"ListItem\",\"position\":1,\"name\":\"Portada\",\"item\":\"https:\/\/aldaia.es\/es\/\"},{\"@type\":\"ListItem\",\"position\":2,\"name\":\"Fiestas\",\"item\":\"https:\/\/aldaia.es\/es\/fiestas\/\"},{\"@type\":\"ListItem\",\"position\":3,\"name\":\"Cultura festiva\"}]},{\"@type\":\"WebSite\",\"@id\":\"https:\/\/aldaia.es\/es\/#website\",\"url\":\"https:\/\/aldaia.es\/es\/\",\"name\":\"Ajuntament D'Aldaia\",\"description\":\"\",\"publisher\":{\"@id\":\"https:\/\/aldaia.es\/es\/#organization\"},\"alternateName\":\"Ajuntament D'Aldaia\",\"potentialAction\":[{\"@type\":\"SearchAction\",\"target\":{\"@type\":\"EntryPoint\",\"urlTemplate\":\"https:\/\/aldaia.es\/es\/?s={search_term_string}\"},\"query-input\":{\"@type\":\"PropertyValueSpecification\",\"valueRequired\":true,\"valueName\":\"search_term_string\"}}],\"inLanguage\":\"es\"},{\"@type\":\"Organization\",\"@id\":\"https:\/\/aldaia.es\/es\/#organization\",\"name\":\"Ajuntament D'Aldaia\",\"url\":\"https:\/\/aldaia.es\/es\/\",\"logo\":{\"@type\":\"ImageObject\",\"inLanguage\":\"es\",\"@id\":\"https:\/\/aldaia.es\/es\/#\/schema\/logo\/image\/\",\"url\":\"https:\/\/aldaia.es\/wp-content\/uploads\/2022\/06\/aldaia-negro-1.png\",\"contentUrl\":\"https:\/\/aldaia.es\/wp-content\/uploads\/2022\/06\/aldaia-negro-1.png\",\"width\":152,\"height\":70,\"caption\":\"Ajuntament D'Aldaia\"},\"image\":{\"@id\":\"https:\/\/aldaia.es\/es\/#\/schema\/logo\/image\/\"}}]}<\/script>\n<!-- \/ Yoast SEO plugin. -->","yoast_head_json":{"title":"Cultura festiva - Ayuntamiento de Aldaia","description":"Informaciones sobre el asociacionismo cultural y festivo de Aldaia. Fiestas y cultura festiva en nuestra localidad.","robots":{"index":"index","follow":"follow","max-snippet":"max-snippet:-1","max-image-preview":"max-image-preview:large","max-video-preview":"max-video-preview:-1"},"canonical":"https:\/\/aldaia.es\/es\/fiestas\/cultura-festiva\/","og_locale":"es_ES","og_type":"article","og_title":"Cultura festiva - Ayuntamiento de Aldaia","og_description":"Informaciones sobre el asociacionismo cultural y festivo de Aldaia. Fiestas y cultura festiva en nuestra localidad.","og_url":"https:\/\/aldaia.es\/es\/fiestas\/cultura-festiva\/","og_site_name":"Ayuntamiento de Aldaia","article_modified_time":"2024-10-08T15:35:05+00:00","schema":{"@context":"https:\/\/schema.org","@graph":[{"@type":"WebPage","@id":"https:\/\/aldaia.es\/es\/fiestas\/cultura-festiva\/","url":"https:\/\/aldaia.es\/es\/fiestas\/cultura-festiva\/","name":"Cultura festiva - Ayuntamiento de Aldaia","isPartOf":{"@id":"https:\/\/aldaia.es\/es\/#website"},"datePublished":"2022-08-30T09:19:35+00:00","dateModified":"2024-10-08T15:35:05+00:00","description":"Informaciones sobre el asociacionismo cultural y festivo de Aldaia. Fiestas y cultura festiva en nuestra localidad.","breadcrumb":{"@id":"https:\/\/aldaia.es\/es\/fiestas\/cultura-festiva\/#breadcrumb"},"inLanguage":"es","potentialAction":[{"@type":"ReadAction","target":["https:\/\/aldaia.es\/es\/fiestas\/cultura-festiva\/"]}]},{"@type":"BreadcrumbList","@id":"https:\/\/aldaia.es\/es\/fiestas\/cultura-festiva\/#breadcrumb","itemListElement":[{"@type":"ListItem","position":1,"name":"Portada","item":"https:\/\/aldaia.es\/es\/"},{"@type":"ListItem","position":2,"name":"Fiestas","item":"https:\/\/aldaia.es\/es\/fiestas\/"},{"@type":"ListItem","position":3,"name":"Cultura festiva"}]},{"@type":"WebSite","@id":"https:\/\/aldaia.es\/es\/#website","url":"https:\/\/aldaia.es\/es\/","name":"Ajuntament D'Aldaia","description":"","publisher":{"@id":"https:\/\/aldaia.es\/es\/#organization"},"alternateName":"Ajuntament D'Aldaia","potentialAction":[{"@type":"SearchAction","target":{"@type":"EntryPoint","urlTemplate":"https:\/\/aldaia.es\/es\/?s={search_term_string}"},"query-input":{"@type":"PropertyValueSpecification","valueRequired":true,"valueName":"search_term_string"}}],"inLanguage":"es"},{"@type":"Organization","@id":"https:\/\/aldaia.es\/es\/#organization","name":"Ajuntament D'Aldaia","url":"https:\/\/aldaia.es\/es\/","logo":{"@type":"ImageObject","inLanguage":"es","@id":"https:\/\/aldaia.es\/es\/#\/schema\/logo\/image\/","url":"https:\/\/aldaia.es\/wp-content\/uploads\/2022\/06\/aldaia-negro-1.png","contentUrl":"https:\/\/aldaia.es\/wp-content\/uploads\/2022\/06\/aldaia-negro-1.png","width":152,"height":70,"caption":"Ajuntament D'Aldaia"},"image":{"@id":"https:\/\/aldaia.es\/es\/#\/schema\/logo\/image\/"}}]}},"_links":{"self":[{"href":"https:\/\/aldaia.es\/es\/wp-json\/wp\/v2\/pages\/6380","targetHints":{"allow":["GET"]}}],"collection":[{"href":"https:\/\/aldaia.es\/es\/wp-json\/wp\/v2\/pages"}],"about":[{"href":"https:\/\/aldaia.es\/es\/wp-json\/wp\/v2\/types\/page"}],"author":[{"embeddable":true,"href":"https:\/\/aldaia.es\/es\/wp-json\/wp\/v2\/users\/1"}],"replies":[{"embeddable":true,"href":"https:\/\/aldaia.es\/es\/wp-json\/wp\/v2\/comments?post=6380"}],"version-history":[{"count":3,"href":"https:\/\/aldaia.es\/es\/wp-json\/wp\/v2\/pages\/6380\/revisions"}],"predecessor-version":[{"id":33599,"href":"https:\/\/aldaia.es\/es\/wp-json\/wp\/v2\/pages\/6380\/revisions\/33599"}],"up":[{"embeddable":true,"href":"https:\/\/aldaia.es\/es\/wp-json\/wp\/v2\/pages\/6231"}],"wp:attachment":[{"href":"https:\/\/aldaia.es\/es\/wp-json\/wp\/v2\/media?parent=6380"}],"curies":[{"name":"wp","href":"https:\/\/api.w.org\/{rel}","templated":true}]}}

<div class="wp-block-columns dep-fiestas is-layout-flex wp-container-core-columns-is-layout-9d6595d7 wp-block-columns-is-layout-flex">
<div class="wp-block-column is-layout-flow wp-block-column-is-layout-flow" style="flex-basis:30%"><!--  Info fiestas -->

 

<div class='bloque-infos-fiestas wrapper-departamentos'>
<p class="tit-bloque-infos">Área de Fiestas </p>
        <div class='infos-departamento'>
            <p>Plaza Constitución, 10, 46960 Aldaia Valencia</p>
            <p><i class="fa fa-phone" aria-hidden="true"></i> <a href="tel:+34961510693">+34 96 151 06 93</a></p>
            <p><i class="fas fa-envelope"></i> <a href="mailto:ajuntamentaldaia@ajuntamentaldaia.org">ajuntamentaldaia@ajuntamentaldaia.org</a></p>
            <p><a href="https://www.facebook.com/ajuntamentaldaia" target="_blank" rel="noreferrer noopener"><i class="fab fa-facebook"></i></a> &nbsp;&nbsp; <a href="https://www.instagram.com/tamaldaia/?hl=es" target="_blank" rel="noreferrer noopener"><i class="fab fa-square-instagram"></i></a>  &nbsp;&nbsp;  <a href="https://www.youtube.com/@ajuntamentdaldaia8046" target="_blank" rel="noreferrer noopener"><i class="fab fa-youtube"></i></a> </p>
        </div>

        <div class='mapa-1'>
        <iframe src="https://www.google.com/maps/embed?pb=!1m18!1m12!1m3!1d622.7679968418242!2d-0.4608059177881311!3d39.465164288659615!2m3!1f0!2f0!3f0!3m2!1i1024!2i768!4f13.1!3m3!1m2!1s0xd6051b0ac582aed%3A0xd3a2ed9d1d945ab0!2sAyuntamiento%20de%20Aldaya!5e0!3m2!1ses!2sus!4v1725979182758!5m2!1ses!2sus" width="100%" height="450" style="border:0;" allowfullscreen="" loading="lazy" referrerpolicy="no-referrer-when-downgrade"></iframe>
        </div>

    </div>
    <!-- end bloque infos -->
   

    


</div>



<div class="wp-block-column is-layout-flow wp-block-column-is-layout-flow" style="flex-basis:66.66%">
<h1 class="wp-block-heading">Cultura festiva</h1>



<p>El asociacionismo cultural y festivo de Aldaia mueve cada día a más gente, y más diversa. Gracias al trabajo desinteresado de miles de aldaieres y aldaiers se mantiene gran parte de nuestra cultura y construimos pueblo.</p>



<ul class="wp-block-list">
<li>CorreTraca</li>



<li>Portadores de Cristo</li>



<li>Grupo de baile Ronda de Aldaia</li>



<li>Ronda de Aldaia</li>



<li>Dulzaineros y tamborileros</li>



<li>Asociación Cultural Andaluza</li>



<li>Aleación Briales</li>



<li>Unión Musical</li>



<li>Banda Sinfónica</li>



<li>Orfeón de Aldaia</li>



<li>Coro Gospel</li>



<li>Juniors MD</li>
</ul>
</div>
</div>

<p>Cultura festiva El asociacionismo cultural y festivo de Aldaia mueve cada día a más gente, y más diversa. Gracias al trabajo desinteresado de miles de aldaieres y aldaiers se mantiene <a class="text-decoration-none text-black" href="https://aldaia.es/es/fiestas/cultura-festiva/"> &#8230; </a></p>
