{"id":6443,"date":"2022-08-30T11:21:46","date_gmt":"2022-08-30T09:21:46","guid":{"rendered":"https:\/\/aldaia.eu\/fiestas-mayores\/"},"modified":"2025-07-15T09:48:44","modified_gmt":"2025-07-15T07:48:44","slug":"fiestas-mayores","status":"publish","type":"page","link":"https:\/\/aldaia.es\/es\/fiestas\/fiestas-mayores\/","title":{"rendered":"Fiestas mayores"},"content":{"rendered":"\n<div class=\"wp-block-columns dep-fiestas is-layout-flex wp-container-core-columns-is-layout-9d6595d7 wp-block-columns-is-layout-flex\">\n<div class=\"wp-block-column is-layout-flow wp-block-column-is-layout-flow\" style=\"flex-basis:30%\"><!--  Info fiestas -->\n\n \n\n<div class='bloque-infos-fiestas wrapper-departamentos'>\n<p class=\"tit-bloque-infos\">\u00c1rea de Fiestas <\/p>\n        <div class='infos-departamento'>\n            <p>Plaza Constituci\u00f3n, 10, 46960 Aldaia Valencia<\/p>\n            <p><i class=\"fa fa-phone\" aria-hidden=\"true\"><\/i> <a href=\"tel:+34961510693\">+34 96 151 06 93<\/a><\/p>\n            <p><i class=\"fas fa-envelope\"><\/i> <a href=\"mailto:ajuntamentaldaia@ajuntamentaldaia.org\">ajuntamentaldaia@ajuntamentaldaia.org<\/a><\/p>\n            <p><a href=\"https:\/\/www.facebook.com\/ajuntamentaldaia\" target=\"_blank\" rel=\"noreferrer noopener\"><i class=\"fab fa-facebook\"><\/i><\/a> &nbsp;&nbsp; <a href=\"https:\/\/www.instagram.com\/tamaldaia\/?hl=es\" target=\"_blank\" rel=\"noreferrer noopener\"><i class=\"fab fa-square-instagram\"><\/i><\/a>  &nbsp;&nbsp;  <a href=\"https:\/\/www.youtube.com\/@ajuntamentdaldaia8046\" target=\"_blank\" rel=\"noreferrer noopener\"><i class=\"fab fa-youtube\"><\/i><\/a> <\/p>\n        <\/div>\n\n        <div class='mapa-1'>\n        <iframe src=\"https:\/\/www.google.com\/maps\/embed?pb=!1m18!1m12!1m3!1d622.7679968418242!2d-0.4608059177881311!3d39.465164288659615!2m3!1f0!2f0!3f0!3m2!1i1024!2i768!4f13.1!3m3!1m2!1s0xd6051b0ac582aed%3A0xd3a2ed9d1d945ab0!2sAyuntamiento%20de%20Aldaya!5e0!3m2!1ses!2sus!4v1725979182758!5m2!1ses!2sus\" width=\"100%\" height=\"450\" style=\"border:0;\" allowfullscreen=\"\" loading=\"lazy\" referrerpolicy=\"no-referrer-when-downgrade\"><\/iframe>\n        <\/div>\n\n    <\/div>\n    <!-- end bloque infos -->\n   \n\n    \n\n\n<\/div>\n\n\n\n<div class=\"wp-block-column is-layout-flow wp-block-column-is-layout-flow\" style=\"flex-basis:66.66%\">\n<h1 class=\"wp-block-heading\">Fiestas Mayores<\/h1>\n\n\n\n<p>Las Fiestas Mayores de Aldaia ofrecen un gran abanico de posibilidades, en pleno verano, para disfrutar en familia, o con amigos, de la cultura, el deporte, el patrimonio y la tradici\u00f3n de Aldaia.<\/p>\n\n\n\n<p>Unas fiestas, cada vez m\u00e1s multitudinarias que se celebran en honor al Sant\u00edsimo Cristo de los Necesitados desde finales de julio hasta el 6 de agosto, d\u00eda se\u00f1alado en la localidad.<\/p>\n\n\n\n<p><strong>NORMAS CONCURSO DE LOS\u00abFAROLETS\u00bb 2023<\/strong><\/p>\n\n\n\n<p><strong>INSCRIPCI\u00d3N PREVIA EN EL AYUNTAMIENTO.<\/strong><\/p>\n\n\n\n<p>Todos los ni\u00f1os y ni\u00f1as que quieran participar en el desfile tendr\u00e1n que inscribirse en el correo farolets@ajuntamentaldaia.org (nombre y apellidos) desde el d\u00eda 14 al 27 de julio, y el d\u00eda 31 de julio antes de pasar por el jurado para hacer la valoraci\u00f3n se dar\u00e1 un n\u00famero para cada farolillo, que tendr\u00e1 que llevar el d\u00eda del desfile y que tendr\u00e1 que estar a la vista. Es el que servir\u00e1 para que el jurado pueda valorar y otorgar los premios. Hora de inicio de valoraci\u00f3n del jurado 20 horas en la plaza. Hora de recogida de n\u00fameros a las 19 horas en la plaza. (forma de inscripciones por determinar).<\/p>\n\n\n\n<p><strong>CABALGATA 2023<\/strong><\/p>\n\n\n\n<p><strong>INSCRIPCI\u00d3N<\/strong><\/p>\n\n\n\n<p>Todas las personas que quieran participar en la cabalgata, tendr\u00e1n que inscribirse v\u00eda corr\u00e9is electr\u00f3nico cavalcada2023@ajuntamentaldaia.org y llenar una ficha que estar\u00e1 en la web del ayuntamiento y habr\u00e1 que adjuntar a la ficha una fotocopia del DNI,de aquella persona que representar\u00e1 al grupo inscrito. <strong>Las fechas para inscribirse ser\u00e1n del 4 en el d\u00eda 29 de julio<\/strong>.<\/p>\n<\/div>\n<\/div>\n\n\n\n<div class=\"wp-block-columns is-layout-flex wp-container-core-columns-is-layout-9d6595d7 wp-block-columns-is-layout-flex\">\n<div class=\"wp-block-column lista_adjuntos is-layout-flow wp-block-column-is-layout-flow\">\n<h2 class=\"wp-block-heading display-4\">Adjuntos<\/h2>\n\n\n\n<p><i class=\"fas fa-file-pdf\"><\/i> <a href=\"https:\/\/aldaia.es\/wp-content\/uploads\/2025\/07\/llibre-festes-2025-programacio.pdf\" target=\"_blank\" rel=\"noreferrer noopener\">Programaci\u00f3n Fiestas 2025<\/a><\/p>\n\n\n\n<p><i class=\"fas fa-file-pdf\"><\/i> <a href=\"https:\/\/aldaia.es\/wp-content\/uploads\/2023\/07\/normativa_cavalgada_i_polvora-2023.pdf\" target=\"_blank\" rel=\"noreferrer noopener\">Normativa cabalgata i p\u00f3lvora<\/a><\/p>\n\n\n\n<p><i class=\"fas fa-file-pdf\"><\/i> <a href=\"https:\/\/aldaia.es\/wp-content\/uploads\/2025\/07\/Fitxa-dinscripcio-cavalcada.docx\" target=\"_blank\" rel=\"noreferrer noopener\">Ficha inscripci\u00f3n Cabalgata 2025<\/a> <\/p>\n<\/div>\n<\/div>\n\n\n\n<div style=\"height:37px\" aria-hidden=\"true\" class=\"wp-block-spacer\"><\/div>\n","protected":false},"excerpt":{"rendered":"<p>Fiestas Mayores Las Fiestas Mayores de Aldaia ofrecen un gran abanico de posibilidades, en pleno verano, para disfrutar en familia, o con amigos, de la cultura, el deporte, el patrimonio <a class=\"text-decoration-none text-black\" href=\"https:\/\/aldaia.es\/es\/fiestas\/fiestas-mayores\/\"> &#8230; <\/a><\/p>\n","protected":false},"author":1,"featured_media":0,"parent":6231,"menu_order":0,"comment_status":"closed","ping_status":"closed","template":"basic-page-departamentos.php","meta":{"_acf_changed":false,"footnotes":""},"class_list":["post-6443","page","type-page","status-publish","hentry"],"acf":[],"yoast_head":"<!-- This site is optimized with the Yoast SEO plugin v27.0 - https:\/\/yoast.com\/product\/yoast-seo-wordpress\/ -->\n<title>Fiestas mayores - Ayuntamiento de Aldaia<\/title>\n<meta name=\"description\" content=\"Las Fiestas Mayores de Aldaia ofrecen muchas posibilidades: fiestas de la cultura, el deporte, el patrimonio y la tradici\u00f3n de Aldaia.\" \/>\n<meta name=\"robots\" content=\"index, follow, max-snippet:-1, max-image-preview:large, max-video-preview:-1\" \/>\n<link rel=\"canonical\" href=\"https:\/\/aldaia.es\/es\/fiestas\/fiestas-mayores\/\" \/>\n<meta property=\"og:locale\" content=\"es_ES\" \/>\n<meta property=\"og:type\" content=\"article\" \/>\n<meta property=\"og:title\" content=\"Fiestas mayores - Ayuntamiento de Aldaia\" \/>\n<meta property=\"og:description\" content=\"Las Fiestas Mayores de Aldaia ofrecen muchas posibilidades: fiestas de la cultura, el deporte, el patrimonio y la tradici\u00f3n de Aldaia.\" \/>\n<meta property=\"og:url\" content=\"https:\/\/aldaia.es\/es\/fiestas\/fiestas-mayores\/\" \/>\n<meta property=\"og:site_name\" content=\"Ayuntamiento de Aldaia\" \/>\n<meta property=\"article:modified_time\" content=\"2025-07-15T07:48:44+00:00\" \/>\n<script type=\"application\/ld+json\" class=\"yoast-schema-graph\">{\"@context\":\"https:\/\/schema.org\",\"@graph\":[{\"@type\":\"WebPage\",\"@id\":\"https:\/\/aldaia.es\/es\/fiestas\/fiestas-mayores\/\",\"url\":\"https:\/\/aldaia.es\/es\/fiestas\/fiestas-mayores\/\",\"name\":\"Fiestas mayores - Ayuntamiento de Aldaia\",\"isPartOf\":{\"@id\":\"https:\/\/aldaia.es\/es\/#website\"},\"datePublished\":\"2022-08-30T09:21:46+00:00\",\"dateModified\":\"2025-07-15T07:48:44+00:00\",\"description\":\"Las Fiestas Mayores de Aldaia ofrecen muchas posibilidades: fiestas de la cultura, el deporte, el patrimonio y la tradici\u00f3n de Aldaia.\",\"breadcrumb\":{\"@id\":\"https:\/\/aldaia.es\/es\/fiestas\/fiestas-mayores\/#breadcrumb\"},\"inLanguage\":\"es\",\"potentialAction\":[{\"@type\":\"ReadAction\",\"target\":[\"https:\/\/aldaia.es\/es\/fiestas\/fiestas-mayores\/\"]}]},{\"@type\":\"BreadcrumbList\",\"@id\":\"https:\/\/aldaia.es\/es\/fiestas\/fiestas-mayores\/#breadcrumb\",\"itemListElement\":[{\"@type\":\"ListItem\",\"position\":1,\"name\":\"Portada\",\"item\":\"https:\/\/aldaia.es\/es\/\"},{\"@type\":\"ListItem\",\"position\":2,\"name\":\"Fiestas\",\"item\":\"https:\/\/aldaia.es\/es\/fiestas\/\"},{\"@type\":\"ListItem\",\"position\":3,\"name\":\"Fiestas mayores\"}]},{\"@type\":\"WebSite\",\"@id\":\"https:\/\/aldaia.es\/es\/#website\",\"url\":\"https:\/\/aldaia.es\/es\/\",\"name\":\"Ajuntament D'Aldaia\",\"description\":\"\",\"publisher\":{\"@id\":\"https:\/\/aldaia.es\/es\/#organization\"},\"alternateName\":\"Ajuntament D'Aldaia\",\"potentialAction\":[{\"@type\":\"SearchAction\",\"target\":{\"@type\":\"EntryPoint\",\"urlTemplate\":\"https:\/\/aldaia.es\/es\/?s={search_term_string}\"},\"query-input\":{\"@type\":\"PropertyValueSpecification\",\"valueRequired\":true,\"valueName\":\"search_term_string\"}}],\"inLanguage\":\"es\"},{\"@type\":\"Organization\",\"@id\":\"https:\/\/aldaia.es\/es\/#organization\",\"name\":\"Ajuntament D'Aldaia\",\"url\":\"https:\/\/aldaia.es\/es\/\",\"logo\":{\"@type\":\"ImageObject\",\"inLanguage\":\"es\",\"@id\":\"https:\/\/aldaia.es\/es\/#\/schema\/logo\/image\/\",\"url\":\"https:\/\/aldaia.es\/wp-content\/uploads\/2022\/06\/aldaia-negro-1.png\",\"contentUrl\":\"https:\/\/aldaia.es\/wp-content\/uploads\/2022\/06\/aldaia-negro-1.png\",\"width\":152,\"height\":70,\"caption\":\"Ajuntament D'Aldaia\"},\"image\":{\"@id\":\"https:\/\/aldaia.es\/es\/#\/schema\/logo\/image\/\"}}]}<\/script>\n<!-- \/ Yoast SEO plugin. -->","yoast_head_json":{"title":"Fiestas mayores - Ayuntamiento de Aldaia","description":"Las Fiestas Mayores de Aldaia ofrecen muchas posibilidades: fiestas de la cultura, el deporte, el patrimonio y la tradici\u00f3n de Aldaia.","robots":{"index":"index","follow":"follow","max-snippet":"max-snippet:-1","max-image-preview":"max-image-preview:large","max-video-preview":"max-video-preview:-1"},"canonical":"https:\/\/aldaia.es\/es\/fiestas\/fiestas-mayores\/","og_locale":"es_ES","og_type":"article","og_title":"Fiestas mayores - Ayuntamiento de Aldaia","og_description":"Las Fiestas Mayores de Aldaia ofrecen muchas posibilidades: fiestas de la cultura, el deporte, el patrimonio y la tradici\u00f3n de Aldaia.","og_url":"https:\/\/aldaia.es\/es\/fiestas\/fiestas-mayores\/","og_site_name":"Ayuntamiento de Aldaia","article_modified_time":"2025-07-15T07:48:44+00:00","schema":{"@context":"https:\/\/schema.org","@graph":[{"@type":"WebPage","@id":"https:\/\/aldaia.es\/es\/fiestas\/fiestas-mayores\/","url":"https:\/\/aldaia.es\/es\/fiestas\/fiestas-mayores\/","name":"Fiestas mayores - Ayuntamiento de Aldaia","isPartOf":{"@id":"https:\/\/aldaia.es\/es\/#website"},"datePublished":"2022-08-30T09:21:46+00:00","dateModified":"2025-07-15T07:48:44+00:00","description":"Las Fiestas Mayores de Aldaia ofrecen muchas posibilidades: fiestas de la cultura, el deporte, el patrimonio y la tradici\u00f3n de Aldaia.","breadcrumb":{"@id":"https:\/\/aldaia.es\/es\/fiestas\/fiestas-mayores\/#breadcrumb"},"inLanguage":"es","potentialAction":[{"@type":"ReadAction","target":["https:\/\/aldaia.es\/es\/fiestas\/fiestas-mayores\/"]}]},{"@type":"BreadcrumbList","@id":"https:\/\/aldaia.es\/es\/fiestas\/fiestas-mayores\/#breadcrumb","itemListElement":[{"@type":"ListItem","position":1,"name":"Portada","item":"https:\/\/aldaia.es\/es\/"},{"@type":"ListItem","position":2,"name":"Fiestas","item":"https:\/\/aldaia.es\/es\/fiestas\/"},{"@type":"ListItem","position":3,"name":"Fiestas mayores"}]},{"@type":"WebSite","@id":"https:\/\/aldaia.es\/es\/#website","url":"https:\/\/aldaia.es\/es\/","name":"Ajuntament D'Aldaia","description":"","publisher":{"@id":"https:\/\/aldaia.es\/es\/#organization"},"alternateName":"Ajuntament D'Aldaia","potentialAction":[{"@type":"SearchAction","target":{"@type":"EntryPoint","urlTemplate":"https:\/\/aldaia.es\/es\/?s={search_term_string}"},"query-input":{"@type":"PropertyValueSpecification","valueRequired":true,"valueName":"search_term_string"}}],"inLanguage":"es"},{"@type":"Organization","@id":"https:\/\/aldaia.es\/es\/#organization","name":"Ajuntament D'Aldaia","url":"https:\/\/aldaia.es\/es\/","logo":{"@type":"ImageObject","inLanguage":"es","@id":"https:\/\/aldaia.es\/es\/#\/schema\/logo\/image\/","url":"https:\/\/aldaia.es\/wp-content\/uploads\/2022\/06\/aldaia-negro-1.png","contentUrl":"https:\/\/aldaia.es\/wp-content\/uploads\/2022\/06\/aldaia-negro-1.png","width":152,"height":70,"caption":"Ajuntament D'Aldaia"},"image":{"@id":"https:\/\/aldaia.es\/es\/#\/schema\/logo\/image\/"}}]}},"_links":{"self":[{"href":"https:\/\/aldaia.es\/es\/wp-json\/wp\/v2\/pages\/6443","targetHints":{"allow":["GET"]}}],"collection":[{"href":"https:\/\/aldaia.es\/es\/wp-json\/wp\/v2\/pages"}],"about":[{"href":"https:\/\/aldaia.es\/es\/wp-json\/wp\/v2\/types\/page"}],"author":[{"embeddable":true,"href":"https:\/\/aldaia.es\/es\/wp-json\/wp\/v2\/users\/1"}],"replies":[{"embeddable":true,"href":"https:\/\/aldaia.es\/es\/wp-json\/wp\/v2\/comments?post=6443"}],"version-history":[{"count":9,"href":"https:\/\/aldaia.es\/es\/wp-json\/wp\/v2\/pages\/6443\/revisions"}],"predecessor-version":[{"id":38450,"href":"https:\/\/aldaia.es\/es\/wp-json\/wp\/v2\/pages\/6443\/revisions\/38450"}],"up":[{"embeddable":true,"href":"https:\/\/aldaia.es\/es\/wp-json\/wp\/v2\/pages\/6231"}],"wp:attachment":[{"href":"https:\/\/aldaia.es\/es\/wp-json\/wp\/v2\/media?parent=6443"}],"curies":[{"name":"wp","href":"https:\/\/api.w.org\/{rel}","templated":true}]}}

<div class="wp-block-columns dep-fiestas is-layout-flex wp-container-core-columns-is-layout-9d6595d7 wp-block-columns-is-layout-flex">
<div class="wp-block-column is-layout-flow wp-block-column-is-layout-flow" style="flex-basis:30%"><!--  Info fiestas -->

 

<div class='bloque-infos-fiestas wrapper-departamentos'>
<p class="tit-bloque-infos">Área de Fiestas </p>
        <div class='infos-departamento'>
            <p>Plaza Constitución, 10, 46960 Aldaia Valencia</p>
            <p><i class="fa fa-phone" aria-hidden="true"></i> <a href="tel:+34961510693">+34 96 151 06 93</a></p>
            <p><i class="fas fa-envelope"></i> <a href="mailto:ajuntamentaldaia@ajuntamentaldaia.org">ajuntamentaldaia@ajuntamentaldaia.org</a></p>
            <p><a href="https://www.facebook.com/ajuntamentaldaia" target="_blank" rel="noreferrer noopener"><i class="fab fa-facebook"></i></a> &nbsp;&nbsp; <a href="https://www.instagram.com/tamaldaia/?hl=es" target="_blank" rel="noreferrer noopener"><i class="fab fa-square-instagram"></i></a>  &nbsp;&nbsp;  <a href="https://www.youtube.com/@ajuntamentdaldaia8046" target="_blank" rel="noreferrer noopener"><i class="fab fa-youtube"></i></a> </p>
        </div>

        <div class='mapa-1'>
        <iframe src="https://www.google.com/maps/embed?pb=!1m18!1m12!1m3!1d622.7679968418242!2d-0.4608059177881311!3d39.465164288659615!2m3!1f0!2f0!3f0!3m2!1i1024!2i768!4f13.1!3m3!1m2!1s0xd6051b0ac582aed%3A0xd3a2ed9d1d945ab0!2sAyuntamiento%20de%20Aldaya!5e0!3m2!1ses!2sus!4v1725979182758!5m2!1ses!2sus" width="100%" height="450" style="border:0;" allowfullscreen="" loading="lazy" referrerpolicy="no-referrer-when-downgrade"></iframe>
        </div>

    </div>
    <!-- end bloque infos -->
   

    


</div>



<div class="wp-block-column is-layout-flow wp-block-column-is-layout-flow" style="flex-basis:66.66%">
<h1 class="wp-block-heading">Fiestas Mayores</h1>



<p>Las Fiestas Mayores de Aldaia ofrecen un gran abanico de posibilidades, en pleno verano, para disfrutar en familia, o con amigos, de la cultura, el deporte, el patrimonio y la tradición de Aldaia.</p>



<p>Unas fiestas, cada vez más multitudinarias que se celebran en honor al Santísimo Cristo de los Necesitados desde finales de julio hasta el 6 de agosto, día señalado en la localidad.</p>



<p><strong>NORMAS CONCURSO DE LOS«FAROLETS» 2023</strong></p>



<p><strong>INSCRIPCIÓN PREVIA EN EL AYUNTAMIENTO.</strong></p>



<p>Todos los niños y niñas que quieran participar en el desfile tendrán que inscribirse en el correo farolets@ajuntamentaldaia.org (nombre y apellidos) desde el día 14 al 27 de julio, y el día 31 de julio antes de pasar por el jurado para hacer la valoración se dará un número para cada farolillo, que tendrá que llevar el día del desfile y que tendrá que estar a la vista. Es el que servirá para que el jurado pueda valorar y otorgar los premios. Hora de inicio de valoración del jurado 20 horas en la plaza. Hora de recogida de números a las 19 horas en la plaza. (forma de inscripciones por determinar).</p>



<p><strong>CABALGATA 2023</strong></p>



<p><strong>INSCRIPCIÓN</strong></p>



<p>Todas las personas que quieran participar en la cabalgata, tendrán que inscribirse vía corréis electrónico cavalcada2023@ajuntamentaldaia.org y llenar una ficha que estará en la web del ayuntamiento y habrá que adjuntar a la ficha una fotocopia del DNI,de aquella persona que representará al grupo inscrito. <strong>Las fechas para inscribirse serán del 4 en el día 29 de julio</strong>.</p>
</div>
</div>



<div class="wp-block-columns is-layout-flex wp-container-core-columns-is-layout-9d6595d7 wp-block-columns-is-layout-flex">
<div class="wp-block-column lista_adjuntos is-layout-flow wp-block-column-is-layout-flow">
<h2 class="wp-block-heading display-4">Adjuntos</h2>



<p><i class="fas fa-file-pdf"></i> <a href="https://aldaia.es/wp-content/uploads/2025/07/llibre-festes-2025-programacio.pdf" target="_blank" rel="noreferrer noopener">Programación Fiestas 2025</a></p>



<p><i class="fas fa-file-pdf"></i> <a href="https://aldaia.es/wp-content/uploads/2023/07/normativa_cavalgada_i_polvora-2023.pdf" target="_blank" rel="noreferrer noopener">Normativa cabalgata i pólvora</a></p>



<p><i class="fas fa-file-pdf"></i> <a href="https://aldaia.es/wp-content/uploads/2025/07/Fitxa-dinscripcio-cavalcada.docx" target="_blank" rel="noreferrer noopener">Ficha inscripción Cabalgata 2025</a> </p>
</div>
</div>



<div style="height:37px" aria-hidden="true" class="wp-block-spacer"></div>

<!-- This site is optimized with the Yoast SEO plugin v27.0 - https://yoast.com/product/yoast-seo-wordpress/ -->
<title>Fiestas mayores - Ayuntamiento de Aldaia</title>
<meta name="description" content="Las Fiestas Mayores de Aldaia ofrecen muchas posibilidades: fiestas de la cultura, el deporte, el patrimonio y la tradición de Aldaia." />
<meta name="robots" content="index, follow, max-snippet:-1, max-image-preview:large, max-video-preview:-1" />
<link rel="canonical" href="https://aldaia.es/es/fiestas/fiestas-mayores/" />
<meta property="og:locale" content="es_ES" />
<meta property="og:type" content="article" />
<meta property="og:title" content="Fiestas mayores - Ayuntamiento de Aldaia" />
<meta property="og:description" content="Las Fiestas Mayores de Aldaia ofrecen muchas posibilidades: fiestas de la cultura, el deporte, el patrimonio y la tradición de Aldaia." />
<meta property="og:url" content="https://aldaia.es/es/fiestas/fiestas-mayores/" />
<meta property="og:site_name" content="Ayuntamiento de Aldaia" />
<meta property="article:modified_time" content="2025-07-15T07:48:44+00:00" />
<script type="application/ld+json" class="yoast-schema-graph">{"@context":"https://schema.org","@graph":[{"@type":"WebPage","@id":"https://aldaia.es/es/fiestas/fiestas-mayores/","url":"https://aldaia.es/es/fiestas/fiestas-mayores/","name":"Fiestas mayores - Ayuntamiento de Aldaia","isPartOf":{"@id":"https://aldaia.es/es/#website"},"datePublished":"2022-08-30T09:21:46+00:00","dateModified":"2025-07-15T07:48:44+00:00","description":"Las Fiestas Mayores de Aldaia ofrecen muchas posibilidades: fiestas de la cultura, el deporte, el patrimonio y la tradición de Aldaia.","breadcrumb":{"@id":"https://aldaia.es/es/fiestas/fiestas-mayores/#breadcrumb"},"inLanguage":"es","potentialAction":[{"@type":"ReadAction","target":["https://aldaia.es/es/fiestas/fiestas-mayores/"]}]},{"@type":"BreadcrumbList","@id":"https://aldaia.es/es/fiestas/fiestas-mayores/#breadcrumb","itemListElement":[{"@type":"ListItem","position":1,"name":"Portada","item":"https://aldaia.es/es/"},{"@type":"ListItem","position":2,"name":"Fiestas","item":"https://aldaia.es/es/fiestas/"},{"@type":"ListItem","position":3,"name":"Fiestas mayores"}]},{"@type":"WebSite","@id":"https://aldaia.es/es/#website","url":"https://aldaia.es/es/","name":"Ajuntament D'Aldaia","description":"","publisher":{"@id":"https://aldaia.es/es/#organization"},"alternateName":"Ajuntament D'Aldaia","potentialAction":[{"@type":"SearchAction","target":{"@type":"EntryPoint","urlTemplate":"https://aldaia.es/es/?s={search_term_string}"},"query-input":{"@type":"PropertyValueSpecification","valueRequired":true,"valueName":"search_term_string"}}],"inLanguage":"es"},{"@type":"Organization","@id":"https://aldaia.es/es/#organization","name":"Ajuntament D'Aldaia","url":"https://aldaia.es/es/","logo":{"@type":"ImageObject","inLanguage":"es","@id":"https://aldaia.es/es/#/schema/logo/image/","url":"https://aldaia.es/wp-content/uploads/2022/06/aldaia-negro-1.png","contentUrl":"https://aldaia.es/wp-content/uploads/2022/06/aldaia-negro-1.png","width":152,"height":70,"caption":"Ajuntament D'Aldaia"},"image":{"@id":"https://aldaia.es/es/#/schema/logo/image/"}}]}</script>
<!-- / Yoast SEO plugin. -->

Las Fiestas Mayores de Aldaia ofrecen muchas posibilidades: fiestas de la cultura, el deporte, el patrimonio y la tradición de Aldaia.
