{"id":6507,"date":"2022-08-30T09:29:32","date_gmt":"2022-08-30T07:29:32","guid":{"rendered":"https:\/\/aldaia.eu\/semana-de-la-movilidad\/"},"modified":"2025-10-28T13:59:31","modified_gmt":"2025-10-28T12:59:31","slug":"semana-de-la-movilidad","status":"publish","type":"page","link":"https:\/\/aldaia.es\/es\/semana-de-la-movilidad\/","title":{"rendered":"Semana de la Movilidad"},"content":{"rendered":"\n<div class=\"wp-block-columns is-not-stacked-on-mobile dep-urbanismo is-layout-flex wp-container-core-columns-is-layout-9d6595d7 wp-block-columns-is-layout-flex\">\n<div class=\"wp-block-column is-layout-flow wp-block-column-is-layout-flow\" style=\"flex-basis:30%\"><!--  Info urbanismo -->\n\n \n\n<div class='bloque-infos-urbanismo wrapper-departamentos'>\n<p class=\"tit-bloque-infos\">Departamento de Urbanismo y Medio ambiente<\/p>\n        <div class='infos-departamento'>\n            <p>Plaza Constituci\u00f3n, 10, 46960 Aldaia Valencia<\/p>\n            <p><i class=\"fa fa-phone\" aria-hidden=\"true\"><\/i> <a href=\"tel:+34961501500\">+34 96 150 15 00<\/a><\/p>\n            <p><i class=\"fa fa-phone\" aria-hidden=\"true\"><\/i> <a href=\"tel:+34961510693\">+34 96 151 06 93<\/a><\/p>\n            <p><i class=\"fas fa-envelope\"><\/i> <a href=\"mailto:urbanisme@ajuntamentaldaia.org\">urbanisme@ajuntamentaldaia.org<\/a><\/p>\n            \n        <\/div>\n\n        <div class='mapa-1'>\n        <iframe src=\"https:\/\/www.google.com\/maps\/embed?pb=!1m18!1m12!1m3!1d622.7679968418242!2d-0.4608059177881311!3d39.465164288659615!2m3!1f0!2f0!3f0!3m2!1i1024!2i768!4f13.1!3m3!1m2!1s0xd6051b0ac582aed%3A0xd3a2ed9d1d945ab0!2sAyuntamiento%20de%20Aldaya!5e0!3m2!1ses!2sus!4v1725979182758!5m2!1ses!2sus\" width=\"100%\" height=\"450\" style=\"border:0;\" allowfullscreen=\"\" loading=\"lazy\" referrerpolicy=\"no-referrer-when-downgrade\"><\/iframe>\n        <\/div>\n\n    <\/div>\n    <!-- end bloque infos -->\n   \n\n    \n\n\n<\/div>\n\n\n\n<div class=\"wp-block-column is-layout-flow wp-block-column-is-layout-flow\" style=\"flex-basis:70%\">\n<h1 class=\"wp-block-heading\">Semana de la Movilidad<\/h1>\n\n\n\n<p>La movilidad urbana es el conjunto de desplazamientos, tanto de personas como de mercanc\u00edas, que se producen en una ciudad con el objetivo de recorrer la distancia que separa a un lugar de otro. Suele clasificarse la movilidad urbana en transporte p\u00fablico y privado. Los movimientos que se realizan en las ciudades pueden ser no motorizados, peatonales, en bicicleta, patinete, patines, etc. o motorizadas en moto, coche, furgoneta, trailer, autob\u00fas, tranv\u00eda, tren\u2026<\/p>\n\n\n\n<p>Aldaia camina en una clara direcci\u00f3n y el reto de convertirse en smartcity con varios objetivos: reducir a la contaminaci\u00f3n medioambiental y hacer de nuestra ciudad un lugar mejor para vivir, con diversas iniciativas puestas en marcha como por ejemplo las plazas de aparcamiento Inteligente, el transporte p\u00fablico, la concienciaci\u00f3n y varias campa\u00f1as\u2026<\/p>\n\n\n\n<figure class=\"wp-block-image size-large\"><img decoding=\"async\" src=\"https:\/\/aldaia.es\/wp-content\/uploads\/2022\/09\/pump-1068x801.jpeg\" alt=\"semana mobilidad aldaia\"\/><\/figure>\n<\/div>\n<\/div>\n\n\n\n<h2 class=\"wp-block-heading display-4\">Semana Europea de la Movilidad en Aldaia 2025<\/h2>\n\n\n\n<p>Aldaia se suma un a\u00f1o m\u00e1s a la celebraci\u00f3n de la Semana Europea de la Movilidad:<\/p>\n\n\n\n<div class=\"wp-block-columns is-layout-flex wp-container-core-columns-is-layout-9d6595d7 wp-block-columns-is-layout-flex\">\n<div class=\"wp-block-column lista_adjuntos is-layout-flow wp-block-column-is-layout-flow\">\n<h2 class=\"wp-block-heading  display-4\">Adjuntos<\/h2>\n\n\n\n<p><i class=\"fas fa-link\"><\/i> <a href=\"https:\/\/aldaia.es\/wp-content\/uploads\/2025\/10\/Dibuixos-guanaydors-del-concurs-Aldaia-Sostenible-2025_compressed-1.pdf\">&#8216;La bici dels meus somnis 2025&#8217;<\/a><\/p>\n<\/div>\n<\/div>\n\n\n\n<div class=\"wp-block-columns is-layout-flex wp-container-core-columns-is-layout-9d6595d7 wp-block-columns-is-layout-flex\">\n<div class=\"wp-block-column lista_adjuntos is-layout-flow wp-block-column-is-layout-flow\">\n<h2 class=\"wp-block-heading  display-4\">Enlaces<\/h2>\n\n\n\n<p><i class=\"fas fa-link\"><\/i> <a href=\"\/?p=16805\" target=\"_blank\" rel=\"noreferrer noopener\">Aldaia celebra la V Setmana Europea de la Mobilitat<\/a><\/p>\n\n\n\n<p><i class=\"fas fa-link\"><\/i> <a href=\"\/?p=19003\" target=\"_blank\" rel=\"noreferrer noopener\">Aldaia regala 17 bicicletes per la mobilitat sostenible en la V edici\u00f3 de \u2018La bici del meus somnis\u2019<\/a><\/p>\n\n\n\n<p><i class=\"fas fa-link\"><\/i> <a href=\"https:\/\/transparencia.aldaia.es\/va\/general\/page\/setmana-mobilitat\" target=\"_blank\" rel=\"noreferrer noopener\">Semana de la mobilitat 2021<\/a><\/p>\n<\/div>\n<\/div>\n\n\n\n<p><\/p>\n","protected":false},"excerpt":{"rendered":"<p>Semana de la Movilidad La movilidad urbana es el conjunto de desplazamientos, tanto de personas como de mercanc\u00edas, que se producen en una ciudad con el objetivo de recorrer la <a class=\"text-decoration-none text-black\" href=\"https:\/\/aldaia.es\/es\/semana-de-la-movilidad\/\"> &#8230; <\/a><\/p>\n","protected":false},"author":1,"featured_media":0,"parent":0,"menu_order":0,"comment_status":"closed","ping_status":"closed","template":"basic-page-departamentos.php","meta":{"_acf_changed":false,"footnotes":""},"class_list":["post-6507","page","type-page","status-publish","hentry"],"acf":[],"yoast_head":"<!-- This site is optimized with the Yoast SEO plugin v27.0 - https:\/\/yoast.com\/product\/yoast-seo-wordpress\/ -->\n<title>Semana de la Movilidad - Ayuntamiento de Aldaia<\/title>\n<meta name=\"robots\" content=\"index, follow, max-snippet:-1, max-image-preview:large, max-video-preview:-1\" \/>\n<link rel=\"canonical\" href=\"https:\/\/aldaia.es\/es\/semana-de-la-movilidad\/\" \/>\n<meta property=\"og:locale\" content=\"es_ES\" \/>\n<meta property=\"og:type\" content=\"article\" \/>\n<meta property=\"og:title\" content=\"Semana de la Movilidad - Ayuntamiento de Aldaia\" \/>\n<meta property=\"og:description\" content=\"Semana de la Movilidad La movilidad urbana es el conjunto de desplazamientos, tanto de personas como de mercanc\u00edas, que se producen en una ciudad con el objetivo de recorrer la ...\" \/>\n<meta property=\"og:url\" content=\"https:\/\/aldaia.es\/es\/semana-de-la-movilidad\/\" \/>\n<meta property=\"og:site_name\" content=\"Ayuntamiento de Aldaia\" \/>\n<meta property=\"article:modified_time\" content=\"2025-10-28T12:59:31+00:00\" \/>\n<meta property=\"og:image\" content=\"https:\/\/aldaia.es\/wp-content\/uploads\/2022\/09\/pump-1068x801.jpeg\" \/>\n<script type=\"application\/ld+json\" class=\"yoast-schema-graph\">{\"@context\":\"https:\/\/schema.org\",\"@graph\":[{\"@type\":\"WebPage\",\"@id\":\"https:\/\/aldaia.es\/es\/semana-de-la-movilidad\/\",\"url\":\"https:\/\/aldaia.es\/es\/semana-de-la-movilidad\/\",\"name\":\"Semana de la Movilidad - Ayuntamiento de Aldaia\",\"isPartOf\":{\"@id\":\"https:\/\/aldaia.es\/es\/#website\"},\"primaryImageOfPage\":{\"@id\":\"https:\/\/aldaia.es\/es\/semana-de-la-movilidad\/#primaryimage\"},\"image\":{\"@id\":\"https:\/\/aldaia.es\/es\/semana-de-la-movilidad\/#primaryimage\"},\"thumbnailUrl\":\"https:\/\/aldaia.es\/wp-content\/uploads\/2022\/09\/pump-1068x801.jpeg\",\"datePublished\":\"2022-08-30T07:29:32+00:00\",\"dateModified\":\"2025-10-28T12:59:31+00:00\",\"breadcrumb\":{\"@id\":\"https:\/\/aldaia.es\/es\/semana-de-la-movilidad\/#breadcrumb\"},\"inLanguage\":\"es\",\"potentialAction\":[{\"@type\":\"ReadAction\",\"target\":[\"https:\/\/aldaia.es\/es\/semana-de-la-movilidad\/\"]}]},{\"@type\":\"ImageObject\",\"inLanguage\":\"es\",\"@id\":\"https:\/\/aldaia.es\/es\/semana-de-la-movilidad\/#primaryimage\",\"url\":\"https:\/\/aldaia.es\/wp-content\/uploads\/2022\/09\/pump-1068x801.jpeg\",\"contentUrl\":\"https:\/\/aldaia.es\/wp-content\/uploads\/2022\/09\/pump-1068x801.jpeg\"},{\"@type\":\"BreadcrumbList\",\"@id\":\"https:\/\/aldaia.es\/es\/semana-de-la-movilidad\/#breadcrumb\",\"itemListElement\":[{\"@type\":\"ListItem\",\"position\":1,\"name\":\"Portada\",\"item\":\"https:\/\/aldaia.es\/es\/\"},{\"@type\":\"ListItem\",\"position\":2,\"name\":\"Semana de la Movilidad\"}]},{\"@type\":\"WebSite\",\"@id\":\"https:\/\/aldaia.es\/es\/#website\",\"url\":\"https:\/\/aldaia.es\/es\/\",\"name\":\"Ajuntament D'Aldaia\",\"description\":\"\",\"publisher\":{\"@id\":\"https:\/\/aldaia.es\/es\/#organization\"},\"alternateName\":\"Ajuntament D'Aldaia\",\"potentialAction\":[{\"@type\":\"SearchAction\",\"target\":{\"@type\":\"EntryPoint\",\"urlTemplate\":\"https:\/\/aldaia.es\/es\/?s={search_term_string}\"},\"query-input\":{\"@type\":\"PropertyValueSpecification\",\"valueRequired\":true,\"valueName\":\"search_term_string\"}}],\"inLanguage\":\"es\"},{\"@type\":\"Organization\",\"@id\":\"https:\/\/aldaia.es\/es\/#organization\",\"name\":\"Ajuntament D'Aldaia\",\"url\":\"https:\/\/aldaia.es\/es\/\",\"logo\":{\"@type\":\"ImageObject\",\"inLanguage\":\"es\",\"@id\":\"https:\/\/aldaia.es\/es\/#\/schema\/logo\/image\/\",\"url\":\"https:\/\/aldaia.es\/wp-content\/uploads\/2022\/06\/aldaia-negro-1.png\",\"contentUrl\":\"https:\/\/aldaia.es\/wp-content\/uploads\/2022\/06\/aldaia-negro-1.png\",\"width\":152,\"height\":70,\"caption\":\"Ajuntament D'Aldaia\"},\"image\":{\"@id\":\"https:\/\/aldaia.es\/es\/#\/schema\/logo\/image\/\"}}]}<\/script>\n<!-- \/ Yoast SEO plugin. -->","yoast_head_json":{"title":"Semana de la Movilidad - Ayuntamiento de Aldaia","robots":{"index":"index","follow":"follow","max-snippet":"max-snippet:-1","max-image-preview":"max-image-preview:large","max-video-preview":"max-video-preview:-1"},"canonical":"https:\/\/aldaia.es\/es\/semana-de-la-movilidad\/","og_locale":"es_ES","og_type":"article","og_title":"Semana de la Movilidad - Ayuntamiento de Aldaia","og_description":"Semana de la Movilidad La movilidad urbana es el conjunto de desplazamientos, tanto de personas como de mercanc\u00edas, que se producen en una ciudad con el objetivo de recorrer la ...","og_url":"https:\/\/aldaia.es\/es\/semana-de-la-movilidad\/","og_site_name":"Ayuntamiento de Aldaia","article_modified_time":"2025-10-28T12:59:31+00:00","og_image":[{"url":"https:\/\/aldaia.es\/wp-content\/uploads\/2022\/09\/pump-1068x801.jpeg","type":"","width":"","height":""}],"schema":{"@context":"https:\/\/schema.org","@graph":[{"@type":"WebPage","@id":"https:\/\/aldaia.es\/es\/semana-de-la-movilidad\/","url":"https:\/\/aldaia.es\/es\/semana-de-la-movilidad\/","name":"Semana de la Movilidad - Ayuntamiento de Aldaia","isPartOf":{"@id":"https:\/\/aldaia.es\/es\/#website"},"primaryImageOfPage":{"@id":"https:\/\/aldaia.es\/es\/semana-de-la-movilidad\/#primaryimage"},"image":{"@id":"https:\/\/aldaia.es\/es\/semana-de-la-movilidad\/#primaryimage"},"thumbnailUrl":"https:\/\/aldaia.es\/wp-content\/uploads\/2022\/09\/pump-1068x801.jpeg","datePublished":"2022-08-30T07:29:32+00:00","dateModified":"2025-10-28T12:59:31+00:00","breadcrumb":{"@id":"https:\/\/aldaia.es\/es\/semana-de-la-movilidad\/#breadcrumb"},"inLanguage":"es","potentialAction":[{"@type":"ReadAction","target":["https:\/\/aldaia.es\/es\/semana-de-la-movilidad\/"]}]},{"@type":"ImageObject","inLanguage":"es","@id":"https:\/\/aldaia.es\/es\/semana-de-la-movilidad\/#primaryimage","url":"https:\/\/aldaia.es\/wp-content\/uploads\/2022\/09\/pump-1068x801.jpeg","contentUrl":"https:\/\/aldaia.es\/wp-content\/uploads\/2022\/09\/pump-1068x801.jpeg"},{"@type":"BreadcrumbList","@id":"https:\/\/aldaia.es\/es\/semana-de-la-movilidad\/#breadcrumb","itemListElement":[{"@type":"ListItem","position":1,"name":"Portada","item":"https:\/\/aldaia.es\/es\/"},{"@type":"ListItem","position":2,"name":"Semana de la Movilidad"}]},{"@type":"WebSite","@id":"https:\/\/aldaia.es\/es\/#website","url":"https:\/\/aldaia.es\/es\/","name":"Ajuntament D'Aldaia","description":"","publisher":{"@id":"https:\/\/aldaia.es\/es\/#organization"},"alternateName":"Ajuntament D'Aldaia","potentialAction":[{"@type":"SearchAction","target":{"@type":"EntryPoint","urlTemplate":"https:\/\/aldaia.es\/es\/?s={search_term_string}"},"query-input":{"@type":"PropertyValueSpecification","valueRequired":true,"valueName":"search_term_string"}}],"inLanguage":"es"},{"@type":"Organization","@id":"https:\/\/aldaia.es\/es\/#organization","name":"Ajuntament D'Aldaia","url":"https:\/\/aldaia.es\/es\/","logo":{"@type":"ImageObject","inLanguage":"es","@id":"https:\/\/aldaia.es\/es\/#\/schema\/logo\/image\/","url":"https:\/\/aldaia.es\/wp-content\/uploads\/2022\/06\/aldaia-negro-1.png","contentUrl":"https:\/\/aldaia.es\/wp-content\/uploads\/2022\/06\/aldaia-negro-1.png","width":152,"height":70,"caption":"Ajuntament D'Aldaia"},"image":{"@id":"https:\/\/aldaia.es\/es\/#\/schema\/logo\/image\/"}}]}},"_links":{"self":[{"href":"https:\/\/aldaia.es\/es\/wp-json\/wp\/v2\/pages\/6507","targetHints":{"allow":["GET"]}}],"collection":[{"href":"https:\/\/aldaia.es\/es\/wp-json\/wp\/v2\/pages"}],"about":[{"href":"https:\/\/aldaia.es\/es\/wp-json\/wp\/v2\/types\/page"}],"author":[{"embeddable":true,"href":"https:\/\/aldaia.es\/es\/wp-json\/wp\/v2\/users\/1"}],"replies":[{"embeddable":true,"href":"https:\/\/aldaia.es\/es\/wp-json\/wp\/v2\/comments?post=6507"}],"version-history":[{"count":11,"href":"https:\/\/aldaia.es\/es\/wp-json\/wp\/v2\/pages\/6507\/revisions"}],"predecessor-version":[{"id":39474,"href":"https:\/\/aldaia.es\/es\/wp-json\/wp\/v2\/pages\/6507\/revisions\/39474"}],"wp:attachment":[{"href":"https:\/\/aldaia.es\/es\/wp-json\/wp\/v2\/media?parent=6507"}],"curies":[{"name":"wp","href":"https:\/\/api.w.org\/{rel}","templated":true}]}}

<div class="wp-block-columns is-not-stacked-on-mobile dep-urbanismo is-layout-flex wp-container-core-columns-is-layout-9d6595d7 wp-block-columns-is-layout-flex">
<div class="wp-block-column is-layout-flow wp-block-column-is-layout-flow" style="flex-basis:30%"><!--  Info urbanismo -->

 

<div class='bloque-infos-urbanismo wrapper-departamentos'>
<p class="tit-bloque-infos">Departamento de Urbanismo y Medio ambiente</p>
        <div class='infos-departamento'>
            <p>Plaza Constitución, 10, 46960 Aldaia Valencia</p>
            <p><i class="fa fa-phone" aria-hidden="true"></i> <a href="tel:+34961501500">+34 96 150 15 00</a></p>
            <p><i class="fa fa-phone" aria-hidden="true"></i> <a href="tel:+34961510693">+34 96 151 06 93</a></p>
            <p><i class="fas fa-envelope"></i> <a href="mailto:urbanisme@ajuntamentaldaia.org">urbanisme@ajuntamentaldaia.org</a></p>
            
        </div>

        <div class='mapa-1'>
        <iframe src="https://www.google.com/maps/embed?pb=!1m18!1m12!1m3!1d622.7679968418242!2d-0.4608059177881311!3d39.465164288659615!2m3!1f0!2f0!3f0!3m2!1i1024!2i768!4f13.1!3m3!1m2!1s0xd6051b0ac582aed%3A0xd3a2ed9d1d945ab0!2sAyuntamiento%20de%20Aldaya!5e0!3m2!1ses!2sus!4v1725979182758!5m2!1ses!2sus" width="100%" height="450" style="border:0;" allowfullscreen="" loading="lazy" referrerpolicy="no-referrer-when-downgrade"></iframe>
        </div>

    </div>
    <!-- end bloque infos -->
   

    


</div>



<div class="wp-block-column is-layout-flow wp-block-column-is-layout-flow" style="flex-basis:70%">
<h1 class="wp-block-heading">Semana de la Movilidad</h1>



<p>La movilidad urbana es el conjunto de desplazamientos, tanto de personas como de mercancías, que se producen en una ciudad con el objetivo de recorrer la distancia que separa a un lugar de otro. Suele clasificarse la movilidad urbana en transporte público y privado. Los movimientos que se realizan en las ciudades pueden ser no motorizados, peatonales, en bicicleta, patinete, patines, etc. o motorizadas en moto, coche, furgoneta, trailer, autobús, tranvía, tren…</p>



<p>Aldaia camina en una clara dirección y el reto de convertirse en smartcity con varios objetivos: reducir a la contaminación medioambiental y hacer de nuestra ciudad un lugar mejor para vivir, con diversas iniciativas puestas en marcha como por ejemplo las plazas de aparcamiento Inteligente, el transporte público, la concienciación y varias campañas…</p>



<figure class="wp-block-image size-large"><img decoding="async" src="https://aldaia.es/wp-content/uploads/2022/09/pump-1068x801.jpeg" alt="semana mobilidad aldaia"/></figure>
</div>
</div>



<h2 class="wp-block-heading display-4">Semana Europea de la Movilidad en Aldaia 2025</h2>



<p>Aldaia se suma un año más a la celebración de la Semana Europea de la Movilidad:</p>



<div class="wp-block-columns is-layout-flex wp-container-core-columns-is-layout-9d6595d7 wp-block-columns-is-layout-flex">
<div class="wp-block-column lista_adjuntos is-layout-flow wp-block-column-is-layout-flow">
<h2 class="wp-block-heading  display-4">Adjuntos</h2>



<p><i class="fas fa-link"></i> <a href="https://aldaia.es/wp-content/uploads/2025/10/Dibuixos-guanaydors-del-concurs-Aldaia-Sostenible-2025_compressed-1.pdf">&#8216;La bici dels meus somnis 2025&#8217;</a></p>
</div>
</div>



<div class="wp-block-columns is-layout-flex wp-container-core-columns-is-layout-9d6595d7 wp-block-columns-is-layout-flex">
<div class="wp-block-column lista_adjuntos is-layout-flow wp-block-column-is-layout-flow">
<h2 class="wp-block-heading  display-4">Enlaces</h2>



<p><i class="fas fa-link"></i> <a href="/?p=16805" target="_blank" rel="noreferrer noopener">Aldaia celebra la V Setmana Europea de la Mobilitat</a></p>



<p><i class="fas fa-link"></i> <a href="/?p=19003" target="_blank" rel="noreferrer noopener">Aldaia regala 17 bicicletes per la mobilitat sostenible en la V edició de ‘La bici del meus somnis’</a></p>



<p><i class="fas fa-link"></i> <a href="https://transparencia.aldaia.es/va/general/page/setmana-mobilitat" target="_blank" rel="noreferrer noopener">Semana de la mobilitat 2021</a></p>
</div>
</div>



<p></p>

<p>Semana de la Movilidad La movilidad urbana es el conjunto de desplazamientos, tanto de personas como de mercancías, que se producen en una ciudad con el objetivo de recorrer la <a class="text-decoration-none text-black" href="https://aldaia.es/es/semana-de-la-movilidad/"> &#8230; </a></p>

<!-- This site is optimized with the Yoast SEO plugin v27.0 - https://yoast.com/product/yoast-seo-wordpress/ -->
<title>Semana de la Movilidad - Ayuntamiento de Aldaia</title>
<meta name="robots" content="index, follow, max-snippet:-1, max-image-preview:large, max-video-preview:-1" />
<link rel="canonical" href="https://aldaia.es/es/semana-de-la-movilidad/" />
<meta property="og:locale" content="es_ES" />
<meta property="og:type" content="article" />
<meta property="og:title" content="Semana de la Movilidad - Ayuntamiento de Aldaia" />
<meta property="og:description" content="Semana de la Movilidad La movilidad urbana es el conjunto de desplazamientos, tanto de personas como de mercancías, que se producen en una ciudad con el objetivo de recorrer la ..." />
<meta property="og:url" content="https://aldaia.es/es/semana-de-la-movilidad/" />
<meta property="og:site_name" content="Ayuntamiento de Aldaia" />
<meta property="article:modified_time" content="2025-10-28T12:59:31+00:00" />
<meta property="og:image" content="https://aldaia.es/wp-content/uploads/2022/09/pump-1068x801.jpeg" />
<script type="application/ld+json" class="yoast-schema-graph">{"@context":"https://schema.org","@graph":[{"@type":"WebPage","@id":"https://aldaia.es/es/semana-de-la-movilidad/","url":"https://aldaia.es/es/semana-de-la-movilidad/","name":"Semana de la Movilidad - Ayuntamiento de Aldaia","isPartOf":{"@id":"https://aldaia.es/es/#website"},"primaryImageOfPage":{"@id":"https://aldaia.es/es/semana-de-la-movilidad/#primaryimage"},"image":{"@id":"https://aldaia.es/es/semana-de-la-movilidad/#primaryimage"},"thumbnailUrl":"https://aldaia.es/wp-content/uploads/2022/09/pump-1068x801.jpeg","datePublished":"2022-08-30T07:29:32+00:00","dateModified":"2025-10-28T12:59:31+00:00","breadcrumb":{"@id":"https://aldaia.es/es/semana-de-la-movilidad/#breadcrumb"},"inLanguage":"es","potentialAction":[{"@type":"ReadAction","target":["https://aldaia.es/es/semana-de-la-movilidad/"]}]},{"@type":"ImageObject","inLanguage":"es","@id":"https://aldaia.es/es/semana-de-la-movilidad/#primaryimage","url":"https://aldaia.es/wp-content/uploads/2022/09/pump-1068x801.jpeg","contentUrl":"https://aldaia.es/wp-content/uploads/2022/09/pump-1068x801.jpeg"},{"@type":"BreadcrumbList","@id":"https://aldaia.es/es/semana-de-la-movilidad/#breadcrumb","itemListElement":[{"@type":"ListItem","position":1,"name":"Portada","item":"https://aldaia.es/es/"},{"@type":"ListItem","position":2,"name":"Semana de la Movilidad"}]},{"@type":"WebSite","@id":"https://aldaia.es/es/#website","url":"https://aldaia.es/es/","name":"Ajuntament D'Aldaia","description":"","publisher":{"@id":"https://aldaia.es/es/#organization"},"alternateName":"Ajuntament D'Aldaia","potentialAction":[{"@type":"SearchAction","target":{"@type":"EntryPoint","urlTemplate":"https://aldaia.es/es/?s={search_term_string}"},"query-input":{"@type":"PropertyValueSpecification","valueRequired":true,"valueName":"search_term_string"}}],"inLanguage":"es"},{"@type":"Organization","@id":"https://aldaia.es/es/#organization","name":"Ajuntament D'Aldaia","url":"https://aldaia.es/es/","logo":{"@type":"ImageObject","inLanguage":"es","@id":"https://aldaia.es/es/#/schema/logo/image/","url":"https://aldaia.es/wp-content/uploads/2022/06/aldaia-negro-1.png","contentUrl":"https://aldaia.es/wp-content/uploads/2022/06/aldaia-negro-1.png","width":152,"height":70,"caption":"Ajuntament D'Aldaia"},"image":{"@id":"https://aldaia.es/es/#/schema/logo/image/"}}]}</script>
<!-- / Yoast SEO plugin. -->

Semana de la Movilidad La movilidad urbana es el conjunto de desplazamientos, tanto de personas como de mercancías, que se producen en una ciudad con el objetivo de recorrer la ...
