{"id":6511,"date":"2022-08-30T11:40:53","date_gmt":"2022-08-30T09:40:53","guid":{"rendered":"https:\/\/aldaia.eu\/transporte\/"},"modified":"2026-01-14T14:03:12","modified_gmt":"2026-01-14T13:03:12","slug":"transporte","status":"publish","type":"page","link":"https:\/\/aldaia.es\/es\/transporte\/","title":{"rendered":"Transporte"},"content":{"rendered":"\n<p><i class=\"fas fa-link\"><\/i> <a href=\"https:\/\/transviago.com\/fernanbus\/\" target=\"_blank\" rel=\"noreferrer noopener\">Transviago Fernanbus<\/a><\/p>\n\n\n\n<p><i class=\"fas fa-link\"><\/i> <a href=\"https:\/\/metgovalencia.com\/\">L\u00edneas de BUS<\/a><\/p>\n\n\n\n<p><i class=\"fas fa-link\"><\/i> <a href=\"https:\/\/aldaia.es\/wp-content\/uploads\/2025\/02\/formularitransport.png\">Tarjeta &#8216;Recuperem Val\u00e8ncia&#8217;<\/a><\/p>\n\n\n\n<p><i class=\"fas fa-link\"><\/i> <a href=\"https:\/\/www.renfe.com\/es\/es\/cercanias\/cercanias-valencia\/horarios#\/buscar\">RENFE CERCAN\u00cdAS<\/a><\/p>\n\n\n\n<p><i class=\"fas fa-link\"><\/i> <a href=\"https:\/\/tiempo-real.renfe.com\/\">RENFE a tiempo real<\/a><\/p>\n\n\n\n<p><i class=\"fas fa-link\"><\/i> <a href=\"https:\/\/www.mibisivalencia.es\/\">MIBISI <\/a><\/p>\n\n\n\n<p><i class=\"fas fa-link\"><\/i> <a href=\"https:\/\/aldaia.es\/wp-content\/uploads\/2026\/01\/Horario-tren.pdf\">Horario trenes Aldaia<\/a><\/p>\n\n\n\n<p><i class=\"fas fa-link\"><\/i> <a href=\"https:\/\/aldaia.es\/wp-content\/uploads\/2026\/01\/Horarios-autobus-Utiel.pdf\">Bus Utiel (por Aldaia)<\/a><\/p>\n\n\n\n<p><i class=\"fas fa-link\"><\/i> <a href=\"https:\/\/aldaia.es\/wp-content\/uploads\/2026\/01\/Horario-autobus-Loriguilla.pdf\">Bus Loriguilla (por Aldaia)<\/a><\/p>\n","protected":false},"excerpt":{"rendered":"<p>Transviago Fernanbus L\u00edneas de BUS Tarjeta &#8216;Recuperem Val\u00e8ncia&#8217; RENFE CERCAN\u00cdAS RENFE a tiempo real MIBISI Horario trenes Aldaia Bus Utiel (por Aldaia) Bus Loriguilla (por Aldaia) <a class=\"text-decoration-none text-black\" href=\"https:\/\/aldaia.es\/es\/transporte\/\"> &#8230; <\/a><\/p>\n","protected":false},"author":1,"featured_media":0,"parent":0,"menu_order":0,"comment_status":"closed","ping_status":"closed","template":"basic-page-title.php","meta":{"_acf_changed":false,"footnotes":""},"class_list":["post-6511","page","type-page","status-publish","hentry"],"acf":[],"yoast_head":"<!-- This site is optimized with the Yoast SEO plugin v27.0 - https:\/\/yoast.com\/product\/yoast-seo-wordpress\/ -->\n<title>Transporte - Ayuntamiento de Aldaia<\/title>\n<meta name=\"robots\" content=\"index, follow, max-snippet:-1, max-image-preview:large, max-video-preview:-1\" \/>\n<link rel=\"canonical\" href=\"https:\/\/aldaia.es\/es\/transporte\/\" \/>\n<meta property=\"og:locale\" content=\"es_ES\" \/>\n<meta property=\"og:type\" content=\"article\" \/>\n<meta property=\"og:title\" content=\"Transporte - Ayuntamiento de Aldaia\" \/>\n<meta property=\"og:description\" content=\"Transviago Fernanbus L\u00edneas de BUS Tarjeta &#8216;Recuperem Val\u00e8ncia&#8217; RENFE CERCAN\u00cdAS RENFE a tiempo real MIBISI Horario trenes Aldaia Bus Utiel (por Aldaia) Bus Loriguilla (por Aldaia) ...\" \/>\n<meta property=\"og:url\" content=\"https:\/\/aldaia.es\/es\/transporte\/\" \/>\n<meta property=\"og:site_name\" content=\"Ayuntamiento de Aldaia\" \/>\n<meta property=\"article:modified_time\" content=\"2026-01-14T13:03:12+00:00\" \/>\n<script type=\"application\/ld+json\" class=\"yoast-schema-graph\">{\"@context\":\"https:\/\/schema.org\",\"@graph\":[{\"@type\":\"WebPage\",\"@id\":\"https:\/\/aldaia.es\/es\/transporte\/\",\"url\":\"https:\/\/aldaia.es\/es\/transporte\/\",\"name\":\"Transporte - Ayuntamiento de Aldaia\",\"isPartOf\":{\"@id\":\"https:\/\/aldaia.es\/es\/#website\"},\"datePublished\":\"2022-08-30T09:40:53+00:00\",\"dateModified\":\"2026-01-14T13:03:12+00:00\",\"breadcrumb\":{\"@id\":\"https:\/\/aldaia.es\/es\/transporte\/#breadcrumb\"},\"inLanguage\":\"es\",\"potentialAction\":[{\"@type\":\"ReadAction\",\"target\":[\"https:\/\/aldaia.es\/es\/transporte\/\"]}]},{\"@type\":\"BreadcrumbList\",\"@id\":\"https:\/\/aldaia.es\/es\/transporte\/#breadcrumb\",\"itemListElement\":[{\"@type\":\"ListItem\",\"position\":1,\"name\":\"Portada\",\"item\":\"https:\/\/aldaia.es\/es\/\"},{\"@type\":\"ListItem\",\"position\":2,\"name\":\"Transporte\"}]},{\"@type\":\"WebSite\",\"@id\":\"https:\/\/aldaia.es\/es\/#website\",\"url\":\"https:\/\/aldaia.es\/es\/\",\"name\":\"Ajuntament D'Aldaia\",\"description\":\"\",\"publisher\":{\"@id\":\"https:\/\/aldaia.es\/es\/#organization\"},\"alternateName\":\"Ajuntament D'Aldaia\",\"potentialAction\":[{\"@type\":\"SearchAction\",\"target\":{\"@type\":\"EntryPoint\",\"urlTemplate\":\"https:\/\/aldaia.es\/es\/?s={search_term_string}\"},\"query-input\":{\"@type\":\"PropertyValueSpecification\",\"valueRequired\":true,\"valueName\":\"search_term_string\"}}],\"inLanguage\":\"es\"},{\"@type\":\"Organization\",\"@id\":\"https:\/\/aldaia.es\/es\/#organization\",\"name\":\"Ajuntament D'Aldaia\",\"url\":\"https:\/\/aldaia.es\/es\/\",\"logo\":{\"@type\":\"ImageObject\",\"inLanguage\":\"es\",\"@id\":\"https:\/\/aldaia.es\/es\/#\/schema\/logo\/image\/\",\"url\":\"https:\/\/aldaia.es\/wp-content\/uploads\/2022\/06\/aldaia-negro-1.png\",\"contentUrl\":\"https:\/\/aldaia.es\/wp-content\/uploads\/2022\/06\/aldaia-negro-1.png\",\"width\":152,\"height\":70,\"caption\":\"Ajuntament D'Aldaia\"},\"image\":{\"@id\":\"https:\/\/aldaia.es\/es\/#\/schema\/logo\/image\/\"}}]}<\/script>\n<!-- \/ Yoast SEO plugin. -->","yoast_head_json":{"title":"Transporte - Ayuntamiento de Aldaia","robots":{"index":"index","follow":"follow","max-snippet":"max-snippet:-1","max-image-preview":"max-image-preview:large","max-video-preview":"max-video-preview:-1"},"canonical":"https:\/\/aldaia.es\/es\/transporte\/","og_locale":"es_ES","og_type":"article","og_title":"Transporte - Ayuntamiento de Aldaia","og_description":"Transviago Fernanbus L\u00edneas de BUS Tarjeta &#8216;Recuperem Val\u00e8ncia&#8217; RENFE CERCAN\u00cdAS RENFE a tiempo real MIBISI Horario trenes Aldaia Bus Utiel (por Aldaia) Bus Loriguilla (por Aldaia) ...","og_url":"https:\/\/aldaia.es\/es\/transporte\/","og_site_name":"Ayuntamiento de Aldaia","article_modified_time":"2026-01-14T13:03:12+00:00","schema":{"@context":"https:\/\/schema.org","@graph":[{"@type":"WebPage","@id":"https:\/\/aldaia.es\/es\/transporte\/","url":"https:\/\/aldaia.es\/es\/transporte\/","name":"Transporte - Ayuntamiento de Aldaia","isPartOf":{"@id":"https:\/\/aldaia.es\/es\/#website"},"datePublished":"2022-08-30T09:40:53+00:00","dateModified":"2026-01-14T13:03:12+00:00","breadcrumb":{"@id":"https:\/\/aldaia.es\/es\/transporte\/#breadcrumb"},"inLanguage":"es","potentialAction":[{"@type":"ReadAction","target":["https:\/\/aldaia.es\/es\/transporte\/"]}]},{"@type":"BreadcrumbList","@id":"https:\/\/aldaia.es\/es\/transporte\/#breadcrumb","itemListElement":[{"@type":"ListItem","position":1,"name":"Portada","item":"https:\/\/aldaia.es\/es\/"},{"@type":"ListItem","position":2,"name":"Transporte"}]},{"@type":"WebSite","@id":"https:\/\/aldaia.es\/es\/#website","url":"https:\/\/aldaia.es\/es\/","name":"Ajuntament D'Aldaia","description":"","publisher":{"@id":"https:\/\/aldaia.es\/es\/#organization"},"alternateName":"Ajuntament D'Aldaia","potentialAction":[{"@type":"SearchAction","target":{"@type":"EntryPoint","urlTemplate":"https:\/\/aldaia.es\/es\/?s={search_term_string}"},"query-input":{"@type":"PropertyValueSpecification","valueRequired":true,"valueName":"search_term_string"}}],"inLanguage":"es"},{"@type":"Organization","@id":"https:\/\/aldaia.es\/es\/#organization","name":"Ajuntament D'Aldaia","url":"https:\/\/aldaia.es\/es\/","logo":{"@type":"ImageObject","inLanguage":"es","@id":"https:\/\/aldaia.es\/es\/#\/schema\/logo\/image\/","url":"https:\/\/aldaia.es\/wp-content\/uploads\/2022\/06\/aldaia-negro-1.png","contentUrl":"https:\/\/aldaia.es\/wp-content\/uploads\/2022\/06\/aldaia-negro-1.png","width":152,"height":70,"caption":"Ajuntament D'Aldaia"},"image":{"@id":"https:\/\/aldaia.es\/es\/#\/schema\/logo\/image\/"}}]}},"_links":{"self":[{"href":"https:\/\/aldaia.es\/es\/wp-json\/wp\/v2\/pages\/6511","targetHints":{"allow":["GET"]}}],"collection":[{"href":"https:\/\/aldaia.es\/es\/wp-json\/wp\/v2\/pages"}],"about":[{"href":"https:\/\/aldaia.es\/es\/wp-json\/wp\/v2\/types\/page"}],"author":[{"embeddable":true,"href":"https:\/\/aldaia.es\/es\/wp-json\/wp\/v2\/users\/1"}],"replies":[{"embeddable":true,"href":"https:\/\/aldaia.es\/es\/wp-json\/wp\/v2\/comments?post=6511"}],"version-history":[{"count":10,"href":"https:\/\/aldaia.es\/es\/wp-json\/wp\/v2\/pages\/6511\/revisions"}],"predecessor-version":[{"id":40410,"href":"https:\/\/aldaia.es\/es\/wp-json\/wp\/v2\/pages\/6511\/revisions\/40410"}],"wp:attachment":[{"href":"https:\/\/aldaia.es\/es\/wp-json\/wp\/v2\/media?parent=6511"}],"curies":[{"name":"wp","href":"https:\/\/api.w.org\/{rel}","templated":true}]}}

<p><i class="fas fa-link"></i> <a href="https://transviago.com/fernanbus/" target="_blank" rel="noreferrer noopener">Transviago Fernanbus</a></p>



<p><i class="fas fa-link"></i> <a href="https://metgovalencia.com/">Líneas de BUS</a></p>



<p><i class="fas fa-link"></i> <a href="https://aldaia.es/wp-content/uploads/2025/02/formularitransport.png">Tarjeta &#8216;Recuperem València&#8217;</a></p>



<p><i class="fas fa-link"></i> <a href="https://www.renfe.com/es/es/cercanias/cercanias-valencia/horarios#/buscar">RENFE CERCANÍAS</a></p>



<p><i class="fas fa-link"></i> <a href="https://tiempo-real.renfe.com/">RENFE a tiempo real</a></p>



<p><i class="fas fa-link"></i> <a href="https://www.mibisivalencia.es/">MIBISI </a></p>



<p><i class="fas fa-link"></i> <a href="https://aldaia.es/wp-content/uploads/2026/01/Horario-tren.pdf">Horario trenes Aldaia</a></p>



<p><i class="fas fa-link"></i> <a href="https://aldaia.es/wp-content/uploads/2026/01/Horarios-autobus-Utiel.pdf">Bus Utiel (por Aldaia)</a></p>



<p><i class="fas fa-link"></i> <a href="https://aldaia.es/wp-content/uploads/2026/01/Horario-autobus-Loriguilla.pdf">Bus Loriguilla (por Aldaia)</a></p>

<p>Transviago Fernanbus Líneas de BUS Tarjeta &#8216;Recuperem València&#8217; RENFE CERCANÍAS RENFE a tiempo real MIBISI Horario trenes Aldaia Bus Utiel (por Aldaia) Bus Loriguilla (por Aldaia) <a class="text-decoration-none text-black" href="https://aldaia.es/es/transporte/"> &#8230; </a></p>

<!-- This site is optimized with the Yoast SEO plugin v27.0 - https://yoast.com/product/yoast-seo-wordpress/ -->
<title>Transporte - Ayuntamiento de Aldaia</title>
<meta name="robots" content="index, follow, max-snippet:-1, max-image-preview:large, max-video-preview:-1" />
<link rel="canonical" href="https://aldaia.es/es/transporte/" />
<meta property="og:locale" content="es_ES" />
<meta property="og:type" content="article" />
<meta property="og:title" content="Transporte - Ayuntamiento de Aldaia" />
<meta property="og:description" content="Transviago Fernanbus Líneas de BUS Tarjeta &#8216;Recuperem València&#8217; RENFE CERCANÍAS RENFE a tiempo real MIBISI Horario trenes Aldaia Bus Utiel (por Aldaia) Bus Loriguilla (por Aldaia) ..." />
<meta property="og:url" content="https://aldaia.es/es/transporte/" />
<meta property="og:site_name" content="Ayuntamiento de Aldaia" />
<meta property="article:modified_time" content="2026-01-14T13:03:12+00:00" />
<script type="application/ld+json" class="yoast-schema-graph">{"@context":"https://schema.org","@graph":[{"@type":"WebPage","@id":"https://aldaia.es/es/transporte/","url":"https://aldaia.es/es/transporte/","name":"Transporte - Ayuntamiento de Aldaia","isPartOf":{"@id":"https://aldaia.es/es/#website"},"datePublished":"2022-08-30T09:40:53+00:00","dateModified":"2026-01-14T13:03:12+00:00","breadcrumb":{"@id":"https://aldaia.es/es/transporte/#breadcrumb"},"inLanguage":"es","potentialAction":[{"@type":"ReadAction","target":["https://aldaia.es/es/transporte/"]}]},{"@type":"BreadcrumbList","@id":"https://aldaia.es/es/transporte/#breadcrumb","itemListElement":[{"@type":"ListItem","position":1,"name":"Portada","item":"https://aldaia.es/es/"},{"@type":"ListItem","position":2,"name":"Transporte"}]},{"@type":"WebSite","@id":"https://aldaia.es/es/#website","url":"https://aldaia.es/es/","name":"Ajuntament D'Aldaia","description":"","publisher":{"@id":"https://aldaia.es/es/#organization"},"alternateName":"Ajuntament D'Aldaia","potentialAction":[{"@type":"SearchAction","target":{"@type":"EntryPoint","urlTemplate":"https://aldaia.es/es/?s={search_term_string}"},"query-input":{"@type":"PropertyValueSpecification","valueRequired":true,"valueName":"search_term_string"}}],"inLanguage":"es"},{"@type":"Organization","@id":"https://aldaia.es/es/#organization","name":"Ajuntament D'Aldaia","url":"https://aldaia.es/es/","logo":{"@type":"ImageObject","inLanguage":"es","@id":"https://aldaia.es/es/#/schema/logo/image/","url":"https://aldaia.es/wp-content/uploads/2022/06/aldaia-negro-1.png","contentUrl":"https://aldaia.es/wp-content/uploads/2022/06/aldaia-negro-1.png","width":152,"height":70,"caption":"Ajuntament D'Aldaia"},"image":{"@id":"https://aldaia.es/es/#/schema/logo/image/"}}]}</script>
<!-- / Yoast SEO plugin. -->

Transviago Fernanbus Líneas de BUS Tarjeta &#8216;Recuperem València&#8217; RENFE CERCANÍAS RENFE a tiempo real MIBISI Horario trenes Aldaia Bus Utiel (por Aldaia) Bus Loriguilla (por Aldaia) ...
