{"id":6533,"date":"2022-08-31T10:19:49","date_gmt":"2022-08-31T08:19:49","guid":{"rendered":"https:\/\/aldaia.eu\/colores-festival-escenico-en-la-calle\/"},"modified":"2024-09-26T09:25:10","modified_gmt":"2024-09-26T07:25:10","slug":"colores-festival-escenico-en-la-calle","status":"publish","type":"page","link":"https:\/\/aldaia.es\/es\/cultura\/tama-teatro-auditorio\/colores-festival-escenico-en-la-calle\/","title":{"rendered":"\u201cColors\u201d Festival esc\u00e9nico en la calle"},"content":{"rendered":"\n<div class=\"wp-block-columns dep-cultura is-layout-flex wp-container-core-columns-is-layout-9d6595d7 wp-block-columns-is-layout-flex\">\n<div class=\"wp-block-column is-layout-flow wp-block-column-is-layout-flow\">\n<h1 class=\"wp-block-heading\">Festival Colors, Festival esc\u00e9nico en la calle<\/h1>\n\n\n\n<h3 class=\"wp-block-heading\"><strong>\u00bfQu\u00e9 es?<\/strong><\/h3>\n\n\n\n<p>Oferta esc\u00e9nica que promueve el TAMA en formato festival. Es un <strong>Performing Arts on the street. <\/strong><\/p>\n\n\n\n<p>Tiene lugar en la calle a principios de octubre para dar la bienvenida a la nueva temporada esc\u00e9nica. <\/p>\n\n\n\n<p>No s\u00f3lo se intenta involucrar al p\u00fablico, sino tambi\u00e9n a los negocios de los alrededores del TAMA.<\/p>\n\n\n\n<h3 class=\"wp-block-heading\"><strong>\u00bfA qui\u00e9n va dirigido?<\/strong><\/h3>\n\n\n\n<p>Va dirigido a todas las edades.<\/p>\n\n\n\n<h3 class=\"wp-block-heading\"><strong>\u00bfC\u00f3mo solicitarlo?<\/strong><\/h3>\n\n\n\n<p>Actividad al aire libre y gratuita para toda la poblaci\u00f3n. Consulte programaci\u00f3n del TAMA.<\/p>\n\n\n\n<h3 class=\"wp-block-heading\"><strong><strong>\u00bfCu\u00e1nto cuesta?<\/strong><\/strong><\/h3>\n\n\n\n<p>Actividad gratuita.<\/p>\n<\/div>\n<\/div>\n\n\n\n<div class=\"wp-block-columns is-layout-flex wp-container-core-columns-is-layout-9d6595d7 wp-block-columns-is-layout-flex\">\n<div class=\"wp-block-column lista_adjuntos is-layout-flow wp-block-column-is-layout-flow\">\n<h2 class=\"wp-block-heading display-4\">Enlaces<\/h2>\n\n\n\n<p><i class=\"fas fa-link\"><\/i> <a href=\"https:\/\/aldaia.es\/es\/cultura\/tama-teatro-auditorio\/\">TAMA<\/a><\/p>\n\n\n\n<p><i class=\"fas fa-link\"><\/i> <a href=\"https:\/\/aldaia.es\/wp-content\/uploads\/2024\/09\/Comprimit_Cartell-Colors-25-25.png\">Festival Colors 2024<\/a><\/p>\n\n\n\n<p><\/p>\n<\/div>\n<\/div>\n","protected":false},"excerpt":{"rendered":"<p>Festival Colors, Festival esc\u00e9nico en la calle \u00bfQu\u00e9 es? Oferta esc\u00e9nica que promueve el TAMA en formato festival. Es un Performing Arts on the street. Tiene lugar en la calle <a class=\"text-decoration-none text-black\" href=\"https:\/\/aldaia.es\/es\/cultura\/tama-teatro-auditorio\/colores-festival-escenico-en-la-calle\/\"> &#8230; <\/a><\/p>\n","protected":false},"author":1,"featured_media":0,"parent":6376,"menu_order":0,"comment_status":"closed","ping_status":"closed","template":"basic-page-departamentos.php","meta":{"_acf_changed":false,"footnotes":""},"class_list":["post-6533","page","type-page","status-publish","hentry"],"acf":[],"yoast_head":"<!-- This site is optimized with the Yoast SEO plugin v27.0 - https:\/\/yoast.com\/product\/yoast-seo-wordpress\/ -->\n<title>\u201cColors\u201d Festival esc\u00e9nico en la calle - Ayuntamiento de Aldaia<\/title>\n<meta name=\"description\" content=\"El Ayuntamiento de Aldaia te presenta el Festival Colores: Oferta esc\u00e9nica que promueve el TAMA. Es un Performing Arts on the street.\" \/>\n<meta name=\"robots\" content=\"index, follow, max-snippet:-1, max-image-preview:large, max-video-preview:-1\" \/>\n<link rel=\"canonical\" href=\"https:\/\/aldaia.es\/es\/cultura\/tama-teatro-auditorio\/colores-festival-escenico-en-la-calle\/\" \/>\n<meta property=\"og:locale\" content=\"es_ES\" \/>\n<meta property=\"og:type\" content=\"article\" \/>\n<meta property=\"og:title\" content=\"\u201cColors\u201d Festival esc\u00e9nico en la calle - Ayuntamiento de Aldaia\" \/>\n<meta property=\"og:description\" content=\"El Ayuntamiento de Aldaia te presenta el Festival Colores: Oferta esc\u00e9nica que promueve el TAMA. Es un Performing Arts on the street.\" \/>\n<meta property=\"og:url\" content=\"https:\/\/aldaia.es\/es\/cultura\/tama-teatro-auditorio\/colores-festival-escenico-en-la-calle\/\" \/>\n<meta property=\"og:site_name\" content=\"Ayuntamiento de Aldaia\" \/>\n<meta property=\"article:modified_time\" content=\"2024-09-26T07:25:10+00:00\" \/>\n<script type=\"application\/ld+json\" class=\"yoast-schema-graph\">{\"@context\":\"https:\/\/schema.org\",\"@graph\":[{\"@type\":\"WebPage\",\"@id\":\"https:\/\/aldaia.es\/es\/cultura\/tama-teatro-auditorio\/colores-festival-escenico-en-la-calle\/\",\"url\":\"https:\/\/aldaia.es\/es\/cultura\/tama-teatro-auditorio\/colores-festival-escenico-en-la-calle\/\",\"name\":\"\u201cColors\u201d Festival esc\u00e9nico en la calle - Ayuntamiento de Aldaia\",\"isPartOf\":{\"@id\":\"https:\/\/aldaia.es\/es\/#website\"},\"datePublished\":\"2022-08-31T08:19:49+00:00\",\"dateModified\":\"2024-09-26T07:25:10+00:00\",\"description\":\"El Ayuntamiento de Aldaia te presenta el Festival Colores: Oferta esc\u00e9nica que promueve el TAMA. Es un Performing Arts on the street.\",\"breadcrumb\":{\"@id\":\"https:\/\/aldaia.es\/es\/cultura\/tama-teatro-auditorio\/colores-festival-escenico-en-la-calle\/#breadcrumb\"},\"inLanguage\":\"es\",\"potentialAction\":[{\"@type\":\"ReadAction\",\"target\":[\"https:\/\/aldaia.es\/es\/cultura\/tama-teatro-auditorio\/colores-festival-escenico-en-la-calle\/\"]}]},{\"@type\":\"BreadcrumbList\",\"@id\":\"https:\/\/aldaia.es\/es\/cultura\/tama-teatro-auditorio\/colores-festival-escenico-en-la-calle\/#breadcrumb\",\"itemListElement\":[{\"@type\":\"ListItem\",\"position\":1,\"name\":\"Portada\",\"item\":\"https:\/\/aldaia.es\/es\/\"},{\"@type\":\"ListItem\",\"position\":2,\"name\":\"Cultura\",\"item\":\"https:\/\/aldaia.es\/es\/cultura\/\"},{\"@type\":\"ListItem\",\"position\":3,\"name\":\"TAMA. Teatro Auditorio de Aldaia\",\"item\":\"https:\/\/aldaia.es\/es\/cultura\/tama-teatro-auditorio\/\"},{\"@type\":\"ListItem\",\"position\":4,\"name\":\"\u201cColors\u201d Festival esc\u00e9nico en la calle\"}]},{\"@type\":\"WebSite\",\"@id\":\"https:\/\/aldaia.es\/es\/#website\",\"url\":\"https:\/\/aldaia.es\/es\/\",\"name\":\"Ajuntament D'Aldaia\",\"description\":\"\",\"publisher\":{\"@id\":\"https:\/\/aldaia.es\/es\/#organization\"},\"alternateName\":\"Ajuntament D'Aldaia\",\"potentialAction\":[{\"@type\":\"SearchAction\",\"target\":{\"@type\":\"EntryPoint\",\"urlTemplate\":\"https:\/\/aldaia.es\/es\/?s={search_term_string}\"},\"query-input\":{\"@type\":\"PropertyValueSpecification\",\"valueRequired\":true,\"valueName\":\"search_term_string\"}}],\"inLanguage\":\"es\"},{\"@type\":\"Organization\",\"@id\":\"https:\/\/aldaia.es\/es\/#organization\",\"name\":\"Ajuntament D'Aldaia\",\"url\":\"https:\/\/aldaia.es\/es\/\",\"logo\":{\"@type\":\"ImageObject\",\"inLanguage\":\"es\",\"@id\":\"https:\/\/aldaia.es\/es\/#\/schema\/logo\/image\/\",\"url\":\"https:\/\/aldaia.es\/wp-content\/uploads\/2022\/06\/aldaia-negro-1.png\",\"contentUrl\":\"https:\/\/aldaia.es\/wp-content\/uploads\/2022\/06\/aldaia-negro-1.png\",\"width\":152,\"height\":70,\"caption\":\"Ajuntament D'Aldaia\"},\"image\":{\"@id\":\"https:\/\/aldaia.es\/es\/#\/schema\/logo\/image\/\"}}]}<\/script>\n<!-- \/ Yoast SEO plugin. -->","yoast_head_json":{"title":"\u201cColors\u201d Festival esc\u00e9nico en la calle - Ayuntamiento de Aldaia","description":"El Ayuntamiento de Aldaia te presenta el Festival Colores: Oferta esc\u00e9nica que promueve el TAMA. Es un Performing Arts on the street.","robots":{"index":"index","follow":"follow","max-snippet":"max-snippet:-1","max-image-preview":"max-image-preview:large","max-video-preview":"max-video-preview:-1"},"canonical":"https:\/\/aldaia.es\/es\/cultura\/tama-teatro-auditorio\/colores-festival-escenico-en-la-calle\/","og_locale":"es_ES","og_type":"article","og_title":"\u201cColors\u201d Festival esc\u00e9nico en la calle - Ayuntamiento de Aldaia","og_description":"El Ayuntamiento de Aldaia te presenta el Festival Colores: Oferta esc\u00e9nica que promueve el TAMA. Es un Performing Arts on the street.","og_url":"https:\/\/aldaia.es\/es\/cultura\/tama-teatro-auditorio\/colores-festival-escenico-en-la-calle\/","og_site_name":"Ayuntamiento de Aldaia","article_modified_time":"2024-09-26T07:25:10+00:00","schema":{"@context":"https:\/\/schema.org","@graph":[{"@type":"WebPage","@id":"https:\/\/aldaia.es\/es\/cultura\/tama-teatro-auditorio\/colores-festival-escenico-en-la-calle\/","url":"https:\/\/aldaia.es\/es\/cultura\/tama-teatro-auditorio\/colores-festival-escenico-en-la-calle\/","name":"\u201cColors\u201d Festival esc\u00e9nico en la calle - Ayuntamiento de Aldaia","isPartOf":{"@id":"https:\/\/aldaia.es\/es\/#website"},"datePublished":"2022-08-31T08:19:49+00:00","dateModified":"2024-09-26T07:25:10+00:00","description":"El Ayuntamiento de Aldaia te presenta el Festival Colores: Oferta esc\u00e9nica que promueve el TAMA. Es un Performing Arts on the street.","breadcrumb":{"@id":"https:\/\/aldaia.es\/es\/cultura\/tama-teatro-auditorio\/colores-festival-escenico-en-la-calle\/#breadcrumb"},"inLanguage":"es","potentialAction":[{"@type":"ReadAction","target":["https:\/\/aldaia.es\/es\/cultura\/tama-teatro-auditorio\/colores-festival-escenico-en-la-calle\/"]}]},{"@type":"BreadcrumbList","@id":"https:\/\/aldaia.es\/es\/cultura\/tama-teatro-auditorio\/colores-festival-escenico-en-la-calle\/#breadcrumb","itemListElement":[{"@type":"ListItem","position":1,"name":"Portada","item":"https:\/\/aldaia.es\/es\/"},{"@type":"ListItem","position":2,"name":"Cultura","item":"https:\/\/aldaia.es\/es\/cultura\/"},{"@type":"ListItem","position":3,"name":"TAMA. Teatro Auditorio de Aldaia","item":"https:\/\/aldaia.es\/es\/cultura\/tama-teatro-auditorio\/"},{"@type":"ListItem","position":4,"name":"\u201cColors\u201d Festival esc\u00e9nico en la calle"}]},{"@type":"WebSite","@id":"https:\/\/aldaia.es\/es\/#website","url":"https:\/\/aldaia.es\/es\/","name":"Ajuntament D'Aldaia","description":"","publisher":{"@id":"https:\/\/aldaia.es\/es\/#organization"},"alternateName":"Ajuntament D'Aldaia","potentialAction":[{"@type":"SearchAction","target":{"@type":"EntryPoint","urlTemplate":"https:\/\/aldaia.es\/es\/?s={search_term_string}"},"query-input":{"@type":"PropertyValueSpecification","valueRequired":true,"valueName":"search_term_string"}}],"inLanguage":"es"},{"@type":"Organization","@id":"https:\/\/aldaia.es\/es\/#organization","name":"Ajuntament D'Aldaia","url":"https:\/\/aldaia.es\/es\/","logo":{"@type":"ImageObject","inLanguage":"es","@id":"https:\/\/aldaia.es\/es\/#\/schema\/logo\/image\/","url":"https:\/\/aldaia.es\/wp-content\/uploads\/2022\/06\/aldaia-negro-1.png","contentUrl":"https:\/\/aldaia.es\/wp-content\/uploads\/2022\/06\/aldaia-negro-1.png","width":152,"height":70,"caption":"Ajuntament D'Aldaia"},"image":{"@id":"https:\/\/aldaia.es\/es\/#\/schema\/logo\/image\/"}}]}},"_links":{"self":[{"href":"https:\/\/aldaia.es\/es\/wp-json\/wp\/v2\/pages\/6533","targetHints":{"allow":["GET"]}}],"collection":[{"href":"https:\/\/aldaia.es\/es\/wp-json\/wp\/v2\/pages"}],"about":[{"href":"https:\/\/aldaia.es\/es\/wp-json\/wp\/v2\/types\/page"}],"author":[{"embeddable":true,"href":"https:\/\/aldaia.es\/es\/wp-json\/wp\/v2\/users\/1"}],"replies":[{"embeddable":true,"href":"https:\/\/aldaia.es\/es\/wp-json\/wp\/v2\/comments?post=6533"}],"version-history":[{"count":14,"href":"https:\/\/aldaia.es\/es\/wp-json\/wp\/v2\/pages\/6533\/revisions"}],"predecessor-version":[{"id":33233,"href":"https:\/\/aldaia.es\/es\/wp-json\/wp\/v2\/pages\/6533\/revisions\/33233"}],"up":[{"embeddable":true,"href":"https:\/\/aldaia.es\/es\/wp-json\/wp\/v2\/pages\/6376"}],"wp:attachment":[{"href":"https:\/\/aldaia.es\/es\/wp-json\/wp\/v2\/media?parent=6533"}],"curies":[{"name":"wp","href":"https:\/\/api.w.org\/{rel}","templated":true}]}}

“Colors” Festival escénico en la calle

<div class="wp-block-columns dep-cultura is-layout-flex wp-container-core-columns-is-layout-9d6595d7 wp-block-columns-is-layout-flex">
<div class="wp-block-column is-layout-flow wp-block-column-is-layout-flow">
<h1 class="wp-block-heading">Festival Colors, Festival escénico en la calle</h1>



<h3 class="wp-block-heading"><strong>¿Qué es?</strong></h3>



<p>Oferta escénica que promueve el TAMA en formato festival. Es un <strong>Performing Arts on the street. </strong></p>



<p>Tiene lugar en la calle a principios de octubre para dar la bienvenida a la nueva temporada escénica. </p>



<p>No sólo se intenta involucrar al público, sino también a los negocios de los alrededores del TAMA.</p>



<h3 class="wp-block-heading"><strong>¿A quién va dirigido?</strong></h3>



<p>Va dirigido a todas las edades.</p>



<h3 class="wp-block-heading"><strong>¿Cómo solicitarlo?</strong></h3>



<p>Actividad al aire libre y gratuita para toda la población. Consulte programación del TAMA.</p>



<h3 class="wp-block-heading"><strong><strong>¿Cuánto cuesta?</strong></strong></h3>



<p>Actividad gratuita.</p>
</div>
</div>



<div class="wp-block-columns is-layout-flex wp-container-core-columns-is-layout-9d6595d7 wp-block-columns-is-layout-flex">
<div class="wp-block-column lista_adjuntos is-layout-flow wp-block-column-is-layout-flow">
<h2 class="wp-block-heading display-4">Enlaces</h2>



<p><i class="fas fa-link"></i> <a href="https://aldaia.es/es/cultura/tama-teatro-auditorio/">TAMA</a></p>



<p><i class="fas fa-link"></i> <a href="https://aldaia.es/wp-content/uploads/2024/09/Comprimit_Cartell-Colors-25-25.png">Festival Colors 2024</a></p>



<p></p>
</div>
</div>

<p>Festival Colors, Festival escénico en la calle ¿Qué es? Oferta escénica que promueve el TAMA en formato festival. Es un Performing Arts on the street. Tiene lugar en la calle <a class="text-decoration-none text-black" href="https://aldaia.es/es/cultura/tama-teatro-auditorio/colores-festival-escenico-en-la-calle/"> &#8230; </a></p>

<!-- This site is optimized with the Yoast SEO plugin v27.0 - https://yoast.com/product/yoast-seo-wordpress/ -->
<title>“Colors” Festival escénico en la calle - Ayuntamiento de Aldaia</title>
<meta name="description" content="El Ayuntamiento de Aldaia te presenta el Festival Colores: Oferta escénica que promueve el TAMA. Es un Performing Arts on the street." />
<meta name="robots" content="index, follow, max-snippet:-1, max-image-preview:large, max-video-preview:-1" />
<link rel="canonical" href="https://aldaia.es/es/cultura/tama-teatro-auditorio/colores-festival-escenico-en-la-calle/" />
<meta property="og:locale" content="es_ES" />
<meta property="og:type" content="article" />
<meta property="og:title" content="“Colors” Festival escénico en la calle - Ayuntamiento de Aldaia" />
<meta property="og:description" content="El Ayuntamiento de Aldaia te presenta el Festival Colores: Oferta escénica que promueve el TAMA. Es un Performing Arts on the street." />
<meta property="og:url" content="https://aldaia.es/es/cultura/tama-teatro-auditorio/colores-festival-escenico-en-la-calle/" />
<meta property="og:site_name" content="Ayuntamiento de Aldaia" />
<meta property="article:modified_time" content="2024-09-26T07:25:10+00:00" />
<script type="application/ld+json" class="yoast-schema-graph">{"@context":"https://schema.org","@graph":[{"@type":"WebPage","@id":"https://aldaia.es/es/cultura/tama-teatro-auditorio/colores-festival-escenico-en-la-calle/","url":"https://aldaia.es/es/cultura/tama-teatro-auditorio/colores-festival-escenico-en-la-calle/","name":"“Colors” Festival escénico en la calle - Ayuntamiento de Aldaia","isPartOf":{"@id":"https://aldaia.es/es/#website"},"datePublished":"2022-08-31T08:19:49+00:00","dateModified":"2024-09-26T07:25:10+00:00","description":"El Ayuntamiento de Aldaia te presenta el Festival Colores: Oferta escénica que promueve el TAMA. Es un Performing Arts on the street.","breadcrumb":{"@id":"https://aldaia.es/es/cultura/tama-teatro-auditorio/colores-festival-escenico-en-la-calle/#breadcrumb"},"inLanguage":"es","potentialAction":[{"@type":"ReadAction","target":["https://aldaia.es/es/cultura/tama-teatro-auditorio/colores-festival-escenico-en-la-calle/"]}]},{"@type":"BreadcrumbList","@id":"https://aldaia.es/es/cultura/tama-teatro-auditorio/colores-festival-escenico-en-la-calle/#breadcrumb","itemListElement":[{"@type":"ListItem","position":1,"name":"Portada","item":"https://aldaia.es/es/"},{"@type":"ListItem","position":2,"name":"Cultura","item":"https://aldaia.es/es/cultura/"},{"@type":"ListItem","position":3,"name":"TAMA. Teatro Auditorio de Aldaia","item":"https://aldaia.es/es/cultura/tama-teatro-auditorio/"},{"@type":"ListItem","position":4,"name":"“Colors” Festival escénico en la calle"}]},{"@type":"WebSite","@id":"https://aldaia.es/es/#website","url":"https://aldaia.es/es/","name":"Ajuntament D'Aldaia","description":"","publisher":{"@id":"https://aldaia.es/es/#organization"},"alternateName":"Ajuntament D'Aldaia","potentialAction":[{"@type":"SearchAction","target":{"@type":"EntryPoint","urlTemplate":"https://aldaia.es/es/?s={search_term_string}"},"query-input":{"@type":"PropertyValueSpecification","valueRequired":true,"valueName":"search_term_string"}}],"inLanguage":"es"},{"@type":"Organization","@id":"https://aldaia.es/es/#organization","name":"Ajuntament D'Aldaia","url":"https://aldaia.es/es/","logo":{"@type":"ImageObject","inLanguage":"es","@id":"https://aldaia.es/es/#/schema/logo/image/","url":"https://aldaia.es/wp-content/uploads/2022/06/aldaia-negro-1.png","contentUrl":"https://aldaia.es/wp-content/uploads/2022/06/aldaia-negro-1.png","width":152,"height":70,"caption":"Ajuntament D'Aldaia"},"image":{"@id":"https://aldaia.es/es/#/schema/logo/image/"}}]}</script>
<!-- / Yoast SEO plugin. -->

“Colors” Festival escénico en la calle - Ayuntamiento de Aldaia

El Ayuntamiento de Aldaia te presenta el Festival Colores: Oferta escénica que promueve el TAMA. Es un Performing Arts on the street.
