{"id":28274,"date":"2024-06-03T13:15:09","date_gmt":"2024-06-03T11:15:09","guid":{"rendered":"https:\/\/aldaia.es\/event\/taller-estiu-a-la-biblioteca\/"},"modified":"2024-06-03T13:15:09","modified_gmt":"2024-06-03T11:15:09","slug":"taller-estiu-a-la-biblioteca","status":"publish","type":"tribe_events","link":"https:\/\/aldaia.es\/es\/event\/taller-estiu-a-la-biblioteca\/","title":{"rendered":"Taller \u201cEstiu a la Biblioteca\u201d"},"content":{"rendered":"<p>Un taller para descubrir como cambian los cuentos y divertirse, a cargo de M\u00f3n Animaci\u00f3<\/p>\n<div class=\"x11i5rnm xat24cr x1mh8g0r x1vvkbs xtlvy1s x126k92a\">\n<div dir=\"auto\">Actividad gratuita con plazas limitadas<\/div>\n<\/div>\n<div class=\"x11i5rnm xat24cr x1mh8g0r x1vvkbs xtlvy1s x126k92a\">\n<div dir=\"auto\">Inscripci\u00f3n previa:<\/div>\n<\/div>\n<div class=\"x11i5rnm xat24cr x1mh8g0r x1vvkbs xtlvy1s x126k92a\">\n<div dir=\"auto\">presencial en la Biblioteca, plaza de la Cultura<\/div>\n<\/div>\n<div class=\"x11i5rnm xat24cr x1mh8g0r x1vvkbs xtlvy1s x126k92a\">\n<div dir=\"auto\">o enviando un whatsapp al 664 51 62 02<\/div>\n<\/div>\n","protected":false},"excerpt":{"rendered":"<p>Un taller para descubrir como cambian los cuentos y divertirse, a cargo de M\u00f3n Animaci\u00f3 Actividad gratuita con plazas limitadas Inscripci\u00f3n previa: presencial en la Biblioteca, plaza de la Cultura <a class=\"text-decoration-none text-black\" href=\"https:\/\/aldaia.es\/es\/event\/taller-estiu-a-la-biblioteca\/\"> &#8230; <\/a><\/p>\n","protected":false},"author":4,"featured_media":28272,"template":"","meta":{"_acf_changed":false,"_tribe_events_status":"","_tribe_events_status_reason":"","footnotes":""},"tags":[],"tribe_events_cat":[],"class_list":["post-28274","tribe_events","type-tribe_events","status-publish","has-post-thumbnail","hentry"],"acf":[],"yoast_head":"<!-- This site is optimized with the Yoast SEO plugin v27.0 - https:\/\/yoast.com\/product\/yoast-seo-wordpress\/ -->\n<title>Taller \u201cEstiu a la Biblioteca\u201d - Ayuntamiento de Aldaia<\/title>\n<meta name=\"robots\" content=\"index, follow, max-snippet:-1, max-image-preview:large, max-video-preview:-1\" \/>\n<link rel=\"canonical\" href=\"https:\/\/aldaia.es\/es\/event\/taller-estiu-a-la-biblioteca\/\" \/>\n<meta property=\"og:locale\" content=\"es_ES\" \/>\n<meta property=\"og:type\" content=\"article\" \/>\n<meta property=\"og:title\" content=\"Taller \u201cEstiu a la Biblioteca\u201d - Ayuntamiento de Aldaia\" \/>\n<meta property=\"og:description\" content=\"Un taller para descubrir como cambian los cuentos y divertirse, a cargo de M\u00f3n Animaci\u00f3 Actividad gratuita con plazas limitadas Inscripci\u00f3n previa: presencial en la Biblioteca, plaza de la Cultura ...\" \/>\n<meta property=\"og:url\" content=\"https:\/\/aldaia.es\/es\/event\/taller-estiu-a-la-biblioteca\/\" \/>\n<meta property=\"og:site_name\" content=\"Ayuntamiento de Aldaia\" \/>\n<script type=\"application\/ld+json\" class=\"yoast-schema-graph\">{\"@context\":\"https:\/\/schema.org\",\"@graph\":[{\"@type\":\"WebPage\",\"@id\":\"https:\/\/aldaia.es\/es\/event\/taller-estiu-a-la-biblioteca\/\",\"url\":\"https:\/\/aldaia.es\/es\/event\/taller-estiu-a-la-biblioteca\/\",\"name\":\"Taller \u201cEstiu a la Biblioteca\u201d - Ayuntamiento de Aldaia\",\"isPartOf\":{\"@id\":\"https:\/\/aldaia.es\/es\/#website\"},\"primaryImageOfPage\":{\"@id\":\"https:\/\/aldaia.es\/es\/event\/taller-estiu-a-la-biblioteca\/#primaryimage\"},\"image\":{\"@id\":\"https:\/\/aldaia.es\/es\/event\/taller-estiu-a-la-biblioteca\/#primaryimage\"},\"thumbnailUrl\":\"https:\/\/aldaia.es\/wp-content\/uploads\/2024\/06\/444204285_855488333289861_2405019431195572740_n.jpg\",\"datePublished\":\"2024-06-03T11:15:09+00:00\",\"breadcrumb\":{\"@id\":\"https:\/\/aldaia.es\/es\/event\/taller-estiu-a-la-biblioteca\/#breadcrumb\"},\"inLanguage\":\"es\",\"potentialAction\":[{\"@type\":\"ReadAction\",\"target\":[\"https:\/\/aldaia.es\/es\/event\/taller-estiu-a-la-biblioteca\/\"]}]},{\"@type\":\"ImageObject\",\"inLanguage\":\"es\",\"@id\":\"https:\/\/aldaia.es\/es\/event\/taller-estiu-a-la-biblioteca\/#primaryimage\",\"url\":\"https:\/\/aldaia.es\/wp-content\/uploads\/2024\/06\/444204285_855488333289861_2405019431195572740_n.jpg\",\"contentUrl\":\"https:\/\/aldaia.es\/wp-content\/uploads\/2024\/06\/444204285_855488333289861_2405019431195572740_n.jpg\",\"width\":720,\"height\":540},{\"@type\":\"BreadcrumbList\",\"@id\":\"https:\/\/aldaia.es\/es\/event\/taller-estiu-a-la-biblioteca\/#breadcrumb\",\"itemListElement\":[{\"@type\":\"ListItem\",\"position\":1,\"name\":\"Portada\",\"item\":\"https:\/\/aldaia.es\/es\/\"},{\"@type\":\"ListItem\",\"position\":2,\"name\":\"Eventos\",\"item\":\"https:\/\/aldaia.es\/es\/events\/\"},{\"@type\":\"ListItem\",\"position\":3,\"name\":\"Taller \u201cEstiu a la Biblioteca\u201d\"}]},{\"@type\":\"WebSite\",\"@id\":\"https:\/\/aldaia.es\/es\/#website\",\"url\":\"https:\/\/aldaia.es\/es\/\",\"name\":\"Ajuntament D'Aldaia\",\"description\":\"\",\"publisher\":{\"@id\":\"https:\/\/aldaia.es\/es\/#organization\"},\"alternateName\":\"Ajuntament D'Aldaia\",\"potentialAction\":[{\"@type\":\"SearchAction\",\"target\":{\"@type\":\"EntryPoint\",\"urlTemplate\":\"https:\/\/aldaia.es\/es\/?s={search_term_string}\"},\"query-input\":{\"@type\":\"PropertyValueSpecification\",\"valueRequired\":true,\"valueName\":\"search_term_string\"}}],\"inLanguage\":\"es\"},{\"@type\":\"Organization\",\"@id\":\"https:\/\/aldaia.es\/es\/#organization\",\"name\":\"Ajuntament D'Aldaia\",\"url\":\"https:\/\/aldaia.es\/es\/\",\"logo\":{\"@type\":\"ImageObject\",\"inLanguage\":\"es\",\"@id\":\"https:\/\/aldaia.es\/es\/#\/schema\/logo\/image\/\",\"url\":\"https:\/\/aldaia.es\/wp-content\/uploads\/2022\/06\/aldaia-negro-1.png\",\"contentUrl\":\"https:\/\/aldaia.es\/wp-content\/uploads\/2022\/06\/aldaia-negro-1.png\",\"width\":152,\"height\":70,\"caption\":\"Ajuntament D'Aldaia\"},\"image\":{\"@id\":\"https:\/\/aldaia.es\/es\/#\/schema\/logo\/image\/\"}}]}<\/script>\n<!-- \/ Yoast SEO plugin. -->","yoast_head_json":{"title":"Taller \u201cEstiu a la Biblioteca\u201d - Ayuntamiento de Aldaia","robots":{"index":"index","follow":"follow","max-snippet":"max-snippet:-1","max-image-preview":"max-image-preview:large","max-video-preview":"max-video-preview:-1"},"canonical":"https:\/\/aldaia.es\/es\/event\/taller-estiu-a-la-biblioteca\/","og_locale":"es_ES","og_type":"article","og_title":"Taller \u201cEstiu a la Biblioteca\u201d - Ayuntamiento de Aldaia","og_description":"Un taller para descubrir como cambian los cuentos y divertirse, a cargo de M\u00f3n Animaci\u00f3 Actividad gratuita con plazas limitadas Inscripci\u00f3n previa: presencial en la Biblioteca, plaza de la Cultura ...","og_url":"https:\/\/aldaia.es\/es\/event\/taller-estiu-a-la-biblioteca\/","og_site_name":"Ayuntamiento de Aldaia","schema":{"@context":"https:\/\/schema.org","@graph":[{"@type":"WebPage","@id":"https:\/\/aldaia.es\/es\/event\/taller-estiu-a-la-biblioteca\/","url":"https:\/\/aldaia.es\/es\/event\/taller-estiu-a-la-biblioteca\/","name":"Taller \u201cEstiu a la Biblioteca\u201d - Ayuntamiento de Aldaia","isPartOf":{"@id":"https:\/\/aldaia.es\/es\/#website"},"primaryImageOfPage":{"@id":"https:\/\/aldaia.es\/es\/event\/taller-estiu-a-la-biblioteca\/#primaryimage"},"image":{"@id":"https:\/\/aldaia.es\/es\/event\/taller-estiu-a-la-biblioteca\/#primaryimage"},"thumbnailUrl":"https:\/\/aldaia.es\/wp-content\/uploads\/2024\/06\/444204285_855488333289861_2405019431195572740_n.jpg","datePublished":"2024-06-03T11:15:09+00:00","breadcrumb":{"@id":"https:\/\/aldaia.es\/es\/event\/taller-estiu-a-la-biblioteca\/#breadcrumb"},"inLanguage":"es","potentialAction":[{"@type":"ReadAction","target":["https:\/\/aldaia.es\/es\/event\/taller-estiu-a-la-biblioteca\/"]}]},{"@type":"ImageObject","inLanguage":"es","@id":"https:\/\/aldaia.es\/es\/event\/taller-estiu-a-la-biblioteca\/#primaryimage","url":"https:\/\/aldaia.es\/wp-content\/uploads\/2024\/06\/444204285_855488333289861_2405019431195572740_n.jpg","contentUrl":"https:\/\/aldaia.es\/wp-content\/uploads\/2024\/06\/444204285_855488333289861_2405019431195572740_n.jpg","width":720,"height":540},{"@type":"BreadcrumbList","@id":"https:\/\/aldaia.es\/es\/event\/taller-estiu-a-la-biblioteca\/#breadcrumb","itemListElement":[{"@type":"ListItem","position":1,"name":"Portada","item":"https:\/\/aldaia.es\/es\/"},{"@type":"ListItem","position":2,"name":"Eventos","item":"https:\/\/aldaia.es\/es\/events\/"},{"@type":"ListItem","position":3,"name":"Taller \u201cEstiu a la Biblioteca\u201d"}]},{"@type":"WebSite","@id":"https:\/\/aldaia.es\/es\/#website","url":"https:\/\/aldaia.es\/es\/","name":"Ajuntament D'Aldaia","description":"","publisher":{"@id":"https:\/\/aldaia.es\/es\/#organization"},"alternateName":"Ajuntament D'Aldaia","potentialAction":[{"@type":"SearchAction","target":{"@type":"EntryPoint","urlTemplate":"https:\/\/aldaia.es\/es\/?s={search_term_string}"},"query-input":{"@type":"PropertyValueSpecification","valueRequired":true,"valueName":"search_term_string"}}],"inLanguage":"es"},{"@type":"Organization","@id":"https:\/\/aldaia.es\/es\/#organization","name":"Ajuntament D'Aldaia","url":"https:\/\/aldaia.es\/es\/","logo":{"@type":"ImageObject","inLanguage":"es","@id":"https:\/\/aldaia.es\/es\/#\/schema\/logo\/image\/","url":"https:\/\/aldaia.es\/wp-content\/uploads\/2022\/06\/aldaia-negro-1.png","contentUrl":"https:\/\/aldaia.es\/wp-content\/uploads\/2022\/06\/aldaia-negro-1.png","width":152,"height":70,"caption":"Ajuntament D'Aldaia"},"image":{"@id":"https:\/\/aldaia.es\/es\/#\/schema\/logo\/image\/"}}]}},"_links":{"self":[{"href":"https:\/\/aldaia.es\/es\/wp-json\/wp\/v2\/tribe_events\/28274","targetHints":{"allow":["GET"]}}],"collection":[{"href":"https:\/\/aldaia.es\/es\/wp-json\/wp\/v2\/tribe_events"}],"about":[{"href":"https:\/\/aldaia.es\/es\/wp-json\/wp\/v2\/types\/tribe_events"}],"author":[{"embeddable":true,"href":"https:\/\/aldaia.es\/es\/wp-json\/wp\/v2\/users\/4"}],"version-history":[{"count":0,"href":"https:\/\/aldaia.es\/es\/wp-json\/wp\/v2\/tribe_events\/28274\/revisions"}],"wp:featuredmedia":[{"embeddable":true,"href":"https:\/\/aldaia.es\/es\/wp-json\/wp\/v2\/media\/28272"}],"wp:attachment":[{"href":"https:\/\/aldaia.es\/es\/wp-json\/wp\/v2\/media?parent=28274"}],"wp:term":[{"taxonomy":"post_tag","embeddable":true,"href":"https:\/\/aldaia.es\/es\/wp-json\/wp\/v2\/tags?post=28274"},{"taxonomy":"tribe_events_cat","embeddable":true,"href":"https:\/\/aldaia.es\/es\/wp-json\/wp\/v2\/tribe_events_cat?post=28274"}],"curies":[{"name":"wp","href":"https:\/\/api.w.org\/{rel}","templated":true}]}}

<p>Un taller para descubrir como cambian los cuentos y divertirse, a cargo de Món Animació</p>
<div class="x11i5rnm xat24cr x1mh8g0r x1vvkbs xtlvy1s x126k92a">
<div dir="auto">Actividad gratuita con plazas limitadas</div>
</div>
<div class="x11i5rnm xat24cr x1mh8g0r x1vvkbs xtlvy1s x126k92a">
<div dir="auto">Inscripción previa:</div>
</div>
<div class="x11i5rnm xat24cr x1mh8g0r x1vvkbs xtlvy1s x126k92a">
<div dir="auto">presencial en la Biblioteca, plaza de la Cultura</div>
</div>
<div class="x11i5rnm xat24cr x1mh8g0r x1vvkbs xtlvy1s x126k92a">
<div dir="auto">o enviando un whatsapp al 664 51 62 02</div>
</div>

<p>Un taller para descubrir como cambian los cuentos y divertirse, a cargo de Món Animació Actividad gratuita con plazas limitadas Inscripción previa: presencial en la Biblioteca, plaza de la Cultura <a class="text-decoration-none text-black" href="https://aldaia.es/es/event/taller-estiu-a-la-biblioteca/"> &#8230; </a></p>

<!-- This site is optimized with the Yoast SEO plugin v27.0 - https://yoast.com/product/yoast-seo-wordpress/ -->
<title>Taller “Estiu a la Biblioteca” - Ayuntamiento de Aldaia</title>
<meta name="robots" content="index, follow, max-snippet:-1, max-image-preview:large, max-video-preview:-1" />
<link rel="canonical" href="https://aldaia.es/es/event/taller-estiu-a-la-biblioteca/" />
<meta property="og:locale" content="es_ES" />
<meta property="og:type" content="article" />
<meta property="og:title" content="Taller “Estiu a la Biblioteca” - Ayuntamiento de Aldaia" />
<meta property="og:description" content="Un taller para descubrir como cambian los cuentos y divertirse, a cargo de Món Animació Actividad gratuita con plazas limitadas Inscripción previa: presencial en la Biblioteca, plaza de la Cultura ..." />
<meta property="og:url" content="https://aldaia.es/es/event/taller-estiu-a-la-biblioteca/" />
<meta property="og:site_name" content="Ayuntamiento de Aldaia" />
<script type="application/ld+json" class="yoast-schema-graph">{"@context":"https://schema.org","@graph":[{"@type":"WebPage","@id":"https://aldaia.es/es/event/taller-estiu-a-la-biblioteca/","url":"https://aldaia.es/es/event/taller-estiu-a-la-biblioteca/","name":"Taller “Estiu a la Biblioteca” - Ayuntamiento de Aldaia","isPartOf":{"@id":"https://aldaia.es/es/#website"},"primaryImageOfPage":{"@id":"https://aldaia.es/es/event/taller-estiu-a-la-biblioteca/#primaryimage"},"image":{"@id":"https://aldaia.es/es/event/taller-estiu-a-la-biblioteca/#primaryimage"},"thumbnailUrl":"https://aldaia.es/wp-content/uploads/2024/06/444204285_855488333289861_2405019431195572740_n.jpg","datePublished":"2024-06-03T11:15:09+00:00","breadcrumb":{"@id":"https://aldaia.es/es/event/taller-estiu-a-la-biblioteca/#breadcrumb"},"inLanguage":"es","potentialAction":[{"@type":"ReadAction","target":["https://aldaia.es/es/event/taller-estiu-a-la-biblioteca/"]}]},{"@type":"ImageObject","inLanguage":"es","@id":"https://aldaia.es/es/event/taller-estiu-a-la-biblioteca/#primaryimage","url":"https://aldaia.es/wp-content/uploads/2024/06/444204285_855488333289861_2405019431195572740_n.jpg","contentUrl":"https://aldaia.es/wp-content/uploads/2024/06/444204285_855488333289861_2405019431195572740_n.jpg","width":720,"height":540},{"@type":"BreadcrumbList","@id":"https://aldaia.es/es/event/taller-estiu-a-la-biblioteca/#breadcrumb","itemListElement":[{"@type":"ListItem","position":1,"name":"Portada","item":"https://aldaia.es/es/"},{"@type":"ListItem","position":2,"name":"Eventos","item":"https://aldaia.es/es/events/"},{"@type":"ListItem","position":3,"name":"Taller “Estiu a la Biblioteca”"}]},{"@type":"WebSite","@id":"https://aldaia.es/es/#website","url":"https://aldaia.es/es/","name":"Ajuntament D'Aldaia","description":"","publisher":{"@id":"https://aldaia.es/es/#organization"},"alternateName":"Ajuntament D'Aldaia","potentialAction":[{"@type":"SearchAction","target":{"@type":"EntryPoint","urlTemplate":"https://aldaia.es/es/?s={search_term_string}"},"query-input":{"@type":"PropertyValueSpecification","valueRequired":true,"valueName":"search_term_string"}}],"inLanguage":"es"},{"@type":"Organization","@id":"https://aldaia.es/es/#organization","name":"Ajuntament D'Aldaia","url":"https://aldaia.es/es/","logo":{"@type":"ImageObject","inLanguage":"es","@id":"https://aldaia.es/es/#/schema/logo/image/","url":"https://aldaia.es/wp-content/uploads/2022/06/aldaia-negro-1.png","contentUrl":"https://aldaia.es/wp-content/uploads/2022/06/aldaia-negro-1.png","width":152,"height":70,"caption":"Ajuntament D'Aldaia"},"image":{"@id":"https://aldaia.es/es/#/schema/logo/image/"}}]}</script>
<!-- / Yoast SEO plugin. -->

Un taller para descubrir como cambian los cuentos y divertirse, a cargo de Món Animació Actividad gratuita con plazas limitadas Inscripción previa: presencial en la Biblioteca, plaza de la Cultura ...
