{"id":29267,"date":"2024-07-11T10:50:48","date_gmt":"2024-07-11T08:50:48","guid":{"rendered":"https:\/\/aldaia.es\/event\/concierto-del-orfeo-daldaia-afrikanbach-el-ritme-africa-i-el-contrapunt\/"},"modified":"2024-07-11T10:50:48","modified_gmt":"2024-07-11T08:50:48","slug":"concierto-del-orfeo-daldaia-afrikanbach-el-ritme-africa-i-el-contrapunt","status":"publish","type":"tribe_events","link":"https:\/\/aldaia.es\/es\/event\/concierto-del-orfeo-daldaia-afrikanbach-el-ritme-africa-i-el-contrapunt\/","title":{"rendered":"Concierto del Orfe\u00f3 d\u2019Aldaia \u201cAFRIKANBACH. El ritme afric\u00e0 i el contrapunt!\u201d"},"content":{"rendered":"<p>Direcci\u00f3n musical y esc\u00e9nica: Jes\u00fas Salvador \u201cCHAPI\u201d<\/p>\n<p>El Orfe\u00f3 d&#8217;Aldaia, con Fernando Taberner, prepara este proyecto singular del m\u00fasico JS Chapi dedicado al pueblo de Aldaia en el marco de nuestras Fiestas.<\/p>\n<p>Un espect\u00e1culo integral, con mucho colorido y movimiento dedicado a la m\u00fasica de J. Sebasti\u00e1n Bach, con arreglos sobre la base orquestal de percusi\u00f3n y m\u00fasicas tradicionales africanas.<\/p>\n<p>Al ORFE\u00d3 D&#8217;ALDAIA, le acompa\u00f1ar\u00e1 el Grupo de percusi\u00f3n del Conservatorio Profesional de Val\u00e8ncia \u201cProletaris del ritme\u00bb, LA LUNA DE \u00c1FRICA m\u00fasica tradicional africana, diferentes solistas y la bienvenida por parte de nuestra querida CASA \u00c1frica.<\/p>\n","protected":false},"excerpt":{"rendered":"<p>Direcci\u00f3n musical y esc\u00e9nica: Jes\u00fas Salvador \u201cCHAPI\u201d El Orfe\u00f3 d&#8217;Aldaia, con Fernando Taberner, prepara este proyecto singular del m\u00fasico JS Chapi dedicado al pueblo de Aldaia en el marco de <a class=\"text-decoration-none text-black\" href=\"https:\/\/aldaia.es\/es\/event\/concierto-del-orfeo-daldaia-afrikanbach-el-ritme-africa-i-el-contrapunt\/\"> &#8230; <\/a><\/p>\n","protected":false},"author":4,"featured_media":29270,"template":"","meta":{"_acf_changed":false,"_tribe_events_status":"","_tribe_events_status_reason":"","footnotes":""},"tags":[],"tribe_events_cat":[],"class_list":["post-29267","tribe_events","type-tribe_events","status-publish","has-post-thumbnail","hentry"],"acf":[],"yoast_head":"<!-- This site is optimized with the Yoast SEO plugin v27.0 - https:\/\/yoast.com\/product\/yoast-seo-wordpress\/ -->\n<title>Concierto del Orfe\u00f3 d\u2019Aldaia \u201cAFRIKANBACH. El ritme afric\u00e0 i el contrapunt!\u201d - Ayuntamiento de Aldaia<\/title>\n<meta name=\"robots\" content=\"index, follow, max-snippet:-1, max-image-preview:large, max-video-preview:-1\" \/>\n<link rel=\"canonical\" href=\"https:\/\/aldaia.es\/es\/event\/concierto-del-orfeo-daldaia-afrikanbach-el-ritme-africa-i-el-contrapunt\/\" \/>\n<meta property=\"og:locale\" content=\"es_ES\" \/>\n<meta property=\"og:type\" content=\"article\" \/>\n<meta property=\"og:title\" content=\"Concierto del Orfe\u00f3 d\u2019Aldaia \u201cAFRIKANBACH. El ritme afric\u00e0 i el contrapunt!\u201d - Ayuntamiento de Aldaia\" \/>\n<meta property=\"og:description\" content=\"Direcci\u00f3n musical y esc\u00e9nica: Jes\u00fas Salvador \u201cCHAPI\u201d El Orfe\u00f3 d&#8217;Aldaia, con Fernando Taberner, prepara este proyecto singular del m\u00fasico JS Chapi dedicado al pueblo de Aldaia en el marco de ...\" \/>\n<meta property=\"og:url\" content=\"https:\/\/aldaia.es\/es\/event\/concierto-del-orfeo-daldaia-afrikanbach-el-ritme-africa-i-el-contrapunt\/\" \/>\n<meta property=\"og:site_name\" content=\"Ayuntamiento de Aldaia\" \/>\n<script type=\"application\/ld+json\" class=\"yoast-schema-graph\">{\"@context\":\"https:\/\/schema.org\",\"@graph\":[{\"@type\":\"WebPage\",\"@id\":\"https:\/\/aldaia.es\/es\/event\/concierto-del-orfeo-daldaia-afrikanbach-el-ritme-africa-i-el-contrapunt\/\",\"url\":\"https:\/\/aldaia.es\/es\/event\/concierto-del-orfeo-daldaia-afrikanbach-el-ritme-africa-i-el-contrapunt\/\",\"name\":\"Concierto del Orfe\u00f3 d\u2019Aldaia \u201cAFRIKANBACH. El ritme afric\u00e0 i el contrapunt!\u201d - Ayuntamiento de Aldaia\",\"isPartOf\":{\"@id\":\"https:\/\/aldaia.es\/es\/#website\"},\"primaryImageOfPage\":{\"@id\":\"https:\/\/aldaia.es\/es\/event\/concierto-del-orfeo-daldaia-afrikanbach-el-ritme-africa-i-el-contrapunt\/#primaryimage\"},\"image\":{\"@id\":\"https:\/\/aldaia.es\/es\/event\/concierto-del-orfeo-daldaia-afrikanbach-el-ritme-africa-i-el-contrapunt\/#primaryimage\"},\"thumbnailUrl\":\"https:\/\/aldaia.es\/wp-content\/uploads\/2024\/07\/450210290_1085431606477397_1630134612233986860_n.jpg\",\"datePublished\":\"2024-07-11T08:50:48+00:00\",\"breadcrumb\":{\"@id\":\"https:\/\/aldaia.es\/es\/event\/concierto-del-orfeo-daldaia-afrikanbach-el-ritme-africa-i-el-contrapunt\/#breadcrumb\"},\"inLanguage\":\"es\",\"potentialAction\":[{\"@type\":\"ReadAction\",\"target\":[\"https:\/\/aldaia.es\/es\/event\/concierto-del-orfeo-daldaia-afrikanbach-el-ritme-africa-i-el-contrapunt\/\"]}]},{\"@type\":\"ImageObject\",\"inLanguage\":\"es\",\"@id\":\"https:\/\/aldaia.es\/es\/event\/concierto-del-orfeo-daldaia-afrikanbach-el-ritme-africa-i-el-contrapunt\/#primaryimage\",\"url\":\"https:\/\/aldaia.es\/wp-content\/uploads\/2024\/07\/450210290_1085431606477397_1630134612233986860_n.jpg\",\"contentUrl\":\"https:\/\/aldaia.es\/wp-content\/uploads\/2024\/07\/450210290_1085431606477397_1630134612233986860_n.jpg\",\"width\":720,\"height\":509},{\"@type\":\"BreadcrumbList\",\"@id\":\"https:\/\/aldaia.es\/es\/event\/concierto-del-orfeo-daldaia-afrikanbach-el-ritme-africa-i-el-contrapunt\/#breadcrumb\",\"itemListElement\":[{\"@type\":\"ListItem\",\"position\":1,\"name\":\"Portada\",\"item\":\"https:\/\/aldaia.es\/es\/\"},{\"@type\":\"ListItem\",\"position\":2,\"name\":\"Eventos\",\"item\":\"https:\/\/aldaia.es\/es\/events\/\"},{\"@type\":\"ListItem\",\"position\":3,\"name\":\"Concierto del Orfe\u00f3 d\u2019Aldaia \u201cAFRIKANBACH. El ritme afric\u00e0 i el contrapunt!\u201d\"}]},{\"@type\":\"WebSite\",\"@id\":\"https:\/\/aldaia.es\/es\/#website\",\"url\":\"https:\/\/aldaia.es\/es\/\",\"name\":\"Ajuntament D'Aldaia\",\"description\":\"\",\"publisher\":{\"@id\":\"https:\/\/aldaia.es\/es\/#organization\"},\"alternateName\":\"Ajuntament D'Aldaia\",\"potentialAction\":[{\"@type\":\"SearchAction\",\"target\":{\"@type\":\"EntryPoint\",\"urlTemplate\":\"https:\/\/aldaia.es\/es\/?s={search_term_string}\"},\"query-input\":{\"@type\":\"PropertyValueSpecification\",\"valueRequired\":true,\"valueName\":\"search_term_string\"}}],\"inLanguage\":\"es\"},{\"@type\":\"Organization\",\"@id\":\"https:\/\/aldaia.es\/es\/#organization\",\"name\":\"Ajuntament D'Aldaia\",\"url\":\"https:\/\/aldaia.es\/es\/\",\"logo\":{\"@type\":\"ImageObject\",\"inLanguage\":\"es\",\"@id\":\"https:\/\/aldaia.es\/es\/#\/schema\/logo\/image\/\",\"url\":\"https:\/\/aldaia.es\/wp-content\/uploads\/2022\/06\/aldaia-negro-1.png\",\"contentUrl\":\"https:\/\/aldaia.es\/wp-content\/uploads\/2022\/06\/aldaia-negro-1.png\",\"width\":152,\"height\":70,\"caption\":\"Ajuntament D'Aldaia\"},\"image\":{\"@id\":\"https:\/\/aldaia.es\/es\/#\/schema\/logo\/image\/\"}}]}<\/script>\n<!-- \/ Yoast SEO plugin. -->","yoast_head_json":{"title":"Concierto del Orfe\u00f3 d\u2019Aldaia \u201cAFRIKANBACH. El ritme afric\u00e0 i el contrapunt!\u201d - Ayuntamiento de Aldaia","robots":{"index":"index","follow":"follow","max-snippet":"max-snippet:-1","max-image-preview":"max-image-preview:large","max-video-preview":"max-video-preview:-1"},"canonical":"https:\/\/aldaia.es\/es\/event\/concierto-del-orfeo-daldaia-afrikanbach-el-ritme-africa-i-el-contrapunt\/","og_locale":"es_ES","og_type":"article","og_title":"Concierto del Orfe\u00f3 d\u2019Aldaia \u201cAFRIKANBACH. El ritme afric\u00e0 i el contrapunt!\u201d - Ayuntamiento de Aldaia","og_description":"Direcci\u00f3n musical y esc\u00e9nica: Jes\u00fas Salvador \u201cCHAPI\u201d El Orfe\u00f3 d&#8217;Aldaia, con Fernando Taberner, prepara este proyecto singular del m\u00fasico JS Chapi dedicado al pueblo de Aldaia en el marco de ...","og_url":"https:\/\/aldaia.es\/es\/event\/concierto-del-orfeo-daldaia-afrikanbach-el-ritme-africa-i-el-contrapunt\/","og_site_name":"Ayuntamiento de Aldaia","schema":{"@context":"https:\/\/schema.org","@graph":[{"@type":"WebPage","@id":"https:\/\/aldaia.es\/es\/event\/concierto-del-orfeo-daldaia-afrikanbach-el-ritme-africa-i-el-contrapunt\/","url":"https:\/\/aldaia.es\/es\/event\/concierto-del-orfeo-daldaia-afrikanbach-el-ritme-africa-i-el-contrapunt\/","name":"Concierto del Orfe\u00f3 d\u2019Aldaia \u201cAFRIKANBACH. El ritme afric\u00e0 i el contrapunt!\u201d - Ayuntamiento de Aldaia","isPartOf":{"@id":"https:\/\/aldaia.es\/es\/#website"},"primaryImageOfPage":{"@id":"https:\/\/aldaia.es\/es\/event\/concierto-del-orfeo-daldaia-afrikanbach-el-ritme-africa-i-el-contrapunt\/#primaryimage"},"image":{"@id":"https:\/\/aldaia.es\/es\/event\/concierto-del-orfeo-daldaia-afrikanbach-el-ritme-africa-i-el-contrapunt\/#primaryimage"},"thumbnailUrl":"https:\/\/aldaia.es\/wp-content\/uploads\/2024\/07\/450210290_1085431606477397_1630134612233986860_n.jpg","datePublished":"2024-07-11T08:50:48+00:00","breadcrumb":{"@id":"https:\/\/aldaia.es\/es\/event\/concierto-del-orfeo-daldaia-afrikanbach-el-ritme-africa-i-el-contrapunt\/#breadcrumb"},"inLanguage":"es","potentialAction":[{"@type":"ReadAction","target":["https:\/\/aldaia.es\/es\/event\/concierto-del-orfeo-daldaia-afrikanbach-el-ritme-africa-i-el-contrapunt\/"]}]},{"@type":"ImageObject","inLanguage":"es","@id":"https:\/\/aldaia.es\/es\/event\/concierto-del-orfeo-daldaia-afrikanbach-el-ritme-africa-i-el-contrapunt\/#primaryimage","url":"https:\/\/aldaia.es\/wp-content\/uploads\/2024\/07\/450210290_1085431606477397_1630134612233986860_n.jpg","contentUrl":"https:\/\/aldaia.es\/wp-content\/uploads\/2024\/07\/450210290_1085431606477397_1630134612233986860_n.jpg","width":720,"height":509},{"@type":"BreadcrumbList","@id":"https:\/\/aldaia.es\/es\/event\/concierto-del-orfeo-daldaia-afrikanbach-el-ritme-africa-i-el-contrapunt\/#breadcrumb","itemListElement":[{"@type":"ListItem","position":1,"name":"Portada","item":"https:\/\/aldaia.es\/es\/"},{"@type":"ListItem","position":2,"name":"Eventos","item":"https:\/\/aldaia.es\/es\/events\/"},{"@type":"ListItem","position":3,"name":"Concierto del Orfe\u00f3 d\u2019Aldaia \u201cAFRIKANBACH. El ritme afric\u00e0 i el contrapunt!\u201d"}]},{"@type":"WebSite","@id":"https:\/\/aldaia.es\/es\/#website","url":"https:\/\/aldaia.es\/es\/","name":"Ajuntament D'Aldaia","description":"","publisher":{"@id":"https:\/\/aldaia.es\/es\/#organization"},"alternateName":"Ajuntament D'Aldaia","potentialAction":[{"@type":"SearchAction","target":{"@type":"EntryPoint","urlTemplate":"https:\/\/aldaia.es\/es\/?s={search_term_string}"},"query-input":{"@type":"PropertyValueSpecification","valueRequired":true,"valueName":"search_term_string"}}],"inLanguage":"es"},{"@type":"Organization","@id":"https:\/\/aldaia.es\/es\/#organization","name":"Ajuntament D'Aldaia","url":"https:\/\/aldaia.es\/es\/","logo":{"@type":"ImageObject","inLanguage":"es","@id":"https:\/\/aldaia.es\/es\/#\/schema\/logo\/image\/","url":"https:\/\/aldaia.es\/wp-content\/uploads\/2022\/06\/aldaia-negro-1.png","contentUrl":"https:\/\/aldaia.es\/wp-content\/uploads\/2022\/06\/aldaia-negro-1.png","width":152,"height":70,"caption":"Ajuntament D'Aldaia"},"image":{"@id":"https:\/\/aldaia.es\/es\/#\/schema\/logo\/image\/"}}]}},"_links":{"self":[{"href":"https:\/\/aldaia.es\/es\/wp-json\/wp\/v2\/tribe_events\/29267","targetHints":{"allow":["GET"]}}],"collection":[{"href":"https:\/\/aldaia.es\/es\/wp-json\/wp\/v2\/tribe_events"}],"about":[{"href":"https:\/\/aldaia.es\/es\/wp-json\/wp\/v2\/types\/tribe_events"}],"author":[{"embeddable":true,"href":"https:\/\/aldaia.es\/es\/wp-json\/wp\/v2\/users\/4"}],"version-history":[{"count":0,"href":"https:\/\/aldaia.es\/es\/wp-json\/wp\/v2\/tribe_events\/29267\/revisions"}],"wp:featuredmedia":[{"embeddable":true,"href":"https:\/\/aldaia.es\/es\/wp-json\/wp\/v2\/media\/29270"}],"wp:attachment":[{"href":"https:\/\/aldaia.es\/es\/wp-json\/wp\/v2\/media?parent=29267"}],"wp:term":[{"taxonomy":"post_tag","embeddable":true,"href":"https:\/\/aldaia.es\/es\/wp-json\/wp\/v2\/tags?post=29267"},{"taxonomy":"tribe_events_cat","embeddable":true,"href":"https:\/\/aldaia.es\/es\/wp-json\/wp\/v2\/tribe_events_cat?post=29267"}],"curies":[{"name":"wp","href":"https:\/\/api.w.org\/{rel}","templated":true}]}}

Concierto del Orfeó d’Aldaia “AFRIKANBACH. El ritme africà i el contrapunt!”

<p>Dirección musical y escénica: Jesús Salvador “CHAPI”</p>
<p>El Orfeó d&#8217;Aldaia, con Fernando Taberner, prepara este proyecto singular del músico JS Chapi dedicado al pueblo de Aldaia en el marco de nuestras Fiestas.</p>
<p>Un espectáculo integral, con mucho colorido y movimiento dedicado a la música de J. Sebastián Bach, con arreglos sobre la base orquestal de percusión y músicas tradicionales africanas.</p>
<p>Al ORFEÓ D&#8217;ALDAIA, le acompañará el Grupo de percusión del Conservatorio Profesional de València “Proletaris del ritme», LA LUNA DE ÁFRICA música tradicional africana, diferentes solistas y la bienvenida por parte de nuestra querida CASA África.</p>

<p>Dirección musical y escénica: Jesús Salvador “CHAPI” El Orfeó d&#8217;Aldaia, con Fernando Taberner, prepara este proyecto singular del músico JS Chapi dedicado al pueblo de Aldaia en el marco de <a class="text-decoration-none text-black" href="https://aldaia.es/es/event/concierto-del-orfeo-daldaia-afrikanbach-el-ritme-africa-i-el-contrapunt/"> &#8230; </a></p>

<!-- This site is optimized with the Yoast SEO plugin v27.0 - https://yoast.com/product/yoast-seo-wordpress/ -->
<title>Concierto del Orfeó d’Aldaia “AFRIKANBACH. El ritme africà i el contrapunt!” - Ayuntamiento de Aldaia</title>
<meta name="robots" content="index, follow, max-snippet:-1, max-image-preview:large, max-video-preview:-1" />
<link rel="canonical" href="https://aldaia.es/es/event/concierto-del-orfeo-daldaia-afrikanbach-el-ritme-africa-i-el-contrapunt/" />
<meta property="og:locale" content="es_ES" />
<meta property="og:type" content="article" />
<meta property="og:title" content="Concierto del Orfeó d’Aldaia “AFRIKANBACH. El ritme africà i el contrapunt!” - Ayuntamiento de Aldaia" />
<meta property="og:description" content="Dirección musical y escénica: Jesús Salvador “CHAPI” El Orfeó d&#8217;Aldaia, con Fernando Taberner, prepara este proyecto singular del músico JS Chapi dedicado al pueblo de Aldaia en el marco de ..." />
<meta property="og:url" content="https://aldaia.es/es/event/concierto-del-orfeo-daldaia-afrikanbach-el-ritme-africa-i-el-contrapunt/" />
<meta property="og:site_name" content="Ayuntamiento de Aldaia" />
<script type="application/ld+json" class="yoast-schema-graph">{"@context":"https://schema.org","@graph":[{"@type":"WebPage","@id":"https://aldaia.es/es/event/concierto-del-orfeo-daldaia-afrikanbach-el-ritme-africa-i-el-contrapunt/","url":"https://aldaia.es/es/event/concierto-del-orfeo-daldaia-afrikanbach-el-ritme-africa-i-el-contrapunt/","name":"Concierto del Orfeó d’Aldaia “AFRIKANBACH. El ritme africà i el contrapunt!” - Ayuntamiento de Aldaia","isPartOf":{"@id":"https://aldaia.es/es/#website"},"primaryImageOfPage":{"@id":"https://aldaia.es/es/event/concierto-del-orfeo-daldaia-afrikanbach-el-ritme-africa-i-el-contrapunt/#primaryimage"},"image":{"@id":"https://aldaia.es/es/event/concierto-del-orfeo-daldaia-afrikanbach-el-ritme-africa-i-el-contrapunt/#primaryimage"},"thumbnailUrl":"https://aldaia.es/wp-content/uploads/2024/07/450210290_1085431606477397_1630134612233986860_n.jpg","datePublished":"2024-07-11T08:50:48+00:00","breadcrumb":{"@id":"https://aldaia.es/es/event/concierto-del-orfeo-daldaia-afrikanbach-el-ritme-africa-i-el-contrapunt/#breadcrumb"},"inLanguage":"es","potentialAction":[{"@type":"ReadAction","target":["https://aldaia.es/es/event/concierto-del-orfeo-daldaia-afrikanbach-el-ritme-africa-i-el-contrapunt/"]}]},{"@type":"ImageObject","inLanguage":"es","@id":"https://aldaia.es/es/event/concierto-del-orfeo-daldaia-afrikanbach-el-ritme-africa-i-el-contrapunt/#primaryimage","url":"https://aldaia.es/wp-content/uploads/2024/07/450210290_1085431606477397_1630134612233986860_n.jpg","contentUrl":"https://aldaia.es/wp-content/uploads/2024/07/450210290_1085431606477397_1630134612233986860_n.jpg","width":720,"height":509},{"@type":"BreadcrumbList","@id":"https://aldaia.es/es/event/concierto-del-orfeo-daldaia-afrikanbach-el-ritme-africa-i-el-contrapunt/#breadcrumb","itemListElement":[{"@type":"ListItem","position":1,"name":"Portada","item":"https://aldaia.es/es/"},{"@type":"ListItem","position":2,"name":"Eventos","item":"https://aldaia.es/es/events/"},{"@type":"ListItem","position":3,"name":"Concierto del Orfeó d’Aldaia “AFRIKANBACH. El ritme africà i el contrapunt!”"}]},{"@type":"WebSite","@id":"https://aldaia.es/es/#website","url":"https://aldaia.es/es/","name":"Ajuntament D'Aldaia","description":"","publisher":{"@id":"https://aldaia.es/es/#organization"},"alternateName":"Ajuntament D'Aldaia","potentialAction":[{"@type":"SearchAction","target":{"@type":"EntryPoint","urlTemplate":"https://aldaia.es/es/?s={search_term_string}"},"query-input":{"@type":"PropertyValueSpecification","valueRequired":true,"valueName":"search_term_string"}}],"inLanguage":"es"},{"@type":"Organization","@id":"https://aldaia.es/es/#organization","name":"Ajuntament D'Aldaia","url":"https://aldaia.es/es/","logo":{"@type":"ImageObject","inLanguage":"es","@id":"https://aldaia.es/es/#/schema/logo/image/","url":"https://aldaia.es/wp-content/uploads/2022/06/aldaia-negro-1.png","contentUrl":"https://aldaia.es/wp-content/uploads/2022/06/aldaia-negro-1.png","width":152,"height":70,"caption":"Ajuntament D'Aldaia"},"image":{"@id":"https://aldaia.es/es/#/schema/logo/image/"}}]}</script>
<!-- / Yoast SEO plugin. -->

Concierto del Orfeó d’Aldaia “AFRIKANBACH. El ritme africà i el contrapunt!” - Ayuntamiento de Aldaia

Dirección musical y escénica: Jesús Salvador “CHAPI” El Orfeó d&#8217;Aldaia, con Fernando Taberner, prepara este proyecto singular del músico JS Chapi dedicado al pueblo de Aldaia en el marco de ...
