{"id":33558,"date":"2024-10-08T13:05:11","date_gmt":"2024-10-08T11:05:11","guid":{"rendered":"https:\/\/aldaia.es\/event\/jornada-de-la-salud-mental\/"},"modified":"2024-10-08T13:05:11","modified_gmt":"2024-10-08T11:05:11","slug":"jornada-de-la-salud-mental","status":"publish","type":"tribe_events","link":"https:\/\/aldaia.es\/es\/event\/jornada-de-la-salud-mental\/","title":{"rendered":"Jornada de la Salud Mental"},"content":{"rendered":"<p>\u23f0 18.30 h &#8211; Apertura de la jornada \u23f0 18.35 h &#8211; Presentaci\u00f3n de la proyecci\u00f3n \u23f0 18.40 h &#8211; Proyecci\u00f3n del corto \u00abBuscant el meu propi nom\u00bb \u23f0 19.20 h &#8211; El director del film, Pau Garc\u00eda, compartir\u00e1 los aspectos m\u00e1s interesantes del proceso del rodaje, con especial \u00e9nfasis en el papel de las actrices que tienen un sufrimiento mental \u23f0 19.35 h &#8211; La psiquiatra Mar\u00eda Huertas, autora del libro \u00abNou noms\u00bb, nos hablar\u00e1 desde la suya propia experiencia de las mujeres que llegaron a B\u00e9tera entre 1973 y 1975, y en concreto del contexto en el Hospital Psiqui\u00e1trico de esa poblaci\u00f3n en los a\u00f1os 70\/80, as\u00ed cono de la situaci\u00f3n de la salud mental en la actualidad \u23f0 20.00 h &#8211; Coloquio abierto al p\u00fablico \u23f0 20.25 h &#8211; Cierre de la jornada \u23f0 20.30 h &#8211; Final del acto<\/p>\n","protected":false},"excerpt":{"rendered":"<p>\u23f0 18.30 h &#8211; Apertura de la jornada \u23f0 18.35 h &#8211; Presentaci\u00f3n de la proyecci\u00f3n \u23f0 18.40 h &#8211; Proyecci\u00f3n del corto \u00abBuscant el meu propi nom\u00bb \u23f0 19.20 <a class=\"text-decoration-none text-black\" href=\"https:\/\/aldaia.es\/es\/event\/jornada-de-la-salud-mental\/\"> &#8230; <\/a><\/p>\n","protected":false},"author":4,"featured_media":33700,"template":"","meta":{"_acf_changed":false,"_tribe_events_status":"","_tribe_events_status_reason":"","footnotes":""},"tags":[],"tribe_events_cat":[],"class_list":["post-33558","tribe_events","type-tribe_events","status-publish","has-post-thumbnail","hentry"],"acf":[],"yoast_head":"<!-- This site is optimized with the Yoast SEO plugin v27.0 - https:\/\/yoast.com\/product\/yoast-seo-wordpress\/ -->\n<title>Jornada de la Salud Mental - Ayuntamiento de Aldaia<\/title>\n<meta name=\"robots\" content=\"index, follow, max-snippet:-1, max-image-preview:large, max-video-preview:-1\" \/>\n<link rel=\"canonical\" href=\"https:\/\/aldaia.es\/es\/event\/jornada-de-la-salud-mental\/\" \/>\n<meta property=\"og:locale\" content=\"es_ES\" \/>\n<meta property=\"og:type\" content=\"article\" \/>\n<meta property=\"og:title\" content=\"Jornada de la Salud Mental - Ayuntamiento de Aldaia\" \/>\n<meta property=\"og:description\" content=\"\u23f0 18.30 h &#8211; Apertura de la jornada \u23f0 18.35 h &#8211; Presentaci\u00f3n de la proyecci\u00f3n \u23f0 18.40 h &#8211; Proyecci\u00f3n del corto \u00abBuscant el meu propi nom\u00bb \u23f0 19.20 ...\" \/>\n<meta property=\"og:url\" content=\"https:\/\/aldaia.es\/es\/event\/jornada-de-la-salud-mental\/\" \/>\n<meta property=\"og:site_name\" content=\"Ayuntamiento de Aldaia\" \/>\n<script type=\"application\/ld+json\" class=\"yoast-schema-graph\">{\"@context\":\"https:\/\/schema.org\",\"@graph\":[{\"@type\":\"WebPage\",\"@id\":\"https:\/\/aldaia.es\/es\/event\/jornada-de-la-salud-mental\/\",\"url\":\"https:\/\/aldaia.es\/es\/event\/jornada-de-la-salud-mental\/\",\"name\":\"Jornada de la Salud Mental - Ayuntamiento de Aldaia\",\"isPartOf\":{\"@id\":\"https:\/\/aldaia.es\/es\/#website\"},\"primaryImageOfPage\":{\"@id\":\"https:\/\/aldaia.es\/es\/event\/jornada-de-la-salud-mental\/#primaryimage\"},\"image\":{\"@id\":\"https:\/\/aldaia.es\/es\/event\/jornada-de-la-salud-mental\/#primaryimage\"},\"thumbnailUrl\":\"https:\/\/aldaia.es\/wp-content\/uploads\/2024\/10\/Cartell-dia-salut-mental-scaled.jpg\",\"datePublished\":\"2024-10-08T11:05:11+00:00\",\"breadcrumb\":{\"@id\":\"https:\/\/aldaia.es\/es\/event\/jornada-de-la-salud-mental\/#breadcrumb\"},\"inLanguage\":\"es\",\"potentialAction\":[{\"@type\":\"ReadAction\",\"target\":[\"https:\/\/aldaia.es\/es\/event\/jornada-de-la-salud-mental\/\"]}]},{\"@type\":\"ImageObject\",\"inLanguage\":\"es\",\"@id\":\"https:\/\/aldaia.es\/es\/event\/jornada-de-la-salud-mental\/#primaryimage\",\"url\":\"https:\/\/aldaia.es\/wp-content\/uploads\/2024\/10\/Cartell-dia-salut-mental-scaled.jpg\",\"contentUrl\":\"https:\/\/aldaia.es\/wp-content\/uploads\/2024\/10\/Cartell-dia-salut-mental-scaled.jpg\",\"width\":1810,\"height\":2560},{\"@type\":\"BreadcrumbList\",\"@id\":\"https:\/\/aldaia.es\/es\/event\/jornada-de-la-salud-mental\/#breadcrumb\",\"itemListElement\":[{\"@type\":\"ListItem\",\"position\":1,\"name\":\"Portada\",\"item\":\"https:\/\/aldaia.es\/es\/\"},{\"@type\":\"ListItem\",\"position\":2,\"name\":\"Eventos\",\"item\":\"https:\/\/aldaia.es\/es\/events\/\"},{\"@type\":\"ListItem\",\"position\":3,\"name\":\"Jornada de la Salud Mental\"}]},{\"@type\":\"WebSite\",\"@id\":\"https:\/\/aldaia.es\/es\/#website\",\"url\":\"https:\/\/aldaia.es\/es\/\",\"name\":\"Ajuntament D'Aldaia\",\"description\":\"\",\"publisher\":{\"@id\":\"https:\/\/aldaia.es\/es\/#organization\"},\"alternateName\":\"Ajuntament D'Aldaia\",\"potentialAction\":[{\"@type\":\"SearchAction\",\"target\":{\"@type\":\"EntryPoint\",\"urlTemplate\":\"https:\/\/aldaia.es\/es\/?s={search_term_string}\"},\"query-input\":{\"@type\":\"PropertyValueSpecification\",\"valueRequired\":true,\"valueName\":\"search_term_string\"}}],\"inLanguage\":\"es\"},{\"@type\":\"Organization\",\"@id\":\"https:\/\/aldaia.es\/es\/#organization\",\"name\":\"Ajuntament D'Aldaia\",\"url\":\"https:\/\/aldaia.es\/es\/\",\"logo\":{\"@type\":\"ImageObject\",\"inLanguage\":\"es\",\"@id\":\"https:\/\/aldaia.es\/es\/#\/schema\/logo\/image\/\",\"url\":\"https:\/\/aldaia.es\/wp-content\/uploads\/2022\/06\/aldaia-negro-1.png\",\"contentUrl\":\"https:\/\/aldaia.es\/wp-content\/uploads\/2022\/06\/aldaia-negro-1.png\",\"width\":152,\"height\":70,\"caption\":\"Ajuntament D'Aldaia\"},\"image\":{\"@id\":\"https:\/\/aldaia.es\/es\/#\/schema\/logo\/image\/\"}}]}<\/script>\n<!-- \/ Yoast SEO plugin. -->","yoast_head_json":{"title":"Jornada de la Salud Mental - Ayuntamiento de Aldaia","robots":{"index":"index","follow":"follow","max-snippet":"max-snippet:-1","max-image-preview":"max-image-preview:large","max-video-preview":"max-video-preview:-1"},"canonical":"https:\/\/aldaia.es\/es\/event\/jornada-de-la-salud-mental\/","og_locale":"es_ES","og_type":"article","og_title":"Jornada de la Salud Mental - Ayuntamiento de Aldaia","og_description":"\u23f0 18.30 h &#8211; Apertura de la jornada \u23f0 18.35 h &#8211; Presentaci\u00f3n de la proyecci\u00f3n \u23f0 18.40 h &#8211; Proyecci\u00f3n del corto \u00abBuscant el meu propi nom\u00bb \u23f0 19.20 ...","og_url":"https:\/\/aldaia.es\/es\/event\/jornada-de-la-salud-mental\/","og_site_name":"Ayuntamiento de Aldaia","schema":{"@context":"https:\/\/schema.org","@graph":[{"@type":"WebPage","@id":"https:\/\/aldaia.es\/es\/event\/jornada-de-la-salud-mental\/","url":"https:\/\/aldaia.es\/es\/event\/jornada-de-la-salud-mental\/","name":"Jornada de la Salud Mental - Ayuntamiento de Aldaia","isPartOf":{"@id":"https:\/\/aldaia.es\/es\/#website"},"primaryImageOfPage":{"@id":"https:\/\/aldaia.es\/es\/event\/jornada-de-la-salud-mental\/#primaryimage"},"image":{"@id":"https:\/\/aldaia.es\/es\/event\/jornada-de-la-salud-mental\/#primaryimage"},"thumbnailUrl":"https:\/\/aldaia.es\/wp-content\/uploads\/2024\/10\/Cartell-dia-salut-mental-scaled.jpg","datePublished":"2024-10-08T11:05:11+00:00","breadcrumb":{"@id":"https:\/\/aldaia.es\/es\/event\/jornada-de-la-salud-mental\/#breadcrumb"},"inLanguage":"es","potentialAction":[{"@type":"ReadAction","target":["https:\/\/aldaia.es\/es\/event\/jornada-de-la-salud-mental\/"]}]},{"@type":"ImageObject","inLanguage":"es","@id":"https:\/\/aldaia.es\/es\/event\/jornada-de-la-salud-mental\/#primaryimage","url":"https:\/\/aldaia.es\/wp-content\/uploads\/2024\/10\/Cartell-dia-salut-mental-scaled.jpg","contentUrl":"https:\/\/aldaia.es\/wp-content\/uploads\/2024\/10\/Cartell-dia-salut-mental-scaled.jpg","width":1810,"height":2560},{"@type":"BreadcrumbList","@id":"https:\/\/aldaia.es\/es\/event\/jornada-de-la-salud-mental\/#breadcrumb","itemListElement":[{"@type":"ListItem","position":1,"name":"Portada","item":"https:\/\/aldaia.es\/es\/"},{"@type":"ListItem","position":2,"name":"Eventos","item":"https:\/\/aldaia.es\/es\/events\/"},{"@type":"ListItem","position":3,"name":"Jornada de la Salud Mental"}]},{"@type":"WebSite","@id":"https:\/\/aldaia.es\/es\/#website","url":"https:\/\/aldaia.es\/es\/","name":"Ajuntament D'Aldaia","description":"","publisher":{"@id":"https:\/\/aldaia.es\/es\/#organization"},"alternateName":"Ajuntament D'Aldaia","potentialAction":[{"@type":"SearchAction","target":{"@type":"EntryPoint","urlTemplate":"https:\/\/aldaia.es\/es\/?s={search_term_string}"},"query-input":{"@type":"PropertyValueSpecification","valueRequired":true,"valueName":"search_term_string"}}],"inLanguage":"es"},{"@type":"Organization","@id":"https:\/\/aldaia.es\/es\/#organization","name":"Ajuntament D'Aldaia","url":"https:\/\/aldaia.es\/es\/","logo":{"@type":"ImageObject","inLanguage":"es","@id":"https:\/\/aldaia.es\/es\/#\/schema\/logo\/image\/","url":"https:\/\/aldaia.es\/wp-content\/uploads\/2022\/06\/aldaia-negro-1.png","contentUrl":"https:\/\/aldaia.es\/wp-content\/uploads\/2022\/06\/aldaia-negro-1.png","width":152,"height":70,"caption":"Ajuntament D'Aldaia"},"image":{"@id":"https:\/\/aldaia.es\/es\/#\/schema\/logo\/image\/"}}]}},"_links":{"self":[{"href":"https:\/\/aldaia.es\/es\/wp-json\/wp\/v2\/tribe_events\/33558","targetHints":{"allow":["GET"]}}],"collection":[{"href":"https:\/\/aldaia.es\/es\/wp-json\/wp\/v2\/tribe_events"}],"about":[{"href":"https:\/\/aldaia.es\/es\/wp-json\/wp\/v2\/types\/tribe_events"}],"author":[{"embeddable":true,"href":"https:\/\/aldaia.es\/es\/wp-json\/wp\/v2\/users\/4"}],"version-history":[{"count":0,"href":"https:\/\/aldaia.es\/es\/wp-json\/wp\/v2\/tribe_events\/33558\/revisions"}],"wp:featuredmedia":[{"embeddable":true,"href":"https:\/\/aldaia.es\/es\/wp-json\/wp\/v2\/media\/33700"}],"wp:attachment":[{"href":"https:\/\/aldaia.es\/es\/wp-json\/wp\/v2\/media?parent=33558"}],"wp:term":[{"taxonomy":"post_tag","embeddable":true,"href":"https:\/\/aldaia.es\/es\/wp-json\/wp\/v2\/tags?post=33558"},{"taxonomy":"tribe_events_cat","embeddable":true,"href":"https:\/\/aldaia.es\/es\/wp-json\/wp\/v2\/tribe_events_cat?post=33558"}],"curies":[{"name":"wp","href":"https:\/\/api.w.org\/{rel}","templated":true}]}}

<p>⏰ 18.30 h &#8211; Apertura de la jornada ⏰ 18.35 h &#8211; Presentación de la proyección ⏰ 18.40 h &#8211; Proyección del corto «Buscant el meu propi nom» ⏰ 19.20 h &#8211; El director del film, Pau García, compartirá los aspectos más interesantes del proceso del rodaje, con especial énfasis en el papel de las actrices que tienen un sufrimiento mental ⏰ 19.35 h &#8211; La psiquiatra María Huertas, autora del libro «Nou noms», nos hablará desde la suya propia experiencia de las mujeres que llegaron a Bétera entre 1973 y 1975, y en concreto del contexto en el Hospital Psiquiátrico de esa población en los años 70/80, así cono de la situación de la salud mental en la actualidad ⏰ 20.00 h &#8211; Coloquio abierto al público ⏰ 20.25 h &#8211; Cierre de la jornada ⏰ 20.30 h &#8211; Final del acto</p>

<p>⏰ 18.30 h &#8211; Apertura de la jornada ⏰ 18.35 h &#8211; Presentación de la proyección ⏰ 18.40 h &#8211; Proyección del corto «Buscant el meu propi nom» ⏰ 19.20 <a class="text-decoration-none text-black" href="https://aldaia.es/es/event/jornada-de-la-salud-mental/"> &#8230; </a></p>

<!-- This site is optimized with the Yoast SEO plugin v27.0 - https://yoast.com/product/yoast-seo-wordpress/ -->
<title>Jornada de la Salud Mental - Ayuntamiento de Aldaia</title>
<meta name="robots" content="index, follow, max-snippet:-1, max-image-preview:large, max-video-preview:-1" />
<link rel="canonical" href="https://aldaia.es/es/event/jornada-de-la-salud-mental/" />
<meta property="og:locale" content="es_ES" />
<meta property="og:type" content="article" />
<meta property="og:title" content="Jornada de la Salud Mental - Ayuntamiento de Aldaia" />
<meta property="og:description" content="⏰ 18.30 h &#8211; Apertura de la jornada ⏰ 18.35 h &#8211; Presentación de la proyección ⏰ 18.40 h &#8211; Proyección del corto «Buscant el meu propi nom» ⏰ 19.20 ..." />
<meta property="og:url" content="https://aldaia.es/es/event/jornada-de-la-salud-mental/" />
<meta property="og:site_name" content="Ayuntamiento de Aldaia" />
<script type="application/ld+json" class="yoast-schema-graph">{"@context":"https://schema.org","@graph":[{"@type":"WebPage","@id":"https://aldaia.es/es/event/jornada-de-la-salud-mental/","url":"https://aldaia.es/es/event/jornada-de-la-salud-mental/","name":"Jornada de la Salud Mental - Ayuntamiento de Aldaia","isPartOf":{"@id":"https://aldaia.es/es/#website"},"primaryImageOfPage":{"@id":"https://aldaia.es/es/event/jornada-de-la-salud-mental/#primaryimage"},"image":{"@id":"https://aldaia.es/es/event/jornada-de-la-salud-mental/#primaryimage"},"thumbnailUrl":"https://aldaia.es/wp-content/uploads/2024/10/Cartell-dia-salut-mental-scaled.jpg","datePublished":"2024-10-08T11:05:11+00:00","breadcrumb":{"@id":"https://aldaia.es/es/event/jornada-de-la-salud-mental/#breadcrumb"},"inLanguage":"es","potentialAction":[{"@type":"ReadAction","target":["https://aldaia.es/es/event/jornada-de-la-salud-mental/"]}]},{"@type":"ImageObject","inLanguage":"es","@id":"https://aldaia.es/es/event/jornada-de-la-salud-mental/#primaryimage","url":"https://aldaia.es/wp-content/uploads/2024/10/Cartell-dia-salut-mental-scaled.jpg","contentUrl":"https://aldaia.es/wp-content/uploads/2024/10/Cartell-dia-salut-mental-scaled.jpg","width":1810,"height":2560},{"@type":"BreadcrumbList","@id":"https://aldaia.es/es/event/jornada-de-la-salud-mental/#breadcrumb","itemListElement":[{"@type":"ListItem","position":1,"name":"Portada","item":"https://aldaia.es/es/"},{"@type":"ListItem","position":2,"name":"Eventos","item":"https://aldaia.es/es/events/"},{"@type":"ListItem","position":3,"name":"Jornada de la Salud Mental"}]},{"@type":"WebSite","@id":"https://aldaia.es/es/#website","url":"https://aldaia.es/es/","name":"Ajuntament D'Aldaia","description":"","publisher":{"@id":"https://aldaia.es/es/#organization"},"alternateName":"Ajuntament D'Aldaia","potentialAction":[{"@type":"SearchAction","target":{"@type":"EntryPoint","urlTemplate":"https://aldaia.es/es/?s={search_term_string}"},"query-input":{"@type":"PropertyValueSpecification","valueRequired":true,"valueName":"search_term_string"}}],"inLanguage":"es"},{"@type":"Organization","@id":"https://aldaia.es/es/#organization","name":"Ajuntament D'Aldaia","url":"https://aldaia.es/es/","logo":{"@type":"ImageObject","inLanguage":"es","@id":"https://aldaia.es/es/#/schema/logo/image/","url":"https://aldaia.es/wp-content/uploads/2022/06/aldaia-negro-1.png","contentUrl":"https://aldaia.es/wp-content/uploads/2022/06/aldaia-negro-1.png","width":152,"height":70,"caption":"Ajuntament D'Aldaia"},"image":{"@id":"https://aldaia.es/es/#/schema/logo/image/"}}]}</script>
<!-- / Yoast SEO plugin. -->

⏰ 18.30 h &#8211; Apertura de la jornada ⏰ 18.35 h &#8211; Presentación de la proyección ⏰ 18.40 h &#8211; Proyección del corto «Buscant el meu propi nom» ⏰ 19.20 ...
