{"id":40299,"date":"2025-12-19T13:07:31","date_gmt":"2025-12-19T12:07:31","guid":{"rendered":"https:\/\/aldaia.es\/?post_type=tribe_events&#038;p=40299"},"modified":"2025-12-19T13:08:30","modified_gmt":"2025-12-19T12:08:30","slug":"gran-cabalgata-de-los-reyes-magos","status":"publish","type":"tribe_events","link":"https:\/\/aldaia.es\/es\/event\/gran-cabalgata-de-los-reyes-magos\/","title":{"rendered":"Gran cabalgata de los Reyes Magos"},"content":{"rendered":"<p>Los Reyes Magos de Oriente llegar\u00e1n a Aldaia y realizar\u00e1n la adoraci\u00f3n a la imagen del Jesuset.<br \/>\nRecorrer\u00e1n las calles principales en carroza y su s\u00e9quito de pajes hasta llegar a la plaza de la Constituci\u00f3n. Despu\u00e9s subir\u00e1n al balc\u00f3n del Ayuntamiento para saludar a todas las ni\u00f1as y ni\u00f1os.<\/p>\n","protected":false},"excerpt":{"rendered":"<p>Los Reyes Magos de Oriente llegar\u00e1n a Aldaia y realizar\u00e1n la adoraci\u00f3n a la imagen del Jesuset. Recorrer\u00e1n las calles principales en carroza y su s\u00e9quito de pajes hasta llegar <a class=\"text-decoration-none text-black\" href=\"https:\/\/aldaia.es\/es\/event\/gran-cabalgata-de-los-reyes-magos\/\"> &#8230; <\/a><\/p>\n","protected":false},"author":4,"featured_media":40291,"template":"","meta":{"_acf_changed":false,"_tribe_events_status":"","_tribe_events_status_reason":"","footnotes":""},"tags":[],"tribe_events_cat":[232],"class_list":["post-40299","tribe_events","type-tribe_events","status-publish","has-post-thumbnail","hentry","tribe_events_cat-eventos","cat_eventos"],"acf":[],"yoast_head":"<!-- This site is optimized with the Yoast SEO plugin v27.0 - https:\/\/yoast.com\/product\/yoast-seo-wordpress\/ -->\n<title>Gran cabalgata de los Reyes Magos - Ayuntamiento de Aldaia<\/title>\n<meta name=\"robots\" content=\"index, follow, max-snippet:-1, max-image-preview:large, max-video-preview:-1\" \/>\n<link rel=\"canonical\" href=\"https:\/\/aldaia.es\/es\/event\/gran-cabalgata-de-los-reyes-magos\/\" \/>\n<meta property=\"og:locale\" content=\"es_ES\" \/>\n<meta property=\"og:type\" content=\"article\" \/>\n<meta property=\"og:title\" content=\"Gran cabalgata de los Reyes Magos - Ayuntamiento de Aldaia\" \/>\n<meta property=\"og:description\" content=\"Los Reyes Magos de Oriente llegar\u00e1n a Aldaia y realizar\u00e1n la adoraci\u00f3n a la imagen del Jesuset. Recorrer\u00e1n las calles principales en carroza y su s\u00e9quito de pajes hasta llegar ...\" \/>\n<meta property=\"og:url\" content=\"https:\/\/aldaia.es\/es\/event\/gran-cabalgata-de-los-reyes-magos\/\" \/>\n<meta property=\"og:site_name\" content=\"Ayuntamiento de Aldaia\" \/>\n<meta property=\"article:modified_time\" content=\"2025-12-19T12:08:30+00:00\" \/>\n<meta property=\"og:image\" content=\"https:\/\/aldaia.es\/wp-content\/uploads\/2025\/12\/cavalgada.jpeg\" \/>\n\t<meta property=\"og:image:width\" content=\"1076\" \/>\n\t<meta property=\"og:image:height\" content=\"1532\" \/>\n\t<meta property=\"og:image:type\" content=\"image\/jpeg\" \/>\n<script type=\"application\/ld+json\" class=\"yoast-schema-graph\">{\"@context\":\"https:\/\/schema.org\",\"@graph\":[{\"@type\":\"WebPage\",\"@id\":\"https:\/\/aldaia.es\/es\/event\/gran-cabalgata-de-los-reyes-magos\/\",\"url\":\"https:\/\/aldaia.es\/es\/event\/gran-cabalgata-de-los-reyes-magos\/\",\"name\":\"Gran cabalgata de los Reyes Magos - Ayuntamiento de Aldaia\",\"isPartOf\":{\"@id\":\"https:\/\/aldaia.es\/es\/#website\"},\"primaryImageOfPage\":{\"@id\":\"https:\/\/aldaia.es\/es\/event\/gran-cabalgata-de-los-reyes-magos\/#primaryimage\"},\"image\":{\"@id\":\"https:\/\/aldaia.es\/es\/event\/gran-cabalgata-de-los-reyes-magos\/#primaryimage\"},\"thumbnailUrl\":\"https:\/\/aldaia.es\/wp-content\/uploads\/2025\/12\/cavalgada.jpeg\",\"datePublished\":\"2025-12-19T12:07:31+00:00\",\"dateModified\":\"2025-12-19T12:08:30+00:00\",\"breadcrumb\":{\"@id\":\"https:\/\/aldaia.es\/es\/event\/gran-cabalgata-de-los-reyes-magos\/#breadcrumb\"},\"inLanguage\":\"es\",\"potentialAction\":[{\"@type\":\"ReadAction\",\"target\":[\"https:\/\/aldaia.es\/es\/event\/gran-cabalgata-de-los-reyes-magos\/\"]}]},{\"@type\":\"ImageObject\",\"inLanguage\":\"es\",\"@id\":\"https:\/\/aldaia.es\/es\/event\/gran-cabalgata-de-los-reyes-magos\/#primaryimage\",\"url\":\"https:\/\/aldaia.es\/wp-content\/uploads\/2025\/12\/cavalgada.jpeg\",\"contentUrl\":\"https:\/\/aldaia.es\/wp-content\/uploads\/2025\/12\/cavalgada.jpeg\",\"width\":1076,\"height\":1532},{\"@type\":\"BreadcrumbList\",\"@id\":\"https:\/\/aldaia.es\/es\/event\/gran-cabalgata-de-los-reyes-magos\/#breadcrumb\",\"itemListElement\":[{\"@type\":\"ListItem\",\"position\":1,\"name\":\"Portada\",\"item\":\"https:\/\/aldaia.es\/es\/\"},{\"@type\":\"ListItem\",\"position\":2,\"name\":\"Eventos\",\"item\":\"https:\/\/aldaia.es\/es\/events\/\"},{\"@type\":\"ListItem\",\"position\":3,\"name\":\"Gran cabalgata de los Reyes Magos\"}]},{\"@type\":\"WebSite\",\"@id\":\"https:\/\/aldaia.es\/es\/#website\",\"url\":\"https:\/\/aldaia.es\/es\/\",\"name\":\"Ajuntament D'Aldaia\",\"description\":\"\",\"publisher\":{\"@id\":\"https:\/\/aldaia.es\/es\/#organization\"},\"alternateName\":\"Ajuntament D'Aldaia\",\"potentialAction\":[{\"@type\":\"SearchAction\",\"target\":{\"@type\":\"EntryPoint\",\"urlTemplate\":\"https:\/\/aldaia.es\/es\/?s={search_term_string}\"},\"query-input\":{\"@type\":\"PropertyValueSpecification\",\"valueRequired\":true,\"valueName\":\"search_term_string\"}}],\"inLanguage\":\"es\"},{\"@type\":\"Organization\",\"@id\":\"https:\/\/aldaia.es\/es\/#organization\",\"name\":\"Ajuntament D'Aldaia\",\"url\":\"https:\/\/aldaia.es\/es\/\",\"logo\":{\"@type\":\"ImageObject\",\"inLanguage\":\"es\",\"@id\":\"https:\/\/aldaia.es\/es\/#\/schema\/logo\/image\/\",\"url\":\"https:\/\/aldaia.es\/wp-content\/uploads\/2022\/06\/aldaia-negro-1.png\",\"contentUrl\":\"https:\/\/aldaia.es\/wp-content\/uploads\/2022\/06\/aldaia-negro-1.png\",\"width\":152,\"height\":70,\"caption\":\"Ajuntament D'Aldaia\"},\"image\":{\"@id\":\"https:\/\/aldaia.es\/es\/#\/schema\/logo\/image\/\"}}]}<\/script>\n<!-- \/ Yoast SEO plugin. -->","yoast_head_json":{"title":"Gran cabalgata de los Reyes Magos - Ayuntamiento de Aldaia","robots":{"index":"index","follow":"follow","max-snippet":"max-snippet:-1","max-image-preview":"max-image-preview:large","max-video-preview":"max-video-preview:-1"},"canonical":"https:\/\/aldaia.es\/es\/event\/gran-cabalgata-de-los-reyes-magos\/","og_locale":"es_ES","og_type":"article","og_title":"Gran cabalgata de los Reyes Magos - Ayuntamiento de Aldaia","og_description":"Los Reyes Magos de Oriente llegar\u00e1n a Aldaia y realizar\u00e1n la adoraci\u00f3n a la imagen del Jesuset. Recorrer\u00e1n las calles principales en carroza y su s\u00e9quito de pajes hasta llegar ...","og_url":"https:\/\/aldaia.es\/es\/event\/gran-cabalgata-de-los-reyes-magos\/","og_site_name":"Ayuntamiento de Aldaia","article_modified_time":"2025-12-19T12:08:30+00:00","og_image":[{"width":1076,"height":1532,"url":"https:\/\/aldaia.es\/wp-content\/uploads\/2025\/12\/cavalgada.jpeg","type":"image\/jpeg"}],"schema":{"@context":"https:\/\/schema.org","@graph":[{"@type":"WebPage","@id":"https:\/\/aldaia.es\/es\/event\/gran-cabalgata-de-los-reyes-magos\/","url":"https:\/\/aldaia.es\/es\/event\/gran-cabalgata-de-los-reyes-magos\/","name":"Gran cabalgata de los Reyes Magos - Ayuntamiento de Aldaia","isPartOf":{"@id":"https:\/\/aldaia.es\/es\/#website"},"primaryImageOfPage":{"@id":"https:\/\/aldaia.es\/es\/event\/gran-cabalgata-de-los-reyes-magos\/#primaryimage"},"image":{"@id":"https:\/\/aldaia.es\/es\/event\/gran-cabalgata-de-los-reyes-magos\/#primaryimage"},"thumbnailUrl":"https:\/\/aldaia.es\/wp-content\/uploads\/2025\/12\/cavalgada.jpeg","datePublished":"2025-12-19T12:07:31+00:00","dateModified":"2025-12-19T12:08:30+00:00","breadcrumb":{"@id":"https:\/\/aldaia.es\/es\/event\/gran-cabalgata-de-los-reyes-magos\/#breadcrumb"},"inLanguage":"es","potentialAction":[{"@type":"ReadAction","target":["https:\/\/aldaia.es\/es\/event\/gran-cabalgata-de-los-reyes-magos\/"]}]},{"@type":"ImageObject","inLanguage":"es","@id":"https:\/\/aldaia.es\/es\/event\/gran-cabalgata-de-los-reyes-magos\/#primaryimage","url":"https:\/\/aldaia.es\/wp-content\/uploads\/2025\/12\/cavalgada.jpeg","contentUrl":"https:\/\/aldaia.es\/wp-content\/uploads\/2025\/12\/cavalgada.jpeg","width":1076,"height":1532},{"@type":"BreadcrumbList","@id":"https:\/\/aldaia.es\/es\/event\/gran-cabalgata-de-los-reyes-magos\/#breadcrumb","itemListElement":[{"@type":"ListItem","position":1,"name":"Portada","item":"https:\/\/aldaia.es\/es\/"},{"@type":"ListItem","position":2,"name":"Eventos","item":"https:\/\/aldaia.es\/es\/events\/"},{"@type":"ListItem","position":3,"name":"Gran cabalgata de los Reyes Magos"}]},{"@type":"WebSite","@id":"https:\/\/aldaia.es\/es\/#website","url":"https:\/\/aldaia.es\/es\/","name":"Ajuntament D'Aldaia","description":"","publisher":{"@id":"https:\/\/aldaia.es\/es\/#organization"},"alternateName":"Ajuntament D'Aldaia","potentialAction":[{"@type":"SearchAction","target":{"@type":"EntryPoint","urlTemplate":"https:\/\/aldaia.es\/es\/?s={search_term_string}"},"query-input":{"@type":"PropertyValueSpecification","valueRequired":true,"valueName":"search_term_string"}}],"inLanguage":"es"},{"@type":"Organization","@id":"https:\/\/aldaia.es\/es\/#organization","name":"Ajuntament D'Aldaia","url":"https:\/\/aldaia.es\/es\/","logo":{"@type":"ImageObject","inLanguage":"es","@id":"https:\/\/aldaia.es\/es\/#\/schema\/logo\/image\/","url":"https:\/\/aldaia.es\/wp-content\/uploads\/2022\/06\/aldaia-negro-1.png","contentUrl":"https:\/\/aldaia.es\/wp-content\/uploads\/2022\/06\/aldaia-negro-1.png","width":152,"height":70,"caption":"Ajuntament D'Aldaia"},"image":{"@id":"https:\/\/aldaia.es\/es\/#\/schema\/logo\/image\/"}}]}},"_links":{"self":[{"href":"https:\/\/aldaia.es\/es\/wp-json\/wp\/v2\/tribe_events\/40299","targetHints":{"allow":["GET"]}}],"collection":[{"href":"https:\/\/aldaia.es\/es\/wp-json\/wp\/v2\/tribe_events"}],"about":[{"href":"https:\/\/aldaia.es\/es\/wp-json\/wp\/v2\/types\/tribe_events"}],"author":[{"embeddable":true,"href":"https:\/\/aldaia.es\/es\/wp-json\/wp\/v2\/users\/4"}],"version-history":[{"count":1,"href":"https:\/\/aldaia.es\/es\/wp-json\/wp\/v2\/tribe_events\/40299\/revisions"}],"predecessor-version":[{"id":40301,"href":"https:\/\/aldaia.es\/es\/wp-json\/wp\/v2\/tribe_events\/40299\/revisions\/40301"}],"wp:featuredmedia":[{"embeddable":true,"href":"https:\/\/aldaia.es\/es\/wp-json\/wp\/v2\/media\/40291"}],"wp:attachment":[{"href":"https:\/\/aldaia.es\/es\/wp-json\/wp\/v2\/media?parent=40299"}],"wp:term":[{"taxonomy":"post_tag","embeddable":true,"href":"https:\/\/aldaia.es\/es\/wp-json\/wp\/v2\/tags?post=40299"},{"taxonomy":"tribe_events_cat","embeddable":true,"href":"https:\/\/aldaia.es\/es\/wp-json\/wp\/v2\/tribe_events_cat?post=40299"}],"curies":[{"name":"wp","href":"https:\/\/api.w.org\/{rel}","templated":true}]}}

<p>Los Reyes Magos de Oriente llegarán a Aldaia y realizarán la adoración a la imagen del Jesuset.<br />
Recorrerán las calles principales en carroza y su séquito de pajes hasta llegar a la plaza de la Constitución. Después subirán al balcón del Ayuntamiento para saludar a todas las niñas y niños.</p>

<p>Los Reyes Magos de Oriente llegarán a Aldaia y realizarán la adoración a la imagen del Jesuset. Recorrerán las calles principales en carroza y su séquito de pajes hasta llegar <a class="text-decoration-none text-black" href="https://aldaia.es/es/event/gran-cabalgata-de-los-reyes-magos/"> &#8230; </a></p>

<!-- This site is optimized with the Yoast SEO plugin v27.0 - https://yoast.com/product/yoast-seo-wordpress/ -->
<title>Gran cabalgata de los Reyes Magos - Ayuntamiento de Aldaia</title>
<meta name="robots" content="index, follow, max-snippet:-1, max-image-preview:large, max-video-preview:-1" />
<link rel="canonical" href="https://aldaia.es/es/event/gran-cabalgata-de-los-reyes-magos/" />
<meta property="og:locale" content="es_ES" />
<meta property="og:type" content="article" />
<meta property="og:title" content="Gran cabalgata de los Reyes Magos - Ayuntamiento de Aldaia" />
<meta property="og:description" content="Los Reyes Magos de Oriente llegarán a Aldaia y realizarán la adoración a la imagen del Jesuset. Recorrerán las calles principales en carroza y su séquito de pajes hasta llegar ..." />
<meta property="og:url" content="https://aldaia.es/es/event/gran-cabalgata-de-los-reyes-magos/" />
<meta property="og:site_name" content="Ayuntamiento de Aldaia" />
<meta property="article:modified_time" content="2025-12-19T12:08:30+00:00" />
<meta property="og:image" content="https://aldaia.es/wp-content/uploads/2025/12/cavalgada.jpeg" />
	<meta property="og:image:width" content="1076" />
	<meta property="og:image:height" content="1532" />
	<meta property="og:image:type" content="image/jpeg" />
<script type="application/ld+json" class="yoast-schema-graph">{"@context":"https://schema.org","@graph":[{"@type":"WebPage","@id":"https://aldaia.es/es/event/gran-cabalgata-de-los-reyes-magos/","url":"https://aldaia.es/es/event/gran-cabalgata-de-los-reyes-magos/","name":"Gran cabalgata de los Reyes Magos - Ayuntamiento de Aldaia","isPartOf":{"@id":"https://aldaia.es/es/#website"},"primaryImageOfPage":{"@id":"https://aldaia.es/es/event/gran-cabalgata-de-los-reyes-magos/#primaryimage"},"image":{"@id":"https://aldaia.es/es/event/gran-cabalgata-de-los-reyes-magos/#primaryimage"},"thumbnailUrl":"https://aldaia.es/wp-content/uploads/2025/12/cavalgada.jpeg","datePublished":"2025-12-19T12:07:31+00:00","dateModified":"2025-12-19T12:08:30+00:00","breadcrumb":{"@id":"https://aldaia.es/es/event/gran-cabalgata-de-los-reyes-magos/#breadcrumb"},"inLanguage":"es","potentialAction":[{"@type":"ReadAction","target":["https://aldaia.es/es/event/gran-cabalgata-de-los-reyes-magos/"]}]},{"@type":"ImageObject","inLanguage":"es","@id":"https://aldaia.es/es/event/gran-cabalgata-de-los-reyes-magos/#primaryimage","url":"https://aldaia.es/wp-content/uploads/2025/12/cavalgada.jpeg","contentUrl":"https://aldaia.es/wp-content/uploads/2025/12/cavalgada.jpeg","width":1076,"height":1532},{"@type":"BreadcrumbList","@id":"https://aldaia.es/es/event/gran-cabalgata-de-los-reyes-magos/#breadcrumb","itemListElement":[{"@type":"ListItem","position":1,"name":"Portada","item":"https://aldaia.es/es/"},{"@type":"ListItem","position":2,"name":"Eventos","item":"https://aldaia.es/es/events/"},{"@type":"ListItem","position":3,"name":"Gran cabalgata de los Reyes Magos"}]},{"@type":"WebSite","@id":"https://aldaia.es/es/#website","url":"https://aldaia.es/es/","name":"Ajuntament D'Aldaia","description":"","publisher":{"@id":"https://aldaia.es/es/#organization"},"alternateName":"Ajuntament D'Aldaia","potentialAction":[{"@type":"SearchAction","target":{"@type":"EntryPoint","urlTemplate":"https://aldaia.es/es/?s={search_term_string}"},"query-input":{"@type":"PropertyValueSpecification","valueRequired":true,"valueName":"search_term_string"}}],"inLanguage":"es"},{"@type":"Organization","@id":"https://aldaia.es/es/#organization","name":"Ajuntament D'Aldaia","url":"https://aldaia.es/es/","logo":{"@type":"ImageObject","inLanguage":"es","@id":"https://aldaia.es/es/#/schema/logo/image/","url":"https://aldaia.es/wp-content/uploads/2022/06/aldaia-negro-1.png","contentUrl":"https://aldaia.es/wp-content/uploads/2022/06/aldaia-negro-1.png","width":152,"height":70,"caption":"Ajuntament D'Aldaia"},"image":{"@id":"https://aldaia.es/es/#/schema/logo/image/"}}]}</script>
<!-- / Yoast SEO plugin. -->

Los Reyes Magos de Oriente llegarán a Aldaia y realizarán la adoración a la imagen del Jesuset. Recorrerán las calles principales en carroza y su séquito de pajes hasta llegar ...
